{"id":129623,"date":"2026-05-07T05:35:00","date_gmt":"2026-05-07T08:35:00","guid":{"rendered":"https:\/\/www.hediyepazar.com\/?product=bix-c8s05-cat8-patch-5mt-kablo-siyah1923"},"modified":"2026-05-07T05:35:00","modified_gmt":"2026-05-07T08:35:00","slug":"bix-c8s05-cat8-patch-5mt-kablo-siyah1923","status":"publish","type":"product","link":"https:\/\/www.hediyepazar.com\/?product=bix-c8s05-cat8-patch-5mt-kablo-siyah1923","title":{"rendered":"BIX C8S05 CAT8 Patch 5Mt Kablo (Siyah)(1923)"},"content":{"rendered":"<p>Bix Cat8 40Gbps Veri Aktar\u0131m 2000MHz STP Ethernet Kablosu 5 Metre\u2714 40Gbps 2000MHz S\u00fcper H\u0131z \u2714 Bix C8S01 CAT 8 Ethernet kablosu, 5Gbps ve \u00fczerini destekleyen cihazlarla e\u015fle\u015ftirildi\u011finde 40Gbps\u2019ye kadar h\u0131zlar\u0131 ve 2000MHz bant geni\u015fli\u011fini destekler. D\u00fczenli tarama, y\u00fckleme ve indirme, \u00e7evrimi\u00e7i oyun oynama ve HD video ak\u0131\u015f\u0131 vb. s\u0131ras\u0131nda size s\u00fcper p\u00fcr\u00fczs\u00fcz bir a\u011f getirin.\u2714 26AWG ve \u00dcst\u00fcn Performans \u2714 Bix C8S01 CAT 8 Ethernet kablosu di\u011fer 32AWG Ethernet kablosuyla kar\u015f\u0131la\u015ft\u0131r\u0131ld\u0131\u011f\u0131nda, 26AWG Cat8, Amazon Alexa, Apple Siri, Google Home gibi AI ak\u0131ll\u0131 \u00fcr\u00fcnler i\u00e7in m\u00fckemmel bir \u015fekilde uygun olan veri aktar\u0131m\u0131nda daha kal\u0131n, \u00e7ok daha h\u0131zl\u0131 ve kararl\u0131d\u0131r. k\u00fc\u00e7\u00fck veya orta \u00f6l\u00e7ekli kurumsal LAN\u2019lar i\u00e7in, \u00f6zellikle veri merkezi anahtardan sunucuya ba\u011flant\u0131lar i\u00e7in. Sa\u011flam, y\u00fcksek h\u0131zl\u0131 a\u011f kablosuyla, veri aktar\u0131m\u0131nda gecikme veya durma ya\u015famayacaks\u0131n\u0131z.\u2714 Evrensel Uyumluluk \u2714 Bix C8S01 CAT 8 internet kablolar\u0131, RJ45 konekt\u00f6rleri ile a\u011f anahtarlar\u0131, bilgisayarlar, diz\u00fcst\u00fc bilgisayarlar, y\u00f6nlendiriciler, ADSL, a\u011f adapt\u00f6rleri, hub\u2019lar, modemler, PS5, PS4, X-box 360, X-Box One, Switch ile evrensel olarak uyumludur, patch paneller ve di\u011fer a\u011f cihazlar\u0131.\u2714 Dayan\u0131kl\u0131 ve G\u00fcvenilir \u2714 Bix C8S01 CAT 8 ethernet kablosu, veri iletimi s\u0131ras\u0131nda kayb\u0131 azaltmak i\u00e7in \u00e7ok etkili olabilen, a\u011f h\u0131z\u0131n\u0131 daha h\u0131zl\u0131 ve daha kararl\u0131 hale getiren saf bak\u0131r tel ve alt\u0131n kaplama konekt\u00f6rlerle yap\u0131lm\u0131\u015ft\u0131r. Sa\u011flam pimli sa\u011flam erkek-di\u015fi konekt\u00f6rler de bu a\u011f kablosunu daha uzun \u00f6m\u00fcrl\u00fc ve daha dayan\u0131kl\u0131 hale getirir.\u2714 24 AY GARANT\u0130 \u2714 B\u0130X \u00dcR\u00dcNLER\u0130N\u0130N TAMAMI; ARIZA DURUMUNDA 24 AY KO\u015eULSUZ DE\u011e\u0130\u015e\u0130M VE GARANT\u0130 KAPSAMINDADIR.\u00a0\u00a0Konnekt\u00f6rRJ45\/Nikel KaplamaVeri Aktar\u0131m H\u0131z\u013140 GbpsBant Geni\u015fli\u011fi2000Mhz\u0130letkenBak\u0131rKal\u0131plamaPVCRenkSiyahKablo T\u00fcr\u00fcSTPKablo Uzunlu\u011fu5 Metre<\/p>\n","protected":false},"excerpt":{"rendered":"<p>Bix Cat8 40Gbps Veri Aktar\u0131m 2000MHz STP Ethernet Kablosu 5 Metre\u2714 40Gbps 2000MHz S\u00fcper H\u0131z \u2714 Bix C8S01 CAT 8 Ethernet kablosu, 5Gbps ve \u00fczerini destekleyen cihazlarla e\u015fle\u015ftirildi\u011finde 40Gbps\u2019ye kadar h\u0131zlar\u0131 ve 2000MHz bant geni\u015fli\u011fini destekler. D\u00fczenli tarama, y\u00fckleme ve indirme, \u00e7evrimi\u00e7i oyun oynama ve HD video ak\u0131\u015f\u0131 vb. s\u0131ras\u0131nda size s\u00fcper p\u00fcr\u00fczs\u00fcz bir a\u011f&#8230;<\/p>\n","protected":false},"featured_media":129622,"comment_status":"open","ping_status":"closed","template":"","meta":{"_kad_post_transparent":"","_kad_post_title":"","_kad_post_layout":"","_kad_post_sidebar_id":"","_kad_post_content_style":"","_kad_post_vertical_padding":"","_kad_post_feature":"","_kad_post_feature_position":"","_kad_post_header":false,"_kad_post_footer":false,"_kad_post_classname":""},"product_brand":[],"product_cat":[15213],"product_tag":[],"class_list":{"0":"post-129623","1":"product","2":"type-product","3":"status-publish","4":"has-post-thumbnail","6":"product_cat-kablo-sarf-malzemeler-elektrikli-ev-aletleri-elektronik-kablo-sarf-malzemeler","8":"first","9":"instock","10":"purchasable","11":"product-type-simple","12":"entry","13":"content-bg","14":"loop-entry"},"_links":{"self":[{"href":"https:\/\/www.hediyepazar.com\/index.php?rest_route=\/wp\/v2\/product\/129623","targetHints":{"allow":["GET"]}}],"collection":[{"href":"https:\/\/www.hediyepazar.com\/index.php?rest_route=\/wp\/v2\/product"}],"about":[{"href":"https:\/\/www.hediyepazar.com\/index.php?rest_route=\/wp\/v2\/types\/product"}],"replies":[{"embeddable":true,"href":"https:\/\/www.hediyepazar.com\/index.php?rest_route=%2Fwp%2Fv2%2Fcomments&post=129623"}],"wp:featuredmedia":[{"embeddable":true,"href":"https:\/\/www.hediyepazar.com\/index.php?rest_route=\/wp\/v2\/media\/129622"}],"wp:attachment":[{"href":"https:\/\/www.hediyepazar.com\/index.php?rest_route=%2Fwp%2Fv2%2Fmedia&parent=129623"}],"wp:term":[{"taxonomy":"product_brand","embeddable":true,"href":"https:\/\/www.hediyepazar.com\/index.php?rest_route=%2Fwp%2Fv2%2Fproduct_brand&post=129623"},{"taxonomy":"product_cat","embeddable":true,"href":"https:\/\/www.hediyepazar.com\/index.php?rest_route=%2Fwp%2Fv2%2Fproduct_cat&post=129623"},{"taxonomy":"product_tag","embeddable":true,"href":"https:\/\/www.hediyepazar.com\/index.php?rest_route=%2Fwp%2Fv2%2Fproduct_tag&post=129623"}],"curies":[{"name":"wp","href":"https:\/\/api.w.org\/{rel}","templated":true}]}}