{"id":129893,"date":"2026-05-07T06:24:07","date_gmt":"2026-05-07T09:24:07","guid":{"rendered":"https:\/\/www.hediyepazar.com\/?product=mavi-degrade-kivrimli-3d-vazo-minimal-modern-ev-dekoru"},"modified":"2026-05-07T06:24:07","modified_gmt":"2026-05-07T09:24:07","slug":"mavi-degrade-kivrimli-3d-vazo-minimal-modern-ev-dekoru","status":"publish","type":"product","link":"https:\/\/www.hediyepazar.com\/?product=mavi-degrade-kivrimli-3d-vazo-minimal-modern-ev-dekoru","title":{"rendered":"Mavi Degrade K\u0131vr\u0131ml\u0131 3D Vazo Minimal Modern Ev Dekoru"},"content":{"rendered":"<p>K\u0131vr\u0131ml\u0131 formu ve modern \u00e7izgileri ile \u00f6ne \u00e7\u0131kan 3D mavi vazo, dekorasyonda fark yaratmak isteyenler i\u00e7in tasarlanm\u0131\u015ft\u0131r. Dalgal\u0131 y\u00fczey yap\u0131s\u0131, klasik vazo tasar\u0131mlar\u0131ndan ayr\u0131larak bulundu\u011fu ortama hareket ve estetik bir derinlik kazand\u0131r\u0131r. Mavi rengin sakinle\u015ftirici ve dengeli etkisi, ya\u015fam alanlar\u0131nda huzurlu bir atmosfer olu\u015fturur.Mini boyutlu yap\u0131s\u0131 sayesinde \u00f6zellikle dar alanlarda kullan\u0131m i\u00e7in olduk\u00e7a uygundur. B\u00fcy\u00fck ve yer kaplayan dekoratif \u00fcr\u00fcnler yerine, k\u00fc\u00e7\u00fck ama etkili bir dokunu\u015f arayanlar i\u00e7in ideal bir \u00fcr\u00fcnd\u00fcr. \u00c7al\u0131\u015fma masas\u0131, komodin, TV \u00fcnitesi veya raf dekorasyonu i\u00e7in m\u00fckemmel bir se\u00e7imdir.\u00dcr\u00fcn\u00fcn y\u00fczeyinde bulunan k\u0131vr\u0131ml\u0131 detaylar, \u0131\u015f\u0131kla etkile\u015fime girerek farkl\u0131 ton ge\u00e7i\u015fleri olu\u015fturur. Bu sayede her a\u00e7\u0131dan farkl\u0131 bir estetik sunar. G\u00fcnd\u00fcz do\u011fal \u0131\u015f\u0131kta daha canl\u0131 bir g\u00f6r\u00fcn\u00fcm elde edilirken, gece ayd\u0131nlatmalar\u0131nda daha soft ve \u015f\u0131k bir atmosfer yarat\u0131r.Modern, minimal ve end\u00fcstriyel dekorasyon tarzlar\u0131 ile uyum sa\u011flayan bu vazo, farkl\u0131 ya\u015fam alanlar\u0131nda rahatl\u0131kla kullan\u0131labilir. Ayn\u0131 zamanda hediye olarak da tercih edilebilecek \u015f\u0131k bir \u00fcr\u00fcnd\u00fcr. Yeni ev hediyesi, do\u011fum g\u00fcn\u00fc veya \u00f6zel g\u00fcnler i\u00e7in estetik ve kullan\u0131\u015fl\u0131 bir alternatif sunar.<\/p>\n","protected":false},"excerpt":{"rendered":"<p>K\u0131vr\u0131ml\u0131 formu ve modern \u00e7izgileri ile \u00f6ne \u00e7\u0131kan 3D mavi vazo, dekorasyonda fark yaratmak isteyenler i\u00e7in tasarlanm\u0131\u015ft\u0131r. Dalgal\u0131 y\u00fczey yap\u0131s\u0131, klasik vazo tasar\u0131mlar\u0131ndan ayr\u0131larak bulundu\u011fu ortama hareket ve estetik bir derinlik kazand\u0131r\u0131r. Mavi rengin sakinle\u015ftirici ve dengeli etkisi, ya\u015fam alanlar\u0131nda huzurlu bir atmosfer olu\u015fturur.Mini boyutlu yap\u0131s\u0131 sayesinde \u00f6zellikle dar alanlarda kullan\u0131m i\u00e7in olduk\u00e7a uygundur. B\u00fcy\u00fck&#8230;<\/p>\n","protected":false},"featured_media":129892,"comment_status":"open","ping_status":"closed","template":"","meta":{"_kad_post_transparent":"","_kad_post_title":"","_kad_post_layout":"","_kad_post_sidebar_id":"","_kad_post_content_style":"","_kad_post_vertical_padding":"","_kad_post_feature":"","_kad_post_feature_position":"","_kad_post_header":false,"_kad_post_footer":false,"_kad_post_classname":""},"product_brand":[],"product_cat":[14940],"product_tag":[],"class_list":{"0":"post-129893","1":"product","2":"type-product","3":"status-publish","4":"has-post-thumbnail","6":"product_cat-dekoratif-obje-biblo-dekoratif-obje-biblo","8":"first","9":"instock","10":"purchasable","11":"product-type-simple","12":"entry","13":"content-bg","14":"loop-entry"},"_links":{"self":[{"href":"https:\/\/www.hediyepazar.com\/index.php?rest_route=\/wp\/v2\/product\/129893","targetHints":{"allow":["GET"]}}],"collection":[{"href":"https:\/\/www.hediyepazar.com\/index.php?rest_route=\/wp\/v2\/product"}],"about":[{"href":"https:\/\/www.hediyepazar.com\/index.php?rest_route=\/wp\/v2\/types\/product"}],"replies":[{"embeddable":true,"href":"https:\/\/www.hediyepazar.com\/index.php?rest_route=%2Fwp%2Fv2%2Fcomments&post=129893"}],"wp:featuredmedia":[{"embeddable":true,"href":"https:\/\/www.hediyepazar.com\/index.php?rest_route=\/wp\/v2\/media\/129892"}],"wp:attachment":[{"href":"https:\/\/www.hediyepazar.com\/index.php?rest_route=%2Fwp%2Fv2%2Fmedia&parent=129893"}],"wp:term":[{"taxonomy":"product_brand","embeddable":true,"href":"https:\/\/www.hediyepazar.com\/index.php?rest_route=%2Fwp%2Fv2%2Fproduct_brand&post=129893"},{"taxonomy":"product_cat","embeddable":true,"href":"https:\/\/www.hediyepazar.com\/index.php?rest_route=%2Fwp%2Fv2%2Fproduct_cat&post=129893"},{"taxonomy":"product_tag","embeddable":true,"href":"https:\/\/www.hediyepazar.com\/index.php?rest_route=%2Fwp%2Fv2%2Fproduct_tag&post=129893"}],"curies":[{"name":"wp","href":"https:\/\/api.w.org\/{rel}","templated":true}]}}