{"id":129895,"date":"2026-05-07T06:24:13","date_gmt":"2026-05-07T09:24:13","guid":{"rendered":"https:\/\/www.hediyepazar.com\/?product=3d-kivrimli-mavi-vazo-modern-dekoratif-sik-ev-aksesuari"},"modified":"2026-05-07T06:24:13","modified_gmt":"2026-05-07T09:24:13","slug":"3d-kivrimli-mavi-vazo-modern-dekoratif-sik-ev-aksesuari","status":"publish","type":"product","link":"https:\/\/www.hediyepazar.com\/?product=3d-kivrimli-mavi-vazo-modern-dekoratif-sik-ev-aksesuari","title":{"rendered":"3D K\u0131vr\u0131ml\u0131 Mavi Vazo Modern Dekoratif \u015e\u0131k Ev Aksesuar\u0131"},"content":{"rendered":"<p>Modern dekorasyon anlay\u0131\u015f\u0131n\u0131 yans\u0131tan 3D k\u0131vr\u0131ml\u0131 mavi vazo, zarif tasar\u0131m\u0131 ve dikkat \u00e7ekici renk ge\u00e7i\u015fi ile ya\u015fam alanlar\u0131n\u0131za estetik bir dokunu\u015f kazand\u0131r\u0131r. Mavi tonlar\u0131n\u0131n derin ve sakinle\u015ftirici etkisi, bulundu\u011fu ortama huzurlu bir atmosfer katarken ayn\u0131 zamanda modern ve \u015f\u0131k bir g\u00f6r\u00fcn\u00fcm sunar. \u00d6zellikle minimal ve \u00e7a\u011fda\u015f dekorasyon tarzlar\u0131n\u0131 benimseyenler i\u00e7in ideal bir tamamlay\u0131c\u0131d\u0131r.\u00dcr\u00fcn\u00fcn dalgal\u0131 ve ak\u0131\u015fkan y\u00fczey tasar\u0131m\u0131, \u0131\u015f\u0131k ile etkile\u015fime girerek farkl\u0131 a\u00e7\u0131lardan farkl\u0131 tonlar olu\u015fturur. Bu \u00f6zellik, vazonun bulundu\u011fu ortamda dinamik ve dikkat \u00e7ekici bir g\u00f6r\u00fcn\u00fcm kazanmas\u0131n\u0131 sa\u011flar. G\u00fcn \u0131\u015f\u0131\u011f\u0131nda daha parlak ve canl\u0131 bir etki sunarken, ak\u015fam saatlerinde daha sofistike ve yumu\u015fak bir ambiyans olu\u015fturur.Kompakt ve kullan\u0131\u015fl\u0131 boyutu sayesinde k\u00fc\u00e7\u00fck alanlarda bile rahatl\u0131kla kullan\u0131labilir. Sehpa, masa, kitapl\u0131k veya raf \u00fczerinde konumland\u0131r\u0131larak dekorasyonunuzu tamamlar. Hafif yap\u0131s\u0131 sayesinde kolay ta\u015f\u0131nabilir ve farkl\u0131 alanlarda rahatl\u0131kla kullan\u0131labilir.Bu vazo yaln\u0131zca \u00e7i\u00e7ek yerle\u015ftirmek i\u00e7in de\u011fil, ayn\u0131 zamanda tek ba\u015f\u0131na dekoratif bir obje olarak da olduk\u00e7a g\u00fc\u00e7l\u00fc bir etki yarat\u0131r. Kurutulmu\u015f \u00e7i\u00e7ekler, pampas veya yapay bitkiler ile birlikte kullan\u0131ld\u0131\u011f\u0131nda g\u00f6rsel etkisi daha da artar. Ayn\u0131 zamanda sosyal medya i\u00e7erikleri ve estetik foto\u011fraf \u00e7ekimleri i\u00e7in de olduk\u00e7a uygundur.<\/p>\n","protected":false},"excerpt":{"rendered":"<p>Modern dekorasyon anlay\u0131\u015f\u0131n\u0131 yans\u0131tan 3D k\u0131vr\u0131ml\u0131 mavi vazo, zarif tasar\u0131m\u0131 ve dikkat \u00e7ekici renk ge\u00e7i\u015fi ile ya\u015fam alanlar\u0131n\u0131za estetik bir dokunu\u015f kazand\u0131r\u0131r. Mavi tonlar\u0131n\u0131n derin ve sakinle\u015ftirici etkisi, bulundu\u011fu ortama huzurlu bir atmosfer katarken ayn\u0131 zamanda modern ve \u015f\u0131k bir g\u00f6r\u00fcn\u00fcm sunar. \u00d6zellikle minimal ve \u00e7a\u011fda\u015f dekorasyon tarzlar\u0131n\u0131 benimseyenler i\u00e7in ideal bir tamamlay\u0131c\u0131d\u0131r.\u00dcr\u00fcn\u00fcn dalgal\u0131 ve&#8230;<\/p>\n","protected":false},"featured_media":129894,"comment_status":"open","ping_status":"closed","template":"","meta":{"_kad_post_transparent":"","_kad_post_title":"","_kad_post_layout":"","_kad_post_sidebar_id":"","_kad_post_content_style":"","_kad_post_vertical_padding":"","_kad_post_feature":"","_kad_post_feature_position":"","_kad_post_header":false,"_kad_post_footer":false,"_kad_post_classname":""},"product_brand":[],"product_cat":[14940],"product_tag":[],"class_list":{"0":"post-129895","1":"product","2":"type-product","3":"status-publish","4":"has-post-thumbnail","6":"product_cat-dekoratif-obje-biblo-dekoratif-obje-biblo","8":"first","9":"instock","10":"purchasable","11":"product-type-simple","12":"entry","13":"content-bg","14":"loop-entry"},"_links":{"self":[{"href":"https:\/\/www.hediyepazar.com\/index.php?rest_route=\/wp\/v2\/product\/129895","targetHints":{"allow":["GET"]}}],"collection":[{"href":"https:\/\/www.hediyepazar.com\/index.php?rest_route=\/wp\/v2\/product"}],"about":[{"href":"https:\/\/www.hediyepazar.com\/index.php?rest_route=\/wp\/v2\/types\/product"}],"replies":[{"embeddable":true,"href":"https:\/\/www.hediyepazar.com\/index.php?rest_route=%2Fwp%2Fv2%2Fcomments&post=129895"}],"wp:featuredmedia":[{"embeddable":true,"href":"https:\/\/www.hediyepazar.com\/index.php?rest_route=\/wp\/v2\/media\/129894"}],"wp:attachment":[{"href":"https:\/\/www.hediyepazar.com\/index.php?rest_route=%2Fwp%2Fv2%2Fmedia&parent=129895"}],"wp:term":[{"taxonomy":"product_brand","embeddable":true,"href":"https:\/\/www.hediyepazar.com\/index.php?rest_route=%2Fwp%2Fv2%2Fproduct_brand&post=129895"},{"taxonomy":"product_cat","embeddable":true,"href":"https:\/\/www.hediyepazar.com\/index.php?rest_route=%2Fwp%2Fv2%2Fproduct_cat&post=129895"},{"taxonomy":"product_tag","embeddable":true,"href":"https:\/\/www.hediyepazar.com\/index.php?rest_route=%2Fwp%2Fv2%2Fproduct_tag&post=129895"}],"curies":[{"name":"wp","href":"https:\/\/api.w.org\/{rel}","templated":true}]}}