{"id":130031,"date":"2026-05-07T06:59:00","date_gmt":"2026-05-07T09:59:00","guid":{"rendered":"https:\/\/www.hediyepazar.com\/?product=sarjli-uv-sinek-oldurucu-10w-sessiz-ve-guvenli-kullanim"},"modified":"2026-05-07T06:59:00","modified_gmt":"2026-05-07T09:59:00","slug":"sarjli-uv-sinek-oldurucu-10w-sessiz-ve-guvenli-kullanim","status":"publish","type":"product","link":"https:\/\/www.hediyepazar.com\/?product=sarjli-uv-sinek-oldurucu-10w-sessiz-ve-guvenli-kullanim","title":{"rendered":"\u015earjl\u0131 UV Sinek \u00d6ld\u00fcr\u00fcc\u00fc 10W Sessiz ve G\u00fcvenli Kullan\u0131m"},"content":{"rendered":"<p>\u015earjl\u0131 UV sinek \u00f6ld\u00fcr\u00fcc\u00fc lamba, 10W g\u00fc\u00e7l\u00fc performans\u0131 ile sivrisinek ve u\u00e7an ha\u015ferelere kar\u015f\u0131 etkili bir koruma sa\u011flar. UV \u0131\u015f\u0131k sistemi sayesinde b\u00f6cekleri kendine \u00e7eker ve elektrikli \u0131zgara ile an\u0131nda yok eder. Kimyasal i\u00e7ermeyen yap\u0131s\u0131 sayesinde sa\u011fl\u0131kl\u0131 ve \u00e7evre dostu bir kullan\u0131m sunar.Sessiz \u00e7al\u0131\u015fma \u00f6zelli\u011fi ile \u00f6zellikle gece kullan\u0131m\u0131 i\u00e7in uygundur. Rahats\u0131z edici ses olu\u015fturmaz ve huzurlu bir ortam sa\u011flar. Koku yaymayan yap\u0131s\u0131 ile ortam havas\u0131n\u0131 bozmaz. G\u00fcvenli d\u0131\u015f koruma yap\u0131s\u0131 sayesinde \u00e7ocuklar ve evcil hayvanlar i\u00e7in risk olu\u015fturmaz.As\u0131labilir ve masa\u00fcst\u00fc kullan\u0131m se\u00e7enekleri sayesinde farkl\u0131 alanlarda rahatl\u0131kla kullan\u0131labilir. Balkon, bah\u00e7e, teras ve i\u00e7 mekanlarda etkili performans sunar. Kompakt ve ta\u015f\u0131nabilir yap\u0131s\u0131 sayesinde istedi\u011finiz yere kolayca g\u00f6t\u00fcrebilirsiniz.10W g\u00fcc\u00fc sayesinde geni\u015f alanlarda etkili bir sinek kontrol\u00fc sa\u011flar. 360 derece kapsama alan\u0131 ile sivrisinekleri her a\u00e7\u0131dan etkisiz hale getirir. Yaz aylar\u0131nda konforlu bir ya\u015fam alan\u0131 sunar.<\/p>\n","protected":false},"excerpt":{"rendered":"<p>\u015earjl\u0131 UV sinek \u00f6ld\u00fcr\u00fcc\u00fc lamba, 10W g\u00fc\u00e7l\u00fc performans\u0131 ile sivrisinek ve u\u00e7an ha\u015ferelere kar\u015f\u0131 etkili bir koruma sa\u011flar. UV \u0131\u015f\u0131k sistemi sayesinde b\u00f6cekleri kendine \u00e7eker ve elektrikli \u0131zgara ile an\u0131nda yok eder. Kimyasal i\u00e7ermeyen yap\u0131s\u0131 sayesinde sa\u011fl\u0131kl\u0131 ve \u00e7evre dostu bir kullan\u0131m sunar.Sessiz \u00e7al\u0131\u015fma \u00f6zelli\u011fi ile \u00f6zellikle gece kullan\u0131m\u0131 i\u00e7in uygundur. Rahats\u0131z edici ses olu\u015fturmaz&#8230;<\/p>\n","protected":false},"featured_media":130030,"comment_status":"open","ping_status":"closed","template":"","meta":{"_kad_post_transparent":"","_kad_post_title":"","_kad_post_layout":"","_kad_post_sidebar_id":"","_kad_post_content_style":"","_kad_post_vertical_padding":"","_kad_post_feature":"","_kad_post_feature_position":"","_kad_post_header":false,"_kad_post_footer":false,"_kad_post_classname":""},"product_brand":[],"product_cat":[15078],"product_tag":[],"class_list":{"0":"post-130031","1":"product","2":"type-product","3":"status-publish","4":"has-post-thumbnail","6":"product_cat-hasere-kovucular-hasere-kovucular","8":"first","9":"instock","10":"purchasable","11":"product-type-simple","12":"entry","13":"content-bg","14":"loop-entry"},"_links":{"self":[{"href":"https:\/\/www.hediyepazar.com\/index.php?rest_route=\/wp\/v2\/product\/130031","targetHints":{"allow":["GET"]}}],"collection":[{"href":"https:\/\/www.hediyepazar.com\/index.php?rest_route=\/wp\/v2\/product"}],"about":[{"href":"https:\/\/www.hediyepazar.com\/index.php?rest_route=\/wp\/v2\/types\/product"}],"replies":[{"embeddable":true,"href":"https:\/\/www.hediyepazar.com\/index.php?rest_route=%2Fwp%2Fv2%2Fcomments&post=130031"}],"wp:featuredmedia":[{"embeddable":true,"href":"https:\/\/www.hediyepazar.com\/index.php?rest_route=\/wp\/v2\/media\/130030"}],"wp:attachment":[{"href":"https:\/\/www.hediyepazar.com\/index.php?rest_route=%2Fwp%2Fv2%2Fmedia&parent=130031"}],"wp:term":[{"taxonomy":"product_brand","embeddable":true,"href":"https:\/\/www.hediyepazar.com\/index.php?rest_route=%2Fwp%2Fv2%2Fproduct_brand&post=130031"},{"taxonomy":"product_cat","embeddable":true,"href":"https:\/\/www.hediyepazar.com\/index.php?rest_route=%2Fwp%2Fv2%2Fproduct_cat&post=130031"},{"taxonomy":"product_tag","embeddable":true,"href":"https:\/\/www.hediyepazar.com\/index.php?rest_route=%2Fwp%2Fv2%2Fproduct_tag&post=130031"}],"curies":[{"name":"wp","href":"https:\/\/api.w.org\/{rel}","templated":true}]}}