{"id":130069,"date":"2026-05-07T07:06:03","date_gmt":"2026-05-07T10:06:03","guid":{"rendered":"https:\/\/www.hediyepazar.com\/?product=sik-ve-rahat-desteksiz-siyah-dantelli-jartiyer-takimi"},"modified":"2026-05-07T07:06:03","modified_gmt":"2026-05-07T10:06:03","slug":"sik-ve-rahat-desteksiz-siyah-dantelli-jartiyer-takimi","status":"publish","type":"product","link":"https:\/\/www.hediyepazar.com\/?product=sik-ve-rahat-desteksiz-siyah-dantelli-jartiyer-takimi","title":{"rendered":"\u015e\u0131k ve Rahat Desteksiz Siyah Dantelli Jartiyer Tak\u0131m\u0131"},"content":{"rendered":"<p>\u015e\u0131k ve Rahat, Desteksiz Siyah Dantelli Jartiyer Tak\u0131m\u0131 ile kendinizi \u00f6zel hissedin! Bu zarif ve konforlu jartiyer tak\u0131m\u0131, her kad\u0131n gard\u0131robunun vazge\u00e7ilmezi olacak.<\/p>\n<p>  %90 Polyester ve %10 Elastan kar\u0131\u015f\u0131m\u0131 ile \u00fcretilen bu tak\u0131m, hem dayan\u0131kl\u0131l\u0131k hem de esneklik sunar. V\u00fccudunuza m\u00fckemmel uyum sa\u011flayarak, g\u00fcn boyu rahatl\u0131kla kullanabilirsiniz.<br \/>\nBak\u0131m \u00d6nerileri: \u00dcr\u00fcnleri maksimum 30 derece suda ve elde y\u0131kayarak uzun \u00f6m\u00fcrl\u00fc kullan\u0131m sa\u011flayabilirsiniz. Asarak kurutman\u0131z, \u00fcr\u00fcn\u00fcn \u015feklini korumas\u0131na yard\u0131mc\u0131 olacakt\u0131r.<br \/>\nGizli Paketleme: Mahremiyetinize sayg\u0131 duyarak, kargo \u00fczerinde \u00fcr\u00fcn ad\u0131 ve i\u00e7eri\u011fi kesinlikle yazmaz. \u00dcr\u00fcnlerimiz, gizli paketleme y\u00f6ntemiyle g\u00f6nderilir.<br \/>\n<b>B<\/b>u \u015f\u0131k jartiyer tak\u0131m\u0131n\u0131n size kazand\u0131rd\u0131\u011f\u0131 \u00f6zg\u00fcveni ya\u015fay\u0131n! \u0130ster \u00f6zel g\u00fcnlerinizde, ister g\u00fcnl\u00fck kullan\u0131mda, bu tak\u0131m sizi her zaman \u015f\u0131k ve \u00e7ekici g\u00f6sterecek.<\/p>\n","protected":false},"excerpt":{"rendered":"<p>\u015e\u0131k ve Rahat, Desteksiz Siyah Dantelli Jartiyer Tak\u0131m\u0131 ile kendinizi \u00f6zel hissedin! Bu zarif ve konforlu jartiyer tak\u0131m\u0131, her kad\u0131n gard\u0131robunun vazge\u00e7ilmezi olacak. %90 Polyester ve %10 Elastan kar\u0131\u015f\u0131m\u0131 ile \u00fcretilen bu tak\u0131m, hem dayan\u0131kl\u0131l\u0131k hem de esneklik sunar. V\u00fccudunuza m\u00fckemmel uyum sa\u011flayarak, g\u00fcn boyu rahatl\u0131kla kullanabilirsiniz. Bak\u0131m \u00d6nerileri: \u00dcr\u00fcnleri maksimum 30 derece suda ve&#8230;<\/p>\n","protected":false},"featured_media":130068,"comment_status":"open","ping_status":"closed","template":"","meta":{"_kad_post_transparent":"","_kad_post_title":"","_kad_post_layout":"","_kad_post_sidebar_id":"","_kad_post_content_style":"","_kad_post_vertical_padding":"","_kad_post_feature":"","_kad_post_feature_position":"","_kad_post_header":false,"_kad_post_footer":false,"_kad_post_classname":""},"product_brand":[],"product_cat":[15124],"product_tag":[],"class_list":{"0":"post-130069","1":"product","2":"type-product","3":"status-publish","4":"has-post-thumbnail","6":"product_cat-jartiyer-fantazi-ic-giyim-jartiyer","8":"first","9":"instock","10":"purchasable","11":"product-type-simple","12":"entry","13":"content-bg","14":"loop-entry"},"_links":{"self":[{"href":"https:\/\/www.hediyepazar.com\/index.php?rest_route=\/wp\/v2\/product\/130069","targetHints":{"allow":["GET"]}}],"collection":[{"href":"https:\/\/www.hediyepazar.com\/index.php?rest_route=\/wp\/v2\/product"}],"about":[{"href":"https:\/\/www.hediyepazar.com\/index.php?rest_route=\/wp\/v2\/types\/product"}],"replies":[{"embeddable":true,"href":"https:\/\/www.hediyepazar.com\/index.php?rest_route=%2Fwp%2Fv2%2Fcomments&post=130069"}],"wp:featuredmedia":[{"embeddable":true,"href":"https:\/\/www.hediyepazar.com\/index.php?rest_route=\/wp\/v2\/media\/130068"}],"wp:attachment":[{"href":"https:\/\/www.hediyepazar.com\/index.php?rest_route=%2Fwp%2Fv2%2Fmedia&parent=130069"}],"wp:term":[{"taxonomy":"product_brand","embeddable":true,"href":"https:\/\/www.hediyepazar.com\/index.php?rest_route=%2Fwp%2Fv2%2Fproduct_brand&post=130069"},{"taxonomy":"product_cat","embeddable":true,"href":"https:\/\/www.hediyepazar.com\/index.php?rest_route=%2Fwp%2Fv2%2Fproduct_cat&post=130069"},{"taxonomy":"product_tag","embeddable":true,"href":"https:\/\/www.hediyepazar.com\/index.php?rest_route=%2Fwp%2Fv2%2Fproduct_tag&post=130069"}],"curies":[{"name":"wp","href":"https:\/\/api.w.org\/{rel}","templated":true}]}}