{"id":130089,"date":"2026-05-07T07:09:22","date_gmt":"2026-05-07T10:09:22","guid":{"rendered":"https:\/\/www.hediyepazar.com\/?product=sik-dantel-beyaz-asimetrik-abiye-elbise"},"modified":"2026-05-07T07:09:22","modified_gmt":"2026-05-07T10:09:22","slug":"sik-dantel-beyaz-asimetrik-abiye-elbise","status":"publish","type":"product","link":"https:\/\/www.hediyepazar.com\/?product=sik-dantel-beyaz-asimetrik-abiye-elbise","title":{"rendered":"\u015e\u0131k Dantel Beyaz Asimetrik Abiye Elbise"},"content":{"rendered":"<p><p>\n  <strong>\u015e\u0131k Dantel Beyaz Asimetrik Abiye Elbise<\/strong> ile unutulmaz bir geceye haz\u0131r olun! Bu nefes kesici abiye, <strong>kas\u0131n<\/strong> vurgusuyla <strong>seksi<\/strong> bir duru\u015f sa\u011flarken, <strong>\u00f6zel b\u00f6lge a\u00e7\u0131k<\/strong> tasar\u0131m\u0131yla da dikkat \u00e7ekiyor. <strong>B\u00fcy\u00fck bedenlere uyumlu<\/strong> olan bu model, her kad\u0131n\u0131n kendini \u00f6zel hissetmesini sa\u011fl\u0131yor.\n<\/p>\n<p>\n  <strong>Dantel<\/strong> dokusu ve <strong>asimetrik<\/strong> kesimiyle zarif bir g\u00f6r\u00fcn\u00fcm sunan bu elbise, <strong>beyaz<\/strong> rengiyle masumiyet ve \u015f\u0131kl\u0131\u011f\u0131 bir arada yans\u0131t\u0131yor. <strong>Ask\u0131l\u0131<\/strong> ve <strong>standart kol<\/strong> yap\u0131s\u0131, rahatl\u0131\u011f\u0131 \u015f\u0131kl\u0131kla bulu\u015ftururken, <strong>relaxed<\/strong> kal\u0131b\u0131yla da v\u00fccut hatlar\u0131n\u0131z\u0131 en g\u00fczel \u015fekilde ortaya \u00e7\u0131karacak.\n<\/p>\n<p>\n  <strong>File<\/strong> malzemeden \u00fcretilen bu elbise, <strong>s\u00fcrd\u00fcr\u00fclebilir<\/strong> modaya da destek veriyor. <strong>T\u00fcrk mal\u0131<\/strong> olan bu \u00fcr\u00fcn, <strong>\u015f\u0131k ve gece<\/strong> etkinlikleri i\u00e7in ideal bir se\u00e7im. <strong>Kemersiz<\/strong> tasar\u0131m\u0131yla da modern bir g\u00f6r\u00fcn\u00fcm sunuyor.\n<\/p>\n<p>\n  <strong>Y\u0131kama talimat\u0131:<\/strong> 30\u00b0C&#8217;de y\u0131kanmas\u0131 \u00f6nerilir. Bu \u00f6zel elbiseyle her ad\u0131m\u0131n\u0131zda dikkatleri \u00fczerine \u00e7ekmeye haz\u0131r olun!\n<\/p><\/p>\n","protected":false},"excerpt":{"rendered":"<p>\u015e\u0131k Dantel Beyaz Asimetrik Abiye Elbise ile unutulmaz bir geceye haz\u0131r olun! Bu nefes kesici abiye, kas\u0131n vurgusuyla seksi bir duru\u015f sa\u011flarken, \u00f6zel b\u00f6lge a\u00e7\u0131k tasar\u0131m\u0131yla da dikkat \u00e7ekiyor. B\u00fcy\u00fck bedenlere uyumlu olan bu model, her kad\u0131n\u0131n kendini \u00f6zel hissetmesini sa\u011fl\u0131yor. Dantel dokusu ve asimetrik kesimiyle zarif bir g\u00f6r\u00fcn\u00fcm sunan bu elbise, beyaz rengiyle masumiyet&#8230;<\/p>\n","protected":false},"featured_media":130088,"comment_status":"open","ping_status":"closed","template":"","meta":{"_kad_post_transparent":"","_kad_post_title":"","_kad_post_layout":"","_kad_post_sidebar_id":"","_kad_post_content_style":"","_kad_post_vertical_padding":"","_kad_post_feature":"","_kad_post_feature_position":"","_kad_post_header":false,"_kad_post_footer":false,"_kad_post_classname":""},"product_brand":[],"product_cat":[15127],"product_tag":[],"class_list":{"0":"post-130089","1":"product","2":"type-product","3":"status-publish","4":"has-post-thumbnail","6":"product_cat-kulotlu-corap-ic-giyim-kulotlu-corap","8":"first","9":"instock","10":"purchasable","11":"product-type-simple","12":"entry","13":"content-bg","14":"loop-entry"},"_links":{"self":[{"href":"https:\/\/www.hediyepazar.com\/index.php?rest_route=\/wp\/v2\/product\/130089","targetHints":{"allow":["GET"]}}],"collection":[{"href":"https:\/\/www.hediyepazar.com\/index.php?rest_route=\/wp\/v2\/product"}],"about":[{"href":"https:\/\/www.hediyepazar.com\/index.php?rest_route=\/wp\/v2\/types\/product"}],"replies":[{"embeddable":true,"href":"https:\/\/www.hediyepazar.com\/index.php?rest_route=%2Fwp%2Fv2%2Fcomments&post=130089"}],"wp:featuredmedia":[{"embeddable":true,"href":"https:\/\/www.hediyepazar.com\/index.php?rest_route=\/wp\/v2\/media\/130088"}],"wp:attachment":[{"href":"https:\/\/www.hediyepazar.com\/index.php?rest_route=%2Fwp%2Fv2%2Fmedia&parent=130089"}],"wp:term":[{"taxonomy":"product_brand","embeddable":true,"href":"https:\/\/www.hediyepazar.com\/index.php?rest_route=%2Fwp%2Fv2%2Fproduct_brand&post=130089"},{"taxonomy":"product_cat","embeddable":true,"href":"https:\/\/www.hediyepazar.com\/index.php?rest_route=%2Fwp%2Fv2%2Fproduct_cat&post=130089"},{"taxonomy":"product_tag","embeddable":true,"href":"https:\/\/www.hediyepazar.com\/index.php?rest_route=%2Fwp%2Fv2%2Fproduct_tag&post=130089"}],"curies":[{"name":"wp","href":"https:\/\/api.w.org\/{rel}","templated":true}]}}