{"id":130095,"date":"2026-05-07T07:11:06","date_gmt":"2026-05-07T10:11:06","guid":{"rendered":"https:\/\/www.hediyepazar.com\/?product=beyaz-piriltili-cicek-desenli-askili-mini-gecelik-micro-kumas-rahat"},"modified":"2026-05-07T07:11:06","modified_gmt":"2026-05-07T10:11:06","slug":"beyaz-piriltili-cicek-desenli-askili-mini-gecelik-micro-kumas-rahat","status":"publish","type":"product","link":"https:\/\/www.hediyepazar.com\/?product=beyaz-piriltili-cicek-desenli-askili-mini-gecelik-micro-kumas-rahat","title":{"rendered":"Beyaz P\u0131r\u0131lt\u0131l\u0131 \u00c7i\u00e7ek Desenli Ask\u0131l\u0131 Mini Gecelik \u2013 Micro Kuma\u015f Rahat"},"content":{"rendered":"<p><p>Beyaz P\u0131r\u0131lt\u0131l\u0131 \u00c7i\u00e7ek Desenli Ask\u0131l\u0131 Mini Gecelik \u2013 \u015e\u0131kl\u0131\u011f\u0131 ve konforu bir arada sunan bu efsanevi gecelik, uyku anlar\u0131n\u0131z\u0131 adeta bir r\u00fcyaya d\u00f6n\u00fc\u015ft\u00fcr\u00fcyor! Micro kuma\u015f\u0131n yumu\u015fak dokusu ile cildinizi ok\u015farken, beyaz zemin \u00fczerine serpi\u015ftirilmi\u015f p\u0131r\u0131lt\u0131l\u0131 \u00e7i\u00e7ek desenleri ile g\u00f6z al\u0131c\u0131 bir g\u00f6r\u00fcn\u00fcm sunuyor.<br \/>\n\u00dcst\u00fcn konforu ile g\u00fcn\u00fcn yorgunlu\u011funu \u00fczerinizden atarken, \u015f\u0131k ve zarif tasar\u0131m\u0131 ile kendinizi \u00f6zel hissetmenizi sa\u011fl\u0131yor. Ask\u0131l\u0131 kesimi, v\u00fccut hatlar\u0131n\u0131z\u0131 m\u00fckemmel bir \u015fekilde sararak hem rahat hem de \u015f\u0131k bir uyku deneyimi ya\u015faman\u0131z\u0131 garantiliyor.<br \/>\n&nbsp;Bununla birlikte, kolay bak\u0131m\u0131 ile dikkat \u00e7ekiyor: Maksimum 30\u00b0C\u2019de y\u0131kayarak uzun \u00f6m\u00fcrl\u00fc kullan\u0131m sa\u011flayabilirsiniz.<br \/>\nBeden se\u00e7enekleri ile her kad\u0131n i\u00e7in uygun: S, M, L, XL, 2XL ve 3XL bedenlerde mevcut. Mini gecelik modeli, hem evde rahatl\u0131k hem de \u00f6zel g\u00fcnlerde \u015f\u0131kl\u0131k arayanlar i\u00e7in ideal bir tercih!<br \/>\n<b>B<\/b>u e\u015fsiz konforu deneyimleyin! Micro kuma\u015f\u0131n rahatl\u0131\u011f\u0131 ve p\u0131r\u0131lt\u0131l\u0131 \u00e7i\u00e7ek deseninin zarifli\u011fi ile uyku anlar\u0131n\u0131z\u0131 daha da \u00f6zel k\u0131l\u0131n.\n<\/p><\/p>\n","protected":false},"excerpt":{"rendered":"<p>Beyaz P\u0131r\u0131lt\u0131l\u0131 \u00c7i\u00e7ek Desenli Ask\u0131l\u0131 Mini Gecelik \u2013 \u015e\u0131kl\u0131\u011f\u0131 ve konforu bir arada sunan bu efsanevi gecelik, uyku anlar\u0131n\u0131z\u0131 adeta bir r\u00fcyaya d\u00f6n\u00fc\u015ft\u00fcr\u00fcyor! Micro kuma\u015f\u0131n yumu\u015fak dokusu ile cildinizi ok\u015farken, beyaz zemin \u00fczerine serpi\u015ftirilmi\u015f p\u0131r\u0131lt\u0131l\u0131 \u00e7i\u00e7ek desenleri ile g\u00f6z al\u0131c\u0131 bir g\u00f6r\u00fcn\u00fcm sunuyor. \u00dcst\u00fcn konforu ile g\u00fcn\u00fcn yorgunlu\u011funu \u00fczerinizden atarken, \u015f\u0131k ve zarif tasar\u0131m\u0131 ile&#8230;<\/p>\n","protected":false},"featured_media":130094,"comment_status":"open","ping_status":"closed","template":"","meta":{"_kad_post_transparent":"","_kad_post_title":"","_kad_post_layout":"","_kad_post_sidebar_id":"","_kad_post_content_style":"","_kad_post_vertical_padding":"","_kad_post_feature":"","_kad_post_feature_position":"","_kad_post_header":false,"_kad_post_footer":false,"_kad_post_classname":""},"product_brand":[],"product_cat":[15167],"product_tag":[],"class_list":{"0":"post-130095","1":"product","2":"type-product","3":"status-publish","4":"has-post-thumbnail","6":"product_cat-fantezi-gecelik-fantezi-gecelik","8":"first","9":"instock","10":"purchasable","11":"product-type-simple","12":"entry","13":"content-bg","14":"loop-entry"},"_links":{"self":[{"href":"https:\/\/www.hediyepazar.com\/index.php?rest_route=\/wp\/v2\/product\/130095","targetHints":{"allow":["GET"]}}],"collection":[{"href":"https:\/\/www.hediyepazar.com\/index.php?rest_route=\/wp\/v2\/product"}],"about":[{"href":"https:\/\/www.hediyepazar.com\/index.php?rest_route=\/wp\/v2\/types\/product"}],"replies":[{"embeddable":true,"href":"https:\/\/www.hediyepazar.com\/index.php?rest_route=%2Fwp%2Fv2%2Fcomments&post=130095"}],"wp:featuredmedia":[{"embeddable":true,"href":"https:\/\/www.hediyepazar.com\/index.php?rest_route=\/wp\/v2\/media\/130094"}],"wp:attachment":[{"href":"https:\/\/www.hediyepazar.com\/index.php?rest_route=%2Fwp%2Fv2%2Fmedia&parent=130095"}],"wp:term":[{"taxonomy":"product_brand","embeddable":true,"href":"https:\/\/www.hediyepazar.com\/index.php?rest_route=%2Fwp%2Fv2%2Fproduct_brand&post=130095"},{"taxonomy":"product_cat","embeddable":true,"href":"https:\/\/www.hediyepazar.com\/index.php?rest_route=%2Fwp%2Fv2%2Fproduct_cat&post=130095"},{"taxonomy":"product_tag","embeddable":true,"href":"https:\/\/www.hediyepazar.com\/index.php?rest_route=%2Fwp%2Fv2%2Fproduct_tag&post=130095"}],"curies":[{"name":"wp","href":"https:\/\/api.w.org\/{rel}","templated":true}]}}