{"id":130216,"date":"2026-05-07T07:31:03","date_gmt":"2026-05-07T10:31:03","guid":{"rendered":"https:\/\/www.hediyepazar.com\/?product=demlik-ucuna-pratik-filtre-2-adet-716156"},"modified":"2026-05-07T07:31:03","modified_gmt":"2026-05-07T10:31:03","slug":"demlik-ucuna-pratik-filtre-2-adet-716156","status":"publish","type":"product","link":"https:\/\/www.hediyepazar.com\/?product=demlik-ucuna-pratik-filtre-2-adet-716156","title":{"rendered":"Demlik Ucuna Pratik Filtre 2 Adet 716156"},"content":{"rendered":"<div>\n\t\u00a0Paslanmaz \u00c7elik Kirpi Demlik S\u00fczgeci<\/div>\n<div>\n\t\u00a0<\/div>\n<div>\n\t\u00dcr\u00fcn Adeti: 2 Adet<\/div>\n<div>\n\t\u00a0<\/div>\n<div>\n\t(Esnek yap\u0131s\u0131yla her demli\u011fe uyumlu)<\/div>\n<div>\n\t\u00a0<\/div>\n<div>\n\tMateryal: &#8220;Geleneksel \u00e7ay keyfinin paslanmaz koruyucusu.&#8221; (\u00c7eli\u011fin zarafeti, tav\u015fankan\u0131 \u00e7ay\u0131n berrakl\u0131\u011f\u0131yla bulu\u015fuyor.)<\/div>\n<div>\n\t\u00a0<\/div>\n<div>\n\t\u00a0<\/div>\n<div>\n\t\u00a0<\/div>\n<div>\n\t&#8220;Merhaba tatl\u0131m, ben Lara De Backer. HSNET markas\u0131n\u0131n bu nostaljik ama vazge\u00e7ilmez serisinin y\u00fcz\u00fc olmaktan gurur duyuyorum. Sepete sadece 1 adet ekledi\u011finde, sana \u00f6zel paketimizde tam 2 adet paslanmaz kirpi filtre gelecek. 1\u00c7ay saatlerinin o berrak g\u00f6r\u00fcnt\u00fcs\u00fcn\u00fc Lara serisiyle garanti alt\u0131na al\u0131yoruz!&#8221;<\/div>\n<div>\n\t\u00a0<\/div>\n<div>\n\tBu sadece bir tel y\u0131\u011f\u0131n\u0131 de\u011fil; pazar sabahlar\u0131 ailenle i\u00e7ti\u011fin o ilk bardak \u00e7ay\u0131n huzuru demek. \u00c7eli\u011fin en saf haliyle \u00fcretildi, suya tad\u0131n\u0131 de\u011fil sadece kalitesini verir. E\u011fer arzu etti\u011fin o berrakl\u0131\u011f\u0131 bulamazsan buraday\u0131z, \u00e7ok yak\u0131n\u0131z; bir mesaj\u0131nla t\u00fcm s\u00fcre\u00e7te yan\u0131nday\u0131z.&#8221;<\/div>\n<div>\n\t\u00a0<\/div>\n<div>\n\t\u00a0<\/div>\n<div>\n\tBarda\u011f\u0131n\u0131za ka\u00e7an o minik \u00e7ay \u00e7\u00f6plerinden ve bulan\u0131k g\u00f6r\u00fcnt\u00fcden yoruldunuz mu? Lara serisi Kirpi Filtre, demli\u011finizin a\u011fz\u0131na bir kalkan gibi yerle\u015fir. En k\u00fc\u00e7\u00fck toz \u00e7aylar\u0131n bile barda\u011f\u0131n\u0131za s\u0131zmas\u0131n\u0131 engelleyerek, her yudumda sadece \u00e7ay\u0131n saf lezzetini alman\u0131z\u0131 sa\u011flar. T\u0131kanma yapmayan \u00f6zel tasar\u0131m\u0131yla \u00e7ay\u0131n\u0131z\u0131n ak\u0131\u015f\u0131n\u0131 asla bozmaz.<\/div>\n<div>\n\tKimler ve Neden Kullanmal\u0131?<\/div>\n<div>\n\tGer\u00e7ek \u00e7ay gurmeleri ve misafirine sundu\u011fu sunumun kusursuz olmas\u0131n\u0131 isteyen herkes bu \u00fcr\u00fcn\u00fc kullanmal\u0131. Klasik s\u00fczge\u00e7lerle u\u011fra\u015fmak istemeyen, &#8220;\u00e7ay\u0131m hem berrak olsun hem de demli\u011fimden \u015f\u0131r\u0131l \u015f\u0131r\u0131l aks\u0131n&#8221; diyenlerin mutfa\u011f\u0131ndaki en b\u00fcy\u00fck gizli yard\u0131mc\u0131s\u0131d\u0131r.<\/div>\n<div>\n\t\u00a0<\/div>\n<div>\n\tKullan\u0131m Alanlar\u0131<\/div>\n<div>\n\tSadece porselen demliklerde de\u011fil; \u00e7elik, cam veya toprak demliklerin tamam\u0131nda kullan\u0131labilir. Bitki \u00e7aylar\u0131 demlerken veya d\u00f6kme \u00e7ay haz\u0131rlarken demlik emzi\u011fi olan her kapta harikalar yarat\u0131r.<\/div>\n<div>\n\t\u00a0<\/div>\n<div>\n\t&#8220;Can\u0131m, piyasadaki hemen kararan veya e\u011filen telleri unut. Lara serisi, HSNET kalitesini her telinde hissettirir. Bu bir harcama de\u011fil; \u00e7ay saatlerini bir t\u00f6rene d\u00f6n\u00fc\u015ft\u00fcren, y\u0131llarca formunu kaybetmeyecek \u015f\u0131k bir yat\u0131r\u0131m. Ucuz alternatifler \u00e7ay\u0131n\u0131z\u0131n tad\u0131n\u0131 bozarken, biz size sadece kaliteyi sunuyoruz. Stat\u00fcn\u00fcz detaylarda gizlidir!&#8221;<\/div>\n<div>\n\t\u00a0<\/div>\n<div>\n\tMutlu M\u00fc\u015fteri F\u0131s\u0131lt\u0131lar\u0131<\/div>\n<div>\n\t&#8220;Sonunda \u00e7ay\u0131m p\u0131r\u0131l p\u0131r\u0131l! Lara serisi ger\u00e7ekten \u00e7ok kaliteliymi\u015f.&#8221;<\/div>\n<div>\n\t\u00a0<\/div>\n<div>\n\t&#8220;HSNET kalitesi paketlemeden bile belli oluyor, telleri \u00e7ok sa\u011flam.&#8221;<\/div>\n<div>\n\t\u00a0<\/div>\n<div>\n\t&#8220;\u0130ki tane gelmesi harika, birini anneme hediye ettim bay\u0131ld\u0131.&#8221;<\/div>\n<div>\n\t\u00a0<\/div>\n<div>\n\t&#8220;Demli\u011fe tam oturdu, \u00e7ay\u0131n ak\u0131\u015f\u0131n\u0131 engellemiyor ama \u00e7\u00f6pleri harika tutuyor.&#8221;<\/div>\n<div>\n\t\u00a0<\/div>\n<div>\n\t&#8220;Paslanma yapm\u0131yor, aylard\u0131r kullan\u0131yorum hala ilk g\u00fcnk\u00fc gibi parlak.&#8221;<\/div>\n<div>\n\t\u00a0<\/div>\n<div>\n\t&#8220;Eskiden barda\u011f\u0131n dibi \u00e7\u00f6p dolard\u0131, \u015fimdi tertemiz bir keyif s\u00fcr\u00fcyoruz.&#8221;<\/div>\n<div>\n\t\u00a0<\/div>\n<div>\n\tLara De Backer Sorular\u0131n\u0131z\u0131 Cevaplad\u0131<\/div>\n<div>\n\tSoru: Her demli\u011fe uyar m\u0131? Cevap: Evet tatl\u0131m, esnek yap\u0131s\u0131 sayesinde t\u00fcm emzikli demliklere uyum sa\u011flar.<\/div>\n<div>\n\t\u00a0<\/div>\n<div>\n\tSoru: \u00c7ay\u0131n tad\u0131n\u0131 de\u011fi\u015ftirir mi? Cevap: Kesinlikle hay\u0131r, y\u00fcksek kalite paslanmaz \u00e7elik kulland\u0131k.<\/div>\n<div>\n\t\u00a0<\/div>\n<div>\n\tSoru: Temizli\u011fi kolay m\u0131? Cevap: Akar suyun alt\u0131nda saniyeler i\u00e7inde temizlenir.<\/div>\n<div>\n\t\u00a0<\/div>\n<div>\n\tSoru: Ka\u00e7 adet g\u00f6nderiliyor? Cevap: Bu \u00f6zel pakette tam 2 adet \u00fcr\u00fcn\u00fcm\u00fcz mevcut.<\/div>\n<div>\n\t\u00a0<\/div>\n<div>\n\tSoru: Zamanla paslan\u0131r m\u0131? Cevap: Hay\u0131r can\u0131m, korozyona dayan\u0131kl\u0131 \u00f6zel ala\u015f\u0131mdan \u00fcretildi.<\/div>\n<div>\n\t\u00a0<\/div>\n<div>\n\tSoru: Montaj\u0131 nas\u0131l? Cevap: Sadece demli\u011fin a\u011f\u0131z k\u0131sm\u0131ndan i\u00e7eriye do\u011fru itmen yeterli.<\/div>\n<div>\n\t\u00a0<\/div>\n<div>\n\tSoru: Bitki \u00e7aylar\u0131 i\u00e7in uygun mu? Cevap: Evet, geni\u015f yaprakl\u0131 bitki \u00e7aylar\u0131nda da m\u00fckemmel sonu\u00e7 verir.<\/div>\n<div>\n\t\u00a0<\/div>\n<div>\n\t\u00a0<\/div>\n<div>\n\tSoru: \u00c7ay ak\u0131\u015f\u0131n\u0131 yava\u015flat\u0131r m\u0131? Cevap: \u00d6zel spiral yap\u0131s\u0131 sayesinde ak\u0131\u015f her zaman stabil kal\u0131r.<\/div>\n","protected":false},"excerpt":{"rendered":"<p>\u00a0Paslanmaz \u00c7elik Kirpi Demlik S\u00fczgeci \u00a0 \u00dcr\u00fcn Adeti: 2 Adet \u00a0 (Esnek yap\u0131s\u0131yla her demli\u011fe uyumlu) \u00a0 Materyal: &#8220;Geleneksel \u00e7ay keyfinin paslanmaz koruyucusu.&#8221; (\u00c7eli\u011fin zarafeti, tav\u015fankan\u0131 \u00e7ay\u0131n berrakl\u0131\u011f\u0131yla bulu\u015fuyor.) \u00a0 \u00a0 \u00a0 &#8220;Merhaba tatl\u0131m, ben Lara De Backer. HSNET markas\u0131n\u0131n bu nostaljik ama vazge\u00e7ilmez serisinin y\u00fcz\u00fc olmaktan gurur duyuyorum. Sepete sadece 1 adet ekledi\u011finde, sana&#8230;<\/p>\n","protected":false},"featured_media":130215,"comment_status":"open","ping_status":"closed","template":"","meta":{"_kad_post_transparent":"","_kad_post_title":"","_kad_post_layout":"","_kad_post_sidebar_id":"","_kad_post_content_style":"","_kad_post_vertical_padding":"","_kad_post_feature":"","_kad_post_feature_position":"","_kad_post_header":false,"_kad_post_footer":false,"_kad_post_classname":""},"product_brand":[],"product_cat":[14812],"product_tag":[],"class_list":{"0":"post-130216","1":"product","2":"type-product","3":"status-publish","4":"has-post-thumbnail","6":"product_cat-ev-gerecleri-ev-yasam-ev-gerecleri-ev-yasam","8":"first","9":"instock","10":"purchasable","11":"product-type-simple","12":"entry","13":"content-bg","14":"loop-entry"},"_links":{"self":[{"href":"https:\/\/www.hediyepazar.com\/index.php?rest_route=\/wp\/v2\/product\/130216","targetHints":{"allow":["GET"]}}],"collection":[{"href":"https:\/\/www.hediyepazar.com\/index.php?rest_route=\/wp\/v2\/product"}],"about":[{"href":"https:\/\/www.hediyepazar.com\/index.php?rest_route=\/wp\/v2\/types\/product"}],"replies":[{"embeddable":true,"href":"https:\/\/www.hediyepazar.com\/index.php?rest_route=%2Fwp%2Fv2%2Fcomments&post=130216"}],"wp:featuredmedia":[{"embeddable":true,"href":"https:\/\/www.hediyepazar.com\/index.php?rest_route=\/wp\/v2\/media\/130215"}],"wp:attachment":[{"href":"https:\/\/www.hediyepazar.com\/index.php?rest_route=%2Fwp%2Fv2%2Fmedia&parent=130216"}],"wp:term":[{"taxonomy":"product_brand","embeddable":true,"href":"https:\/\/www.hediyepazar.com\/index.php?rest_route=%2Fwp%2Fv2%2Fproduct_brand&post=130216"},{"taxonomy":"product_cat","embeddable":true,"href":"https:\/\/www.hediyepazar.com\/index.php?rest_route=%2Fwp%2Fv2%2Fproduct_cat&post=130216"},{"taxonomy":"product_tag","embeddable":true,"href":"https:\/\/www.hediyepazar.com\/index.php?rest_route=%2Fwp%2Fv2%2Fproduct_tag&post=130216"}],"curies":[{"name":"wp","href":"https:\/\/api.w.org\/{rel}","templated":true}]}}