{"id":130524,"date":"2026-05-07T08:15:13","date_gmt":"2026-05-07T11:15:13","guid":{"rendered":"https:\/\/www.hediyepazar.com\/?product=sirt-ve-omurga-icin-akilli-masajli-durus-destek-kemeri-2"},"modified":"2026-05-07T08:15:13","modified_gmt":"2026-05-07T11:15:13","slug":"sirt-ve-omurga-icin-akilli-masajli-durus-destek-kemeri-2","status":"publish","type":"product","link":"https:\/\/www.hediyepazar.com\/?product=sirt-ve-omurga-icin-akilli-masajli-durus-destek-kemeri-2","title":{"rendered":"S\u0131rt ve Omurga \u0130\u00e7in Ak\u0131ll\u0131 Masajl\u0131 Duru\u015f Destek Kemeri"},"content":{"rendered":"<p>Ak\u0131ll\u0131 s\u0131rt destek kemeri, post\u00fcr bozukluklar\u0131n\u0131 azaltmaya yard\u0131mc\u0131 olmak i\u00e7in tasarlanm\u0131\u015ft\u0131r. Omurgan\u0131n do\u011fal e\u011fimini destekleyen ortopedik yap\u0131s\u0131, s\u0131rt ve omuz b\u00f6lgesinde olu\u015fan bask\u0131y\u0131 dengeler. Yanl\u0131\u015f duru\u015f alg\u0131land\u0131\u011f\u0131nda titre\u015fimli uyar\u0131 ile kullan\u0131c\u0131y\u0131 bilin\u00e7lendirir.Masaj ve \u0131s\u0131 terapisi \u00f6zellikleri sayesinde sadece destek de\u011fil ayn\u0131 zamanda rahatlat\u0131c\u0131 bir kullan\u0131m sunar. Is\u0131 ayarlar\u0131 kaslar\u0131n gev\u015femesini desteklerken masaj fonksiyonu g\u00fcnl\u00fck yorgunlu\u011fu azaltmaya yard\u0131mc\u0131 olur.Nefes alabilen kuma\u015f\u0131 ve hafif yap\u0131s\u0131 sayesinde uzun s\u00fcreli kullan\u0131mlarda bile konfor sa\u011flar. G\u00fcnl\u00fck ya\u015fam\u0131n temposunda duru\u015funu korumak isteyenler i\u00e7in pratik ve fonksiyonel bir \u00e7\u00f6z\u00fcmd\u00fcr.<\/p>\n","protected":false},"excerpt":{"rendered":"<p>Ak\u0131ll\u0131 s\u0131rt destek kemeri, post\u00fcr bozukluklar\u0131n\u0131 azaltmaya yard\u0131mc\u0131 olmak i\u00e7in tasarlanm\u0131\u015ft\u0131r. Omurgan\u0131n do\u011fal e\u011fimini destekleyen ortopedik yap\u0131s\u0131, s\u0131rt ve omuz b\u00f6lgesinde olu\u015fan bask\u0131y\u0131 dengeler. Yanl\u0131\u015f duru\u015f alg\u0131land\u0131\u011f\u0131nda titre\u015fimli uyar\u0131 ile kullan\u0131c\u0131y\u0131 bilin\u00e7lendirir.Masaj ve \u0131s\u0131 terapisi \u00f6zellikleri sayesinde sadece destek de\u011fil ayn\u0131 zamanda rahatlat\u0131c\u0131 bir kullan\u0131m sunar. Is\u0131 ayarlar\u0131 kaslar\u0131n gev\u015femesini desteklerken masaj fonksiyonu g\u00fcnl\u00fck yorgunlu\u011fu&#8230;<\/p>\n","protected":false},"featured_media":130523,"comment_status":"open","ping_status":"closed","template":"","meta":{"_kad_post_transparent":"","_kad_post_title":"","_kad_post_layout":"","_kad_post_sidebar_id":"","_kad_post_content_style":"","_kad_post_vertical_padding":"","_kad_post_feature":"","_kad_post_feature_position":"","_kad_post_header":false,"_kad_post_footer":false,"_kad_post_classname":""},"product_brand":[],"product_cat":[14939],"product_tag":[],"class_list":{"0":"post-130524","1":"product","2":"type-product","3":"status-publish","4":"has-post-thumbnail","6":"product_cat-masaj-cihazi-masaj-cihazi","8":"first","9":"instock","10":"purchasable","11":"product-type-simple","12":"entry","13":"content-bg","14":"loop-entry"},"_links":{"self":[{"href":"https:\/\/www.hediyepazar.com\/index.php?rest_route=\/wp\/v2\/product\/130524","targetHints":{"allow":["GET"]}}],"collection":[{"href":"https:\/\/www.hediyepazar.com\/index.php?rest_route=\/wp\/v2\/product"}],"about":[{"href":"https:\/\/www.hediyepazar.com\/index.php?rest_route=\/wp\/v2\/types\/product"}],"replies":[{"embeddable":true,"href":"https:\/\/www.hediyepazar.com\/index.php?rest_route=%2Fwp%2Fv2%2Fcomments&post=130524"}],"wp:featuredmedia":[{"embeddable":true,"href":"https:\/\/www.hediyepazar.com\/index.php?rest_route=\/wp\/v2\/media\/130523"}],"wp:attachment":[{"href":"https:\/\/www.hediyepazar.com\/index.php?rest_route=%2Fwp%2Fv2%2Fmedia&parent=130524"}],"wp:term":[{"taxonomy":"product_brand","embeddable":true,"href":"https:\/\/www.hediyepazar.com\/index.php?rest_route=%2Fwp%2Fv2%2Fproduct_brand&post=130524"},{"taxonomy":"product_cat","embeddable":true,"href":"https:\/\/www.hediyepazar.com\/index.php?rest_route=%2Fwp%2Fv2%2Fproduct_cat&post=130524"},{"taxonomy":"product_tag","embeddable":true,"href":"https:\/\/www.hediyepazar.com\/index.php?rest_route=%2Fwp%2Fv2%2Fproduct_tag&post=130524"}],"curies":[{"name":"wp","href":"https:\/\/api.w.org\/{rel}","templated":true}]}}