{"id":130562,"date":"2026-05-07T08:20:17","date_gmt":"2026-05-07T11:20:17","guid":{"rendered":"https:\/\/www.hediyepazar.com\/?product=oyuncak-bilardo-masasi-seti-cocuklar-icin-eglence-ve-beceri-oyunu"},"modified":"2026-05-07T08:20:17","modified_gmt":"2026-05-07T11:20:17","slug":"oyuncak-bilardo-masasi-seti-cocuklar-icin-eglence-ve-beceri-oyunu","status":"publish","type":"product","link":"https:\/\/www.hediyepazar.com\/?product=oyuncak-bilardo-masasi-seti-cocuklar-icin-eglence-ve-beceri-oyunu","title":{"rendered":"Oyuncak Bilardo Masas\u0131 Seti \u00c7ocuklar \u0130\u00e7in E\u011flence ve Beceri Oyunu"},"content":{"rendered":"<p>Mini bilardo seti, \u00e7ocuklar\u0131n hem e\u011flenmesini hem de geli\u015fmesini sa\u011flayan \u00e7ok fonksiyonlu bir oyuncakt\u0131r. G\u00fcnl\u00fck hayat\u0131n yo\u011funlu\u011fu i\u00e7inde \u00e7ocuklara kaliteli ve verimli zaman ge\u00e7irme f\u0131rsat\u0131 sunar. Ev ortam\u0131nda kolayca kurulabilen bu set, pratik kullan\u0131m\u0131 ile dikkat \u00e7eker.Bilardo oyunu, \u00e7ocuklar\u0131n zihinsel geli\u015fimine katk\u0131 sa\u011flayan \u00f6nemli aktivitelerden biridir. Oyun s\u0131ras\u0131nda \u00e7ocuklar hedef belirleme, plan yapma ve sonu\u00e7lar\u0131 de\u011ferlendirme gibi beceriler kazan\u0131r. Bu da onlar\u0131n analitik d\u00fc\u015f\u00fcnme ve problem \u00e7\u00f6zme yeteneklerini geli\u015ftirir.\u00dcr\u00fcn, dayan\u0131kl\u0131 ve kaliteli malzemeler kullan\u0131larak \u00fcretilmi\u015ftir. Sa\u011fl\u0131\u011fa zararl\u0131 hi\u00e7bir i\u00e7erik bulunmaz ve g\u00fcvenle kullan\u0131labilir. Uzun s\u00fcreli kullan\u0131m i\u00e7in uygun olan bu set, ekonomik a\u00e7\u0131dan da avantaj sa\u011flar.Set i\u00e7erisinde yer alan par\u00e7alar sayesinde ger\u00e7ek bir bilardo deneyimi ya\u015fan\u0131r. \u00c7ocuklar oyunu oynarken kendilerini profesyonel bir ortamda hisseder ve daha fazla keyif al\u0131r.Bu oyun ayn\u0131 zamanda fiziksel geli\u015fimi de destekler. El-g\u00f6z koordinasyonu, refleks ve motor beceriler oyun s\u0131ras\u0131nda aktif olarak kullan\u0131l\u0131r.<\/p>\n","protected":false},"excerpt":{"rendered":"<p>Mini bilardo seti, \u00e7ocuklar\u0131n hem e\u011flenmesini hem de geli\u015fmesini sa\u011flayan \u00e7ok fonksiyonlu bir oyuncakt\u0131r. G\u00fcnl\u00fck hayat\u0131n yo\u011funlu\u011fu i\u00e7inde \u00e7ocuklara kaliteli ve verimli zaman ge\u00e7irme f\u0131rsat\u0131 sunar. Ev ortam\u0131nda kolayca kurulabilen bu set, pratik kullan\u0131m\u0131 ile dikkat \u00e7eker.Bilardo oyunu, \u00e7ocuklar\u0131n zihinsel geli\u015fimine katk\u0131 sa\u011flayan \u00f6nemli aktivitelerden biridir. Oyun s\u0131ras\u0131nda \u00e7ocuklar hedef belirleme, plan yapma ve sonu\u00e7lar\u0131&#8230;<\/p>\n","protected":false},"featured_media":130561,"comment_status":"open","ping_status":"closed","template":"","meta":{"_kad_post_transparent":"","_kad_post_title":"","_kad_post_layout":"","_kad_post_sidebar_id":"","_kad_post_content_style":"","_kad_post_vertical_padding":"","_kad_post_feature":"","_kad_post_feature_position":"","_kad_post_header":false,"_kad_post_footer":false,"_kad_post_classname":""},"product_brand":[],"product_cat":[15090],"product_tag":[],"class_list":{"0":"post-130562","1":"product","2":"type-product","3":"status-publish","4":"has-post-thumbnail","6":"product_cat-cocuk-oyuncak-cocuk-oyuncak","8":"first","9":"instock","10":"purchasable","11":"product-type-simple","12":"entry","13":"content-bg","14":"loop-entry"},"_links":{"self":[{"href":"https:\/\/www.hediyepazar.com\/index.php?rest_route=\/wp\/v2\/product\/130562","targetHints":{"allow":["GET"]}}],"collection":[{"href":"https:\/\/www.hediyepazar.com\/index.php?rest_route=\/wp\/v2\/product"}],"about":[{"href":"https:\/\/www.hediyepazar.com\/index.php?rest_route=\/wp\/v2\/types\/product"}],"replies":[{"embeddable":true,"href":"https:\/\/www.hediyepazar.com\/index.php?rest_route=%2Fwp%2Fv2%2Fcomments&post=130562"}],"wp:featuredmedia":[{"embeddable":true,"href":"https:\/\/www.hediyepazar.com\/index.php?rest_route=\/wp\/v2\/media\/130561"}],"wp:attachment":[{"href":"https:\/\/www.hediyepazar.com\/index.php?rest_route=%2Fwp%2Fv2%2Fmedia&parent=130562"}],"wp:term":[{"taxonomy":"product_brand","embeddable":true,"href":"https:\/\/www.hediyepazar.com\/index.php?rest_route=%2Fwp%2Fv2%2Fproduct_brand&post=130562"},{"taxonomy":"product_cat","embeddable":true,"href":"https:\/\/www.hediyepazar.com\/index.php?rest_route=%2Fwp%2Fv2%2Fproduct_cat&post=130562"},{"taxonomy":"product_tag","embeddable":true,"href":"https:\/\/www.hediyepazar.com\/index.php?rest_route=%2Fwp%2Fv2%2Fproduct_tag&post=130562"}],"curies":[{"name":"wp","href":"https:\/\/api.w.org\/{rel}","templated":true}]}}