{"id":130576,"date":"2026-05-07T08:22:03","date_gmt":"2026-05-07T11:22:03","guid":{"rendered":"https:\/\/www.hediyepazar.com\/?product=evde-spor-seti-atlama-ipi-el-guclendirici-ve-karin-aleti"},"modified":"2026-05-07T08:22:03","modified_gmt":"2026-05-07T11:22:03","slug":"evde-spor-seti-atlama-ipi-el-guclendirici-ve-karin-aleti","status":"publish","type":"product","link":"https:\/\/www.hediyepazar.com\/?product=evde-spor-seti-atlama-ipi-el-guclendirici-ve-karin-aleti","title":{"rendered":"Evde Spor Seti Atlama \u0130pi El G\u00fc\u00e7lendirici ve Kar\u0131n Aleti"},"content":{"rendered":"<p>Bu spor seti, evde spor yapmak isteyenler i\u00e7in ideal bir \u00e7\u00f6z\u00fcmd\u00fcr. Kompakt yap\u0131s\u0131 sayesinde fazla yer kaplamaz ve kolayca saklanabilir.Set i\u00e7erisinde bulunan ekipmanlar, farkl\u0131 kas gruplar\u0131n\u0131 \u00e7al\u0131\u015ft\u0131rmaya y\u00f6nelik olarak tasarlanm\u0131\u015ft\u0131r. Bu sayede dengeli bir antrenman program\u0131 olu\u015fturabilirsiniz.<\/p>\n","protected":false},"excerpt":{"rendered":"<p>Bu spor seti, evde spor yapmak isteyenler i\u00e7in ideal bir \u00e7\u00f6z\u00fcmd\u00fcr. Kompakt yap\u0131s\u0131 sayesinde fazla yer kaplamaz ve kolayca saklanabilir.Set i\u00e7erisinde bulunan ekipmanlar, farkl\u0131 kas gruplar\u0131n\u0131 \u00e7al\u0131\u015ft\u0131rmaya y\u00f6nelik olarak tasarlanm\u0131\u015ft\u0131r. Bu sayede dengeli bir antrenman program\u0131 olu\u015fturabilirsiniz.<\/p>\n","protected":false},"featured_media":130575,"comment_status":"open","ping_status":"closed","template":"","meta":{"_kad_post_transparent":"","_kad_post_title":"","_kad_post_layout":"","_kad_post_sidebar_id":"","_kad_post_content_style":"","_kad_post_vertical_padding":"","_kad_post_feature":"","_kad_post_feature_position":"","_kad_post_header":false,"_kad_post_footer":false,"_kad_post_classname":""},"product_brand":[],"product_cat":[15095],"product_tag":[],"class_list":{"0":"post-130576","1":"product","2":"type-product","3":"status-publish","4":"has-post-thumbnail","6":"product_cat-egzersiz-aletleri-egzersiz-aletleri","8":"first","9":"instock","10":"purchasable","11":"product-type-simple","12":"entry","13":"content-bg","14":"loop-entry"},"_links":{"self":[{"href":"https:\/\/www.hediyepazar.com\/index.php?rest_route=\/wp\/v2\/product\/130576","targetHints":{"allow":["GET"]}}],"collection":[{"href":"https:\/\/www.hediyepazar.com\/index.php?rest_route=\/wp\/v2\/product"}],"about":[{"href":"https:\/\/www.hediyepazar.com\/index.php?rest_route=\/wp\/v2\/types\/product"}],"replies":[{"embeddable":true,"href":"https:\/\/www.hediyepazar.com\/index.php?rest_route=%2Fwp%2Fv2%2Fcomments&post=130576"}],"wp:featuredmedia":[{"embeddable":true,"href":"https:\/\/www.hediyepazar.com\/index.php?rest_route=\/wp\/v2\/media\/130575"}],"wp:attachment":[{"href":"https:\/\/www.hediyepazar.com\/index.php?rest_route=%2Fwp%2Fv2%2Fmedia&parent=130576"}],"wp:term":[{"taxonomy":"product_brand","embeddable":true,"href":"https:\/\/www.hediyepazar.com\/index.php?rest_route=%2Fwp%2Fv2%2Fproduct_brand&post=130576"},{"taxonomy":"product_cat","embeddable":true,"href":"https:\/\/www.hediyepazar.com\/index.php?rest_route=%2Fwp%2Fv2%2Fproduct_cat&post=130576"},{"taxonomy":"product_tag","embeddable":true,"href":"https:\/\/www.hediyepazar.com\/index.php?rest_route=%2Fwp%2Fv2%2Fproduct_tag&post=130576"}],"curies":[{"name":"wp","href":"https:\/\/api.w.org\/{rel}","templated":true}]}}