{"id":130612,"date":"2026-05-07T08:27:05","date_gmt":"2026-05-07T11:27:05","guid":{"rendered":"https:\/\/www.hediyepazar.com\/?product=kablosuz-tasinabilir-blender-380-ml-smoothie-milkshake-meyve-karistirici"},"modified":"2026-05-07T08:27:05","modified_gmt":"2026-05-07T11:27:05","slug":"kablosuz-tasinabilir-blender-380-ml-smoothie-milkshake-meyve-karistirici","status":"publish","type":"product","link":"https:\/\/www.hediyepazar.com\/?product=kablosuz-tasinabilir-blender-380-ml-smoothie-milkshake-meyve-karistirici","title":{"rendered":"Kablosuz Ta\u015f\u0131nabilir Blender 380 ml Smoothie Milkshake Meyve Kar\u0131\u015ft\u0131r\u0131c\u0131"},"content":{"rendered":"<p>Ta\u015f\u0131nabilir blender, sa\u011fl\u0131kl\u0131 ya\u015fam\u0131 benimseyenler i\u00e7in geli\u015ftirilmi\u015f modern ve i\u015flevsel bir \u00fcr\u00fcnd\u00fcr. G\u00fcnl\u00fck hayatta h\u0131zl\u0131 ve pratik i\u00e7ecek haz\u0131rlamak isteyen kullan\u0131c\u0131lar i\u00e7in ideal bir \u00e7\u00f6z\u00fcmd\u00fcr. Kompakt yap\u0131s\u0131 ve g\u00fc\u00e7l\u00fc performans\u0131 ile dikkat \u00e7eker.380 ml kapasitesi, g\u00fcnl\u00fck kullan\u0131m i\u00e7in yeterli hacmi sunar. Tek ki\u015filik kullan\u0131m i\u00e7in olduk\u00e7a uygundur ve pratik bir deneyim sa\u011flar.Kablosuz kullan\u0131m \u00f6zelli\u011fi sayesinde her ortamda rahatl\u0131kla kullan\u0131labilir. USB ile \u015farj edilerek uzun s\u00fcre kullan\u0131labilir.Meyve ve sebzeleri k\u0131sa s\u00fcrede kar\u0131\u015ft\u0131rarak p\u00fcr\u00fczs\u00fcz i\u00e7ecekler elde etmenizi sa\u011flar. Smoothie ve milkshake haz\u0131rlamak i\u00e7in idealdir.Tek tu\u015fla kullan\u0131m \u00f6zelli\u011fi sayesinde son derece pratiktir.<\/p>\n","protected":false},"excerpt":{"rendered":"<p>Ta\u015f\u0131nabilir blender, sa\u011fl\u0131kl\u0131 ya\u015fam\u0131 benimseyenler i\u00e7in geli\u015ftirilmi\u015f modern ve i\u015flevsel bir \u00fcr\u00fcnd\u00fcr. G\u00fcnl\u00fck hayatta h\u0131zl\u0131 ve pratik i\u00e7ecek haz\u0131rlamak isteyen kullan\u0131c\u0131lar i\u00e7in ideal bir \u00e7\u00f6z\u00fcmd\u00fcr. Kompakt yap\u0131s\u0131 ve g\u00fc\u00e7l\u00fc performans\u0131 ile dikkat \u00e7eker.380 ml kapasitesi, g\u00fcnl\u00fck kullan\u0131m i\u00e7in yeterli hacmi sunar. Tek ki\u015filik kullan\u0131m i\u00e7in olduk\u00e7a uygundur ve pratik bir deneyim sa\u011flar.Kablosuz kullan\u0131m \u00f6zelli\u011fi sayesinde&#8230;<\/p>\n","protected":false},"featured_media":130611,"comment_status":"open","ping_status":"closed","template":"","meta":{"_kad_post_transparent":"","_kad_post_title":"","_kad_post_layout":"","_kad_post_sidebar_id":"","_kad_post_content_style":"","_kad_post_vertical_padding":"","_kad_post_feature":"","_kad_post_feature_position":"","_kad_post_header":false,"_kad_post_footer":false,"_kad_post_classname":""},"product_brand":[],"product_cat":[14959],"product_tag":[],"class_list":{"0":"post-130612","1":"product","2":"type-product","3":"status-publish","4":"has-post-thumbnail","6":"product_cat-blender-blender","8":"first","9":"instock","10":"purchasable","11":"product-type-simple","12":"entry","13":"content-bg","14":"loop-entry"},"_links":{"self":[{"href":"https:\/\/www.hediyepazar.com\/index.php?rest_route=\/wp\/v2\/product\/130612","targetHints":{"allow":["GET"]}}],"collection":[{"href":"https:\/\/www.hediyepazar.com\/index.php?rest_route=\/wp\/v2\/product"}],"about":[{"href":"https:\/\/www.hediyepazar.com\/index.php?rest_route=\/wp\/v2\/types\/product"}],"replies":[{"embeddable":true,"href":"https:\/\/www.hediyepazar.com\/index.php?rest_route=%2Fwp%2Fv2%2Fcomments&post=130612"}],"wp:featuredmedia":[{"embeddable":true,"href":"https:\/\/www.hediyepazar.com\/index.php?rest_route=\/wp\/v2\/media\/130611"}],"wp:attachment":[{"href":"https:\/\/www.hediyepazar.com\/index.php?rest_route=%2Fwp%2Fv2%2Fmedia&parent=130612"}],"wp:term":[{"taxonomy":"product_brand","embeddable":true,"href":"https:\/\/www.hediyepazar.com\/index.php?rest_route=%2Fwp%2Fv2%2Fproduct_brand&post=130612"},{"taxonomy":"product_cat","embeddable":true,"href":"https:\/\/www.hediyepazar.com\/index.php?rest_route=%2Fwp%2Fv2%2Fproduct_cat&post=130612"},{"taxonomy":"product_tag","embeddable":true,"href":"https:\/\/www.hediyepazar.com\/index.php?rest_route=%2Fwp%2Fv2%2Fproduct_tag&post=130612"}],"curies":[{"name":"wp","href":"https:\/\/api.w.org\/{rel}","templated":true}]}}