{"id":130618,"date":"2026-05-07T08:27:19","date_gmt":"2026-05-07T11:27:19","guid":{"rendered":"https:\/\/www.hediyepazar.com\/?product=hsnet-berber-kuafor-blok-cilt-sapi-720662"},"modified":"2026-05-07T08:27:19","modified_gmt":"2026-05-07T11:27:19","slug":"hsnet-berber-kuafor-blok-cilt-sapi-720662","status":"publish","type":"product","link":"https:\/\/www.hediyepazar.com\/?product=hsnet-berber-kuafor-blok-cilt-sapi-720662","title":{"rendered":"HSNET Berber Kuaf\u00f6r Blok Cilt \u015eap\u0131 720662"},"content":{"rendered":"<p>\n\t<strong>\u00dcr\u00fcn \u00d6zellikleri :\u00a0\u00a0<\/strong><\/p>\n<p>\t<strong>Adet \/ Renk \/ Tasar\u0131m : <\/strong> 1 Adet, HSNET i.h.a Design olarak tasarlad\u0131\u011f\u0131m\u0131z, resimde yer alan rengi, s\u00fcrpriz ya\u015famaman\u0131z i\u00e7in birebir g\u00f6nderiyoruz<\/p>\n<p>\t<strong>\u00d6l\u00e7\u00fcler : <\/strong>5,5 X 3,5 X 2 CM<\/p>\n<p>\n\tSabah rutininizden ve so\u011fuk suyla durulad\u0131ktan sonra bar\u0131 \u0131slat\u0131n ve y\u00fcz\u00fcn\u00fcz\u00fcn t\u00fcm b\u00f6lgelerini ovalay\u0131n. Biraz ac\u0131tabilir, ancak h\u0131zl\u0131 bir \u015fekilde yat\u0131\u015ft\u0131r\u0131c\u0131 bir kalite ve t\u0131ra\u015f sonras\u0131 harika bir y\u00fcz hissi \u00fcretecektir.<\/p>\n<p>\n\tTercihen, bar\u0131n so\u011fumas\u0131 i\u00e7in t\u0131ra\u015f rutininize ba\u015flamadan \u00f6nce dondurucuya koyman\u0131z\u0131 \u00f6nerir. &#8220;Y\u00fcz\u00fcn\u00fcze buzlu \u015fap kullanmak t\u0131ra\u015f\u0131n en iyi k\u0131sm\u0131d\u0131r.&#8221;<br \/>\n\tUfak g\u00f6zle g\u00f6z\u00fckmeyen minik kanamalar\u0131 da \u00f6nler<\/p>\n<p>\n\t<strong>M\u00dcKEMMEL SATI\u015e SONRASI H\u0130ZMET : <\/strong>HSNET \/ HSNET olarak m\u00fc\u015fterilerimize en iyi hizmeti sunmay\u0131 ama\u00e7l\u0131yor, g\u00fcvenle sat\u0131n alabilmeniz i\u00e7in, ambalaj kalitemize g\u00fcveniyor, her \u00fcr\u00fcn sorunsuz teslimat i\u00e7in \u00f6zenle paketliyor ve resimde belirtilen renk, ebat, \u00f6zelikte \u00fcr\u00fcn g\u00f6ndermeyi taahh\u00fct ediyoruz. Hasarl\u0131 \u00fcr\u00fcn ald\u0131ysan\u0131z veya di\u011fer \u00fcr\u00fcn ve paket teslimat sorunlar\u0131 oldu\u011funda bizimle ileti\u015fime ge\u00e7mekten \u00e7ekinmeyin.<\/p>\n","protected":false},"excerpt":{"rendered":"<p>\u00dcr\u00fcn \u00d6zellikleri :\u00a0\u00a0 Adet \/ Renk \/ Tasar\u0131m : 1 Adet, HSNET i.h.a Design olarak tasarlad\u0131\u011f\u0131m\u0131z, resimde yer alan rengi, s\u00fcrpriz ya\u015famaman\u0131z i\u00e7in birebir g\u00f6nderiyoruz \u00d6l\u00e7\u00fcler : 5,5 X 3,5 X 2 CM Sabah rutininizden ve so\u011fuk suyla durulad\u0131ktan sonra bar\u0131 \u0131slat\u0131n ve y\u00fcz\u00fcn\u00fcz\u00fcn t\u00fcm b\u00f6lgelerini ovalay\u0131n. Biraz ac\u0131tabilir, ancak h\u0131zl\u0131 bir \u015fekilde yat\u0131\u015ft\u0131r\u0131c\u0131 bir&#8230;<\/p>\n","protected":false},"featured_media":130617,"comment_status":"open","ping_status":"closed","template":"","meta":{"_kad_post_transparent":"","_kad_post_title":"","_kad_post_layout":"","_kad_post_sidebar_id":"","_kad_post_content_style":"","_kad_post_vertical_padding":"","_kad_post_feature":"","_kad_post_feature_position":"","_kad_post_header":false,"_kad_post_footer":false,"_kad_post_classname":""},"product_brand":[],"product_cat":[15245],"product_tag":[],"class_list":{"0":"post-130618","1":"product","2":"type-product","3":"status-publish","4":"has-post-thumbnail","6":"product_cat-kisisel-urunler-kisisel-urunler-kisisel-urunler-kisisel-urunler-2","8":"first","9":"instock","10":"purchasable","11":"product-type-simple","12":"entry","13":"content-bg","14":"loop-entry"},"_links":{"self":[{"href":"https:\/\/www.hediyepazar.com\/index.php?rest_route=\/wp\/v2\/product\/130618","targetHints":{"allow":["GET"]}}],"collection":[{"href":"https:\/\/www.hediyepazar.com\/index.php?rest_route=\/wp\/v2\/product"}],"about":[{"href":"https:\/\/www.hediyepazar.com\/index.php?rest_route=\/wp\/v2\/types\/product"}],"replies":[{"embeddable":true,"href":"https:\/\/www.hediyepazar.com\/index.php?rest_route=%2Fwp%2Fv2%2Fcomments&post=130618"}],"wp:featuredmedia":[{"embeddable":true,"href":"https:\/\/www.hediyepazar.com\/index.php?rest_route=\/wp\/v2\/media\/130617"}],"wp:attachment":[{"href":"https:\/\/www.hediyepazar.com\/index.php?rest_route=%2Fwp%2Fv2%2Fmedia&parent=130618"}],"wp:term":[{"taxonomy":"product_brand","embeddable":true,"href":"https:\/\/www.hediyepazar.com\/index.php?rest_route=%2Fwp%2Fv2%2Fproduct_brand&post=130618"},{"taxonomy":"product_cat","embeddable":true,"href":"https:\/\/www.hediyepazar.com\/index.php?rest_route=%2Fwp%2Fv2%2Fproduct_cat&post=130618"},{"taxonomy":"product_tag","embeddable":true,"href":"https:\/\/www.hediyepazar.com\/index.php?rest_route=%2Fwp%2Fv2%2Fproduct_tag&post=130618"}],"curies":[{"name":"wp","href":"https:\/\/api.w.org\/{rel}","templated":true}]}}