{"id":130630,"date":"2026-05-07T08:28:58","date_gmt":"2026-05-07T11:28:58","guid":{"rendered":"https:\/\/www.hediyepazar.com\/?product=omada-sm321a-1000base-bx-wdm-sfp-modulu1923"},"modified":"2026-05-07T08:28:58","modified_gmt":"2026-05-07T11:28:58","slug":"omada-sm321a-1000base-bx-wdm-sfp-modulu1923","status":"publish","type":"product","link":"https:\/\/www.hediyepazar.com\/?product=omada-sm321a-1000base-bx-wdm-sfp-modulu1923","title":{"rendered":"OMADA SM321A 1000Base-BX WDM SFP Mod\u00fcl\u00fc(1923)"},"content":{"rendered":"<p>MEDYA D\u00d6N\u00dc\u015eT\u00dcR\u00dcC\u00dc &#038; MOD\u00dcLStandartlar ve ProtokollerIEEE 802.3z, CSMA\/CD, TCP\/IPDalga BoyuTX: 1550nm \/ RX: 1310nmG\u00fc\u00e7 Kayna\u011f\u01313.3VG\u00fcvenlik &#038; EmisyonFCC, CEKabloTekil-mod FiberFiber Tipi9\/125 \u03bcm Single-modeMaks. Kablo Uzunlu\u011fu20kmVeri H\u0131z\u01311.25GbpsPort TipiLC\/UPCOrtam\u00c7al\u0131\u015fma S\u0131cakl\u0131\u011f\u0131: 0\u2103~70\u2103 (32\u2109~158\u2109)Saklama S\u0131cakl\u0131\u011f\u0131: -40\u2103~80\u2103 (-40\u2109~176\u2109)\u00c7al\u0131\u015fma Nem Oran\u0131: 10%~90% yo\u011fu\u015fmas\u0131zSaklama Nem Oran\u0131: 5%~90% yo\u011fu\u015fmas\u0131z<\/p>\n","protected":false},"excerpt":{"rendered":"<p>MEDYA D\u00d6N\u00dc\u015eT\u00dcR\u00dcC\u00dc &#038; MOD\u00dcLStandartlar ve ProtokollerIEEE 802.3z, CSMA\/CD, TCP\/IPDalga BoyuTX: 1550nm \/ RX: 1310nmG\u00fc\u00e7 Kayna\u011f\u01313.3VG\u00fcvenlik &#038; EmisyonFCC, CEKabloTekil-mod FiberFiber Tipi9\/125 \u03bcm Single-modeMaks. Kablo Uzunlu\u011fu20kmVeri H\u0131z\u01311.25GbpsPort TipiLC\/UPCOrtam\u00c7al\u0131\u015fma S\u0131cakl\u0131\u011f\u0131: 0\u2103~70\u2103 (32\u2109~158\u2109)Saklama S\u0131cakl\u0131\u011f\u0131: -40\u2103~80\u2103 (-40\u2109~176\u2109)\u00c7al\u0131\u015fma Nem Oran\u0131: 10%~90% yo\u011fu\u015fmas\u0131zSaklama Nem Oran\u0131: 5%~90% yo\u011fu\u015fmas\u0131z<\/p>\n","protected":false},"featured_media":130629,"comment_status":"open","ping_status":"closed","template":"","meta":{"_kad_post_transparent":"","_kad_post_title":"","_kad_post_layout":"","_kad_post_sidebar_id":"","_kad_post_content_style":"","_kad_post_vertical_padding":"","_kad_post_feature":"","_kad_post_feature_position":"","_kad_post_header":false,"_kad_post_footer":false,"_kad_post_classname":""},"product_brand":[],"product_cat":[15357],"product_tag":[],"class_list":{"0":"post-130630","1":"product","2":"type-product","3":"status-publish","4":"has-post-thumbnail","6":"product_cat-ethernet-switch-bilgisayar-tablet-elektronik-ethernet-switch","8":"first","9":"instock","10":"purchasable","11":"product-type-simple","12":"entry","13":"content-bg","14":"loop-entry"},"_links":{"self":[{"href":"https:\/\/www.hediyepazar.com\/index.php?rest_route=\/wp\/v2\/product\/130630","targetHints":{"allow":["GET"]}}],"collection":[{"href":"https:\/\/www.hediyepazar.com\/index.php?rest_route=\/wp\/v2\/product"}],"about":[{"href":"https:\/\/www.hediyepazar.com\/index.php?rest_route=\/wp\/v2\/types\/product"}],"replies":[{"embeddable":true,"href":"https:\/\/www.hediyepazar.com\/index.php?rest_route=%2Fwp%2Fv2%2Fcomments&post=130630"}],"wp:featuredmedia":[{"embeddable":true,"href":"https:\/\/www.hediyepazar.com\/index.php?rest_route=\/wp\/v2\/media\/130629"}],"wp:attachment":[{"href":"https:\/\/www.hediyepazar.com\/index.php?rest_route=%2Fwp%2Fv2%2Fmedia&parent=130630"}],"wp:term":[{"taxonomy":"product_brand","embeddable":true,"href":"https:\/\/www.hediyepazar.com\/index.php?rest_route=%2Fwp%2Fv2%2Fproduct_brand&post=130630"},{"taxonomy":"product_cat","embeddable":true,"href":"https:\/\/www.hediyepazar.com\/index.php?rest_route=%2Fwp%2Fv2%2Fproduct_cat&post=130630"},{"taxonomy":"product_tag","embeddable":true,"href":"https:\/\/www.hediyepazar.com\/index.php?rest_route=%2Fwp%2Fv2%2Fproduct_tag&post=130630"}],"curies":[{"name":"wp","href":"https:\/\/api.w.org\/{rel}","templated":true}]}}