{"id":130864,"date":"2026-05-07T08:57:17","date_gmt":"2026-05-07T11:57:17","guid":{"rendered":"https:\/\/www.hediyepazar.com\/?product=premium-kablosuz-kulaklik-gurultu-azaltma-sarj-kutulu-bluetooth-kulaklik"},"modified":"2026-05-07T08:57:17","modified_gmt":"2026-05-07T11:57:17","slug":"premium-kablosuz-kulaklik-gurultu-azaltma-sarj-kutulu-bluetooth-kulaklik","status":"publish","type":"product","link":"https:\/\/www.hediyepazar.com\/?product=premium-kablosuz-kulaklik-gurultu-azaltma-sarj-kutulu-bluetooth-kulaklik","title":{"rendered":"Premium Kablosuz Kulakl\u0131k G\u00fcr\u00fclt\u00fc Azaltma \u015earj Kutulu Bluetooth Kulakl\u0131k"},"content":{"rendered":"<p>Telefon, tablet, bilgisayar ve TV ile uyumlu Bluetooth kulakl\u0131k modeli \u00e7ok y\u00f6nl\u00fc kullan\u0131m isteyen kullan\u0131c\u0131lar i\u00e7in ideal \u00e7\u00f6z\u00fcmd\u00fcr. Bluetooth destekli t\u00fcm cihazlarla rahat e\u015fle\u015fir ve kesintisiz kullan\u0131m sunar. \u0130\u015f toplant\u0131lar\u0131nda, online derslerde, oyunlarda ve m\u00fczik dinlerken rahatl\u0131k sa\u011flar.Uzun pil \u00f6mr\u00fc sayesinde g\u00fcn boyunca kullan\u0131m imkan\u0131 sunar. \u015earj kutusu ile birlikte toplam 36 saate kadar performans sa\u011flar.HiFi ses sistemi ile kaliteli ses deneyimi sunar.Ergonomik tasar\u0131m\u0131 kulakta rahat durur.Dokunmatik kontrol ile pratik kullan\u0131m sa\u011flar.<\/p>\n","protected":false},"excerpt":{"rendered":"<p>Telefon, tablet, bilgisayar ve TV ile uyumlu Bluetooth kulakl\u0131k modeli \u00e7ok y\u00f6nl\u00fc kullan\u0131m isteyen kullan\u0131c\u0131lar i\u00e7in ideal \u00e7\u00f6z\u00fcmd\u00fcr. Bluetooth destekli t\u00fcm cihazlarla rahat e\u015fle\u015fir ve kesintisiz kullan\u0131m sunar. \u0130\u015f toplant\u0131lar\u0131nda, online derslerde, oyunlarda ve m\u00fczik dinlerken rahatl\u0131k sa\u011flar.Uzun pil \u00f6mr\u00fc sayesinde g\u00fcn boyunca kullan\u0131m imkan\u0131 sunar. \u015earj kutusu ile birlikte toplam 36 saate kadar performans&#8230;<\/p>\n","protected":false},"featured_media":130863,"comment_status":"open","ping_status":"closed","template":"","meta":{"_kad_post_transparent":"","_kad_post_title":"","_kad_post_layout":"","_kad_post_sidebar_id":"","_kad_post_content_style":"","_kad_post_vertical_padding":"","_kad_post_feature":"","_kad_post_feature_position":"","_kad_post_header":false,"_kad_post_footer":false,"_kad_post_classname":""},"product_brand":[],"product_cat":[14957],"product_tag":[],"class_list":{"0":"post-130864","1":"product","2":"type-product","3":"status-publish","4":"has-post-thumbnail","6":"product_cat-kablosuz-kulaklik-kablosuz-kulaklik","8":"first","9":"instock","10":"purchasable","11":"product-type-simple","12":"entry","13":"content-bg","14":"loop-entry"},"_links":{"self":[{"href":"https:\/\/www.hediyepazar.com\/index.php?rest_route=\/wp\/v2\/product\/130864","targetHints":{"allow":["GET"]}}],"collection":[{"href":"https:\/\/www.hediyepazar.com\/index.php?rest_route=\/wp\/v2\/product"}],"about":[{"href":"https:\/\/www.hediyepazar.com\/index.php?rest_route=\/wp\/v2\/types\/product"}],"replies":[{"embeddable":true,"href":"https:\/\/www.hediyepazar.com\/index.php?rest_route=%2Fwp%2Fv2%2Fcomments&post=130864"}],"wp:featuredmedia":[{"embeddable":true,"href":"https:\/\/www.hediyepazar.com\/index.php?rest_route=\/wp\/v2\/media\/130863"}],"wp:attachment":[{"href":"https:\/\/www.hediyepazar.com\/index.php?rest_route=%2Fwp%2Fv2%2Fmedia&parent=130864"}],"wp:term":[{"taxonomy":"product_brand","embeddable":true,"href":"https:\/\/www.hediyepazar.com\/index.php?rest_route=%2Fwp%2Fv2%2Fproduct_brand&post=130864"},{"taxonomy":"product_cat","embeddable":true,"href":"https:\/\/www.hediyepazar.com\/index.php?rest_route=%2Fwp%2Fv2%2Fproduct_cat&post=130864"},{"taxonomy":"product_tag","embeddable":true,"href":"https:\/\/www.hediyepazar.com\/index.php?rest_route=%2Fwp%2Fv2%2Fproduct_tag&post=130864"}],"curies":[{"name":"wp","href":"https:\/\/api.w.org\/{rel}","templated":true}]}}