{"id":130908,"date":"2026-05-07T09:04:08","date_gmt":"2026-05-07T12:04:08","guid":{"rendered":"https:\/\/www.hediyepazar.com\/?product=2-li-set-sizdirmazlik-bandi-su-kacak-onleyici-yapiskanli-bant"},"modified":"2026-05-07T09:04:08","modified_gmt":"2026-05-07T12:04:08","slug":"2-li-set-sizdirmazlik-bandi-su-kacak-onleyici-yapiskanli-bant","status":"publish","type":"product","link":"https:\/\/www.hediyepazar.com\/?product=2-li-set-sizdirmazlik-bandi-su-kacak-onleyici-yapiskanli-bant","title":{"rendered":"2 Li Set S\u0131zd\u0131rmazl\u0131k Band\u0131 Su Ka\u00e7ak \u00d6nleyici Yap\u0131\u015fkanl\u0131 Bant"},"content":{"rendered":"<p>Su ka\u00e7aklar\u0131 ve \u00e7atlak y\u00fczeylerde h\u0131zl\u0131 \u00e7\u00f6z\u00fcm sunan 2 li set s\u0131zd\u0131rmaz bant, geni\u015f kullan\u0131m alan\u0131na sahip pratik yard\u0131mc\u0131 \u00fcr\u00fcnd\u00fcr. \u0130ki adet rulo i\u00e7eren set yap\u0131s\u0131 sayesinde uzun s\u00fcreli kullan\u0131m sunar. Evde bak\u0131m i\u015fleri yapanlar, profesyonel ustalar veya acil durumlarda haz\u0131rl\u0131kl\u0131 olmak isteyen kullan\u0131c\u0131lar i\u00e7in olduk\u00e7a avantajl\u0131d\u0131r.72 mm geni\u015fli\u011fi ile dar bantlara g\u00f6re daha fazla alan kaplar. 2 metre uzunlu\u011fu sayesinde birden fazla b\u00f6lgede kullan\u0131labilir. \u00c7at\u0131 kenarlar\u0131, teras birle\u015fimleri, balkon y\u00fczeyleri, PVC tesisatlar, metal borular ve plastik y\u00fczeylerde kullan\u0131labilir. Geni\u015f y\u00fczey kaplamas\u0131 sayesinde g\u00fc\u00e7l\u00fc koruma sa\u011flar.Suya dayan\u0131kl\u0131 kaplama sayesinde d\u0131\u015f hava \u015fartlar\u0131nda da destekleyici performans sunar. Ya\u011fmur alt\u0131nda olu\u015fan k\u00fc\u00e7\u00fck ak\u0131nt\u0131lar, su deposu \u00e7evresi s\u0131z\u0131nt\u0131lar\u0131 veya gider kenar\u0131 problemlerinde kullan\u0131labilir. \u0130\u00e7 mekanlarda lavabo ba\u011flant\u0131lar\u0131 veya damlama yapan tesisat noktalar\u0131nda pratik \u00e7\u00f6z\u00fcm olabilir.Kullan\u0131m\u0131 son derece kolayd\u0131r. \u0130stenilen \u00f6l\u00e7\u00fc kesilir, y\u00fczeye uygulan\u0131r ve bast\u0131r\u0131l\u0131r. \u00d6zel ekipman gerektirmeden herkes rahatl\u0131kla kullanabilir. Zamandan tasarruf sa\u011flar ve ani ar\u0131zalarda \u00e7\u00f6z\u00fcm sunar.2 li set olmas\u0131 b\u00fcy\u00fck avantajd\u0131r. Biri evde di\u011feri yazl\u0131kta, ara\u00e7ta veya i\u015f yerinde bulundurulabilir. Kamp malzemeleri, bah\u00e7e ekipmanlar\u0131 ve \u00e7e\u015fitli g\u00fcnl\u00fck onar\u0131mlarda da kullan\u0131labilir. Fonksiyonel, dayan\u0131kl\u0131 ve ekonomik bir settir.<\/p>\n","protected":false},"excerpt":{"rendered":"<p>Su ka\u00e7aklar\u0131 ve \u00e7atlak y\u00fczeylerde h\u0131zl\u0131 \u00e7\u00f6z\u00fcm sunan 2 li set s\u0131zd\u0131rmaz bant, geni\u015f kullan\u0131m alan\u0131na sahip pratik yard\u0131mc\u0131 \u00fcr\u00fcnd\u00fcr. \u0130ki adet rulo i\u00e7eren set yap\u0131s\u0131 sayesinde uzun s\u00fcreli kullan\u0131m sunar. Evde bak\u0131m i\u015fleri yapanlar, profesyonel ustalar veya acil durumlarda haz\u0131rl\u0131kl\u0131 olmak isteyen kullan\u0131c\u0131lar i\u00e7in olduk\u00e7a avantajl\u0131d\u0131r.72 mm geni\u015fli\u011fi ile dar bantlara g\u00f6re daha fazla&#8230;<\/p>\n","protected":false},"featured_media":130907,"comment_status":"open","ping_status":"closed","template":"","meta":{"_kad_post_transparent":"","_kad_post_title":"","_kad_post_layout":"","_kad_post_sidebar_id":"","_kad_post_content_style":"","_kad_post_vertical_padding":"","_kad_post_feature":"","_kad_post_feature_position":"","_kad_post_header":false,"_kad_post_footer":false,"_kad_post_classname":""},"product_brand":[],"product_cat":[15274],"product_tag":[],"class_list":{"0":"post-130908","1":"product","2":"type-product","3":"status-publish","4":"has-post-thumbnail","6":"product_cat-kapi-hirdavati-hirdavat-banyo-yapi-hirdavat-kapi-hirdavati","8":"first","9":"instock","10":"purchasable","11":"product-type-simple","12":"entry","13":"content-bg","14":"loop-entry"},"_links":{"self":[{"href":"https:\/\/www.hediyepazar.com\/index.php?rest_route=\/wp\/v2\/product\/130908","targetHints":{"allow":["GET"]}}],"collection":[{"href":"https:\/\/www.hediyepazar.com\/index.php?rest_route=\/wp\/v2\/product"}],"about":[{"href":"https:\/\/www.hediyepazar.com\/index.php?rest_route=\/wp\/v2\/types\/product"}],"replies":[{"embeddable":true,"href":"https:\/\/www.hediyepazar.com\/index.php?rest_route=%2Fwp%2Fv2%2Fcomments&post=130908"}],"wp:featuredmedia":[{"embeddable":true,"href":"https:\/\/www.hediyepazar.com\/index.php?rest_route=\/wp\/v2\/media\/130907"}],"wp:attachment":[{"href":"https:\/\/www.hediyepazar.com\/index.php?rest_route=%2Fwp%2Fv2%2Fmedia&parent=130908"}],"wp:term":[{"taxonomy":"product_brand","embeddable":true,"href":"https:\/\/www.hediyepazar.com\/index.php?rest_route=%2Fwp%2Fv2%2Fproduct_brand&post=130908"},{"taxonomy":"product_cat","embeddable":true,"href":"https:\/\/www.hediyepazar.com\/index.php?rest_route=%2Fwp%2Fv2%2Fproduct_cat&post=130908"},{"taxonomy":"product_tag","embeddable":true,"href":"https:\/\/www.hediyepazar.com\/index.php?rest_route=%2Fwp%2Fv2%2Fproduct_tag&post=130908"}],"curies":[{"name":"wp","href":"https:\/\/api.w.org\/{rel}","templated":true}]}}