{"id":131097,"date":"2026-05-07T09:38:10","date_gmt":"2026-05-07T12:38:10","guid":{"rendered":"https:\/\/www.hediyepazar.com\/?product=solar-led-projektor-sensorlu-dis-mekan-guvenlik-lambasi"},"modified":"2026-05-07T09:38:10","modified_gmt":"2026-05-07T12:38:10","slug":"solar-led-projektor-sensorlu-dis-mekan-guvenlik-lambasi","status":"publish","type":"product","link":"https:\/\/www.hediyepazar.com\/?product=solar-led-projektor-sensorlu-dis-mekan-guvenlik-lambasi","title":{"rendered":"Solar LED Projekt\u00f6r Sens\u00f6rl\u00fc D\u0131\u015f Mekan G\u00fcvenlik Lambas\u0131"},"content":{"rendered":"<p>Solar LED projekt\u00f6r, ev ve i\u015f yeri \u00e7evresinde g\u00fcvenli ayd\u0131nlatma sa\u011flamak amac\u0131yla tasarlanm\u0131\u015ft\u0131r. Hareket alg\u0131land\u0131\u011f\u0131nda otomatik \u00e7al\u0131\u015fan sens\u00f6r sistemi sayesinde giri\u015f alanlar\u0131nda etkili kullan\u0131m sunar.G\u00fcne\u015f enerjili yap\u0131s\u0131 sayesinde elektrik t\u00fcketmeden \u00e7al\u0131\u015f\u0131r. G\u00fcn i\u00e7inde \u015farj olur, gece ayd\u0131nlatma sa\u011flar.LED \u0131\u015f\u0131k teknolojisi g\u00fc\u00e7l\u00fc ve net ayd\u0131nlatma sunar. Bah\u00e7e, veranda, kap\u0131 \u00f6n\u00fc ve y\u00fcr\u00fcy\u00fc\u015f yollar\u0131nda kullan\u0131labilir.\u015e\u0131k siyah tasar\u0131m\u0131 ile modern g\u00f6r\u00fcn\u00fcm sunar. D\u0131\u015f cepheye estetik katk\u0131 sa\u011flar.Dayan\u0131kl\u0131 malzemesi sayesinde d\u0131\u015f hava ko\u015fullar\u0131na uygundur. Uzun s\u00fcreli kullan\u0131m sa\u011flar.Kurulumu kolayd\u0131r ve pratik kullan\u0131m sunar.<\/p>\n","protected":false},"excerpt":{"rendered":"<p>Solar LED projekt\u00f6r, ev ve i\u015f yeri \u00e7evresinde g\u00fcvenli ayd\u0131nlatma sa\u011flamak amac\u0131yla tasarlanm\u0131\u015ft\u0131r. Hareket alg\u0131land\u0131\u011f\u0131nda otomatik \u00e7al\u0131\u015fan sens\u00f6r sistemi sayesinde giri\u015f alanlar\u0131nda etkili kullan\u0131m sunar.G\u00fcne\u015f enerjili yap\u0131s\u0131 sayesinde elektrik t\u00fcketmeden \u00e7al\u0131\u015f\u0131r. G\u00fcn i\u00e7inde \u015farj olur, gece ayd\u0131nlatma sa\u011flar.LED \u0131\u015f\u0131k teknolojisi g\u00fc\u00e7l\u00fc ve net ayd\u0131nlatma sunar. Bah\u00e7e, veranda, kap\u0131 \u00f6n\u00fc ve y\u00fcr\u00fcy\u00fc\u015f yollar\u0131nda kullan\u0131labilir.\u015e\u0131k siyah tasar\u0131m\u0131&#8230;<\/p>\n","protected":false},"featured_media":131096,"comment_status":"open","ping_status":"closed","template":"","meta":{"_kad_post_transparent":"","_kad_post_title":"","_kad_post_layout":"","_kad_post_sidebar_id":"","_kad_post_content_style":"","_kad_post_vertical_padding":"","_kad_post_feature":"","_kad_post_feature_position":"","_kad_post_header":false,"_kad_post_footer":false,"_kad_post_classname":""},"product_brand":[],"product_cat":[14946],"product_tag":[],"class_list":{"0":"post-131097","1":"product","2":"type-product","3":"status-publish","4":"has-post-thumbnail","6":"product_cat-bahce-aydinlatmasi-bahce-aydinlatmasi","8":"first","9":"instock","10":"purchasable","11":"product-type-simple","12":"entry","13":"content-bg","14":"loop-entry"},"_links":{"self":[{"href":"https:\/\/www.hediyepazar.com\/index.php?rest_route=\/wp\/v2\/product\/131097","targetHints":{"allow":["GET"]}}],"collection":[{"href":"https:\/\/www.hediyepazar.com\/index.php?rest_route=\/wp\/v2\/product"}],"about":[{"href":"https:\/\/www.hediyepazar.com\/index.php?rest_route=\/wp\/v2\/types\/product"}],"replies":[{"embeddable":true,"href":"https:\/\/www.hediyepazar.com\/index.php?rest_route=%2Fwp%2Fv2%2Fcomments&post=131097"}],"wp:featuredmedia":[{"embeddable":true,"href":"https:\/\/www.hediyepazar.com\/index.php?rest_route=\/wp\/v2\/media\/131096"}],"wp:attachment":[{"href":"https:\/\/www.hediyepazar.com\/index.php?rest_route=%2Fwp%2Fv2%2Fmedia&parent=131097"}],"wp:term":[{"taxonomy":"product_brand","embeddable":true,"href":"https:\/\/www.hediyepazar.com\/index.php?rest_route=%2Fwp%2Fv2%2Fproduct_brand&post=131097"},{"taxonomy":"product_cat","embeddable":true,"href":"https:\/\/www.hediyepazar.com\/index.php?rest_route=%2Fwp%2Fv2%2Fproduct_cat&post=131097"},{"taxonomy":"product_tag","embeddable":true,"href":"https:\/\/www.hediyepazar.com\/index.php?rest_route=%2Fwp%2Fv2%2Fproduct_tag&post=131097"}],"curies":[{"name":"wp","href":"https:\/\/api.w.org\/{rel}","templated":true}]}}