{"id":131116,"date":"2026-05-07T09:42:10","date_gmt":"2026-05-07T12:42:10","guid":{"rendered":"https:\/\/www.hediyepazar.com\/?product=sessiz-calisan-sinek-oldurucu-lamba-elektrikli-hasere-kovucu-uv-sistem"},"modified":"2026-05-07T09:42:10","modified_gmt":"2026-05-07T12:42:10","slug":"sessiz-calisan-sinek-oldurucu-lamba-elektrikli-hasere-kovucu-uv-sistem","status":"publish","type":"product","link":"https:\/\/www.hediyepazar.com\/?product=sessiz-calisan-sinek-oldurucu-lamba-elektrikli-hasere-kovucu-uv-sistem","title":{"rendered":"Sessiz \u00c7al\u0131\u015fan Sinek \u00d6ld\u00fcr\u00fcc\u00fc Lamba Elektrikli Ha\u015fere Kovucu UV Sistem"},"content":{"rendered":"<p>Sessiz \u00e7al\u0131\u015fan sinek \u00f6ld\u00fcr\u00fcc\u00fc lamba, evde huzurlu ortam\u0131 bozmadan sinek sorununu azaltmak i\u00e7in tasarlanm\u0131\u015ft\u0131r. Rahats\u0131z edici ses \u00e7\u0131karmadan \u00e7al\u0131\u015fan yap\u0131s\u0131 sayesinde \u00f6zellikle gece kullan\u0131m\u0131 i\u00e7in idealdir.UV \u0131\u015f\u0131kl\u0131 \u00e7ekim sistemi sinek ve u\u00e7an b\u00f6cekleri kendine y\u00f6nlendirir. Kimyasal madde kullanmadan \u00e7al\u0131\u015ft\u0131\u011f\u0131 i\u00e7in daha temiz kullan\u0131m sunar. Sprey kokusundan rahats\u0131z olan kullan\u0131c\u0131lar i\u00e7in uygundur.Salon, mutfak, yatak odas\u0131, balkon, ofis ve yazl\u0131k alanlarda rahat\u00e7a kullan\u0131labilir. Geni\u015f kullan\u0131m alan\u0131 sunar.Tak \u00e7al\u0131\u015ft\u0131r sistemi ile prize ba\u011fland\u0131\u011f\u0131nda hemen kullan\u0131ma haz\u0131r hale gelir. Kullan\u0131m\u0131 son derece pratiktir.Kompakt boyutu sayesinde az yer kaplar. Hafif yap\u0131s\u0131 ile kolay ta\u015f\u0131nabilir.Dayan\u0131kl\u0131 malzeme yap\u0131s\u0131 sayesinde uzun s\u00fcre kullan\u0131labilir.<\/p>\n","protected":false},"excerpt":{"rendered":"<p>Sessiz \u00e7al\u0131\u015fan sinek \u00f6ld\u00fcr\u00fcc\u00fc lamba, evde huzurlu ortam\u0131 bozmadan sinek sorununu azaltmak i\u00e7in tasarlanm\u0131\u015ft\u0131r. Rahats\u0131z edici ses \u00e7\u0131karmadan \u00e7al\u0131\u015fan yap\u0131s\u0131 sayesinde \u00f6zellikle gece kullan\u0131m\u0131 i\u00e7in idealdir.UV \u0131\u015f\u0131kl\u0131 \u00e7ekim sistemi sinek ve u\u00e7an b\u00f6cekleri kendine y\u00f6nlendirir. Kimyasal madde kullanmadan \u00e7al\u0131\u015ft\u0131\u011f\u0131 i\u00e7in daha temiz kullan\u0131m sunar. Sprey kokusundan rahats\u0131z olan kullan\u0131c\u0131lar i\u00e7in uygundur.Salon, mutfak, yatak odas\u0131, balkon,&#8230;<\/p>\n","protected":false},"featured_media":131115,"comment_status":"open","ping_status":"closed","template":"","meta":{"_kad_post_transparent":"","_kad_post_title":"","_kad_post_layout":"","_kad_post_sidebar_id":"","_kad_post_content_style":"","_kad_post_vertical_padding":"","_kad_post_feature":"","_kad_post_feature_position":"","_kad_post_header":false,"_kad_post_footer":false,"_kad_post_classname":""},"product_brand":[],"product_cat":[15078],"product_tag":[],"class_list":{"0":"post-131116","1":"product","2":"type-product","3":"status-publish","4":"has-post-thumbnail","6":"product_cat-hasere-kovucular-hasere-kovucular","8":"first","9":"instock","10":"purchasable","11":"product-type-simple","12":"entry","13":"content-bg","14":"loop-entry"},"_links":{"self":[{"href":"https:\/\/www.hediyepazar.com\/index.php?rest_route=\/wp\/v2\/product\/131116","targetHints":{"allow":["GET"]}}],"collection":[{"href":"https:\/\/www.hediyepazar.com\/index.php?rest_route=\/wp\/v2\/product"}],"about":[{"href":"https:\/\/www.hediyepazar.com\/index.php?rest_route=\/wp\/v2\/types\/product"}],"replies":[{"embeddable":true,"href":"https:\/\/www.hediyepazar.com\/index.php?rest_route=%2Fwp%2Fv2%2Fcomments&post=131116"}],"wp:featuredmedia":[{"embeddable":true,"href":"https:\/\/www.hediyepazar.com\/index.php?rest_route=\/wp\/v2\/media\/131115"}],"wp:attachment":[{"href":"https:\/\/www.hediyepazar.com\/index.php?rest_route=%2Fwp%2Fv2%2Fmedia&parent=131116"}],"wp:term":[{"taxonomy":"product_brand","embeddable":true,"href":"https:\/\/www.hediyepazar.com\/index.php?rest_route=%2Fwp%2Fv2%2Fproduct_brand&post=131116"},{"taxonomy":"product_cat","embeddable":true,"href":"https:\/\/www.hediyepazar.com\/index.php?rest_route=%2Fwp%2Fv2%2Fproduct_cat&post=131116"},{"taxonomy":"product_tag","embeddable":true,"href":"https:\/\/www.hediyepazar.com\/index.php?rest_route=%2Fwp%2Fv2%2Fproduct_tag&post=131116"}],"curies":[{"name":"wp","href":"https:\/\/api.w.org\/{rel}","templated":true}]}}