{"id":131126,"date":"2026-05-07T09:43:12","date_gmt":"2026-05-07T12:43:12","guid":{"rendered":"https:\/\/www.hediyepazar.com\/?product=tasinabilir-mini-shaver-sarjli-tiras-makinesi-islak-kuru-kullanim"},"modified":"2026-05-07T09:43:12","modified_gmt":"2026-05-07T12:43:12","slug":"tasinabilir-mini-shaver-sarjli-tiras-makinesi-islak-kuru-kullanim","status":"publish","type":"product","link":"https:\/\/www.hediyepazar.com\/?product=tasinabilir-mini-shaver-sarjli-tiras-makinesi-islak-kuru-kullanim","title":{"rendered":"Ta\u015f\u0131nabilir Mini Shaver \u015earjl\u0131 T\u0131ra\u015f Makinesi Islak Kuru Kullan\u0131m"},"content":{"rendered":"<p>Ta\u015f\u0131nabilir Mini Shaver, her an bak\u0131ml\u0131 g\u00f6r\u00fcnmek isteyenler i\u00e7in tasarlanm\u0131\u015f kompakt ve g\u00fc\u00e7l\u00fc bir t\u0131ra\u015f makinesidir. Seyahatlerde b\u00fcy\u00fck makineler ta\u015f\u0131ma zorunlulu\u011funu ortadan kald\u0131r\u0131r. K\u00fc\u00e7\u00fck yap\u0131s\u0131na ra\u011fmen g\u00fc\u00e7l\u00fc motoru sayesinde etkili sonu\u00e7 verir.K\u0131sa sakallar \u00fczerinde ba\u015far\u0131l\u0131 performans g\u00f6sterir. G\u00fcnl\u00fck veya iki g\u00fcnl\u00fck sakal temizli\u011finde pratik \u00e7\u00f6z\u00fcm sunar. Hassas ba\u015fl\u0131k yap\u0131s\u0131 sayesinde y\u00fcz k\u0131vr\u0131mlar\u0131na uyum sa\u011flar. Daha p\u00fcr\u00fczs\u00fcz sonu\u00e7 i\u00e7in \u00f6zel kesim sistemi kullan\u0131lm\u0131\u015ft\u0131r.Islak ve kuru kullan\u0131m \u00f6zelli\u011fi ile \u00e7ok y\u00f6nl\u00fc avantaj sa\u011flar. \u0130sterseniz du\u015f sonras\u0131, isterseniz kuru \u015fekilde kullanabilirsiniz. IPX6 korumas\u0131 ile su s\u0131\u00e7ramalar\u0131na dayan\u0131kl\u0131d\u0131r.USB \u015farj \u00f6zelli\u011fi sayesinde her yerde kolayca \u015farj edilir. Laptop, ara\u00e7, powerbank ve adapt\u00f6r deste\u011fi ile seyahat dostudur. Tek \u015farj ile uzun s\u00fcre kullan\u0131m sa\u011flar.Modern g\u00f6r\u00fcn\u00fcm\u00fc ve ergonomik tasar\u0131m\u0131 sayesinde kullan\u0131m keyfi sunar. G\u00fcnl\u00fck bak\u0131m rutininizi kolayla\u015ft\u0131r\u0131r.<\/p>\n","protected":false},"excerpt":{"rendered":"<p>Ta\u015f\u0131nabilir Mini Shaver, her an bak\u0131ml\u0131 g\u00f6r\u00fcnmek isteyenler i\u00e7in tasarlanm\u0131\u015f kompakt ve g\u00fc\u00e7l\u00fc bir t\u0131ra\u015f makinesidir. Seyahatlerde b\u00fcy\u00fck makineler ta\u015f\u0131ma zorunlulu\u011funu ortadan kald\u0131r\u0131r. K\u00fc\u00e7\u00fck yap\u0131s\u0131na ra\u011fmen g\u00fc\u00e7l\u00fc motoru sayesinde etkili sonu\u00e7 verir.K\u0131sa sakallar \u00fczerinde ba\u015far\u0131l\u0131 performans g\u00f6sterir. G\u00fcnl\u00fck veya iki g\u00fcnl\u00fck sakal temizli\u011finde pratik \u00e7\u00f6z\u00fcm sunar. Hassas ba\u015fl\u0131k yap\u0131s\u0131 sayesinde y\u00fcz k\u0131vr\u0131mlar\u0131na uyum sa\u011flar. Daha&#8230;<\/p>\n","protected":false},"featured_media":131125,"comment_status":"open","ping_status":"closed","template":"","meta":{"_kad_post_transparent":"","_kad_post_title":"","_kad_post_layout":"","_kad_post_sidebar_id":"","_kad_post_content_style":"","_kad_post_vertical_padding":"","_kad_post_feature":"","_kad_post_feature_position":"","_kad_post_header":false,"_kad_post_footer":false,"_kad_post_classname":""},"product_brand":[],"product_cat":[14925],"product_tag":[],"class_list":{"0":"post-131126","1":"product","2":"type-product","3":"status-publish","4":"has-post-thumbnail","6":"product_cat-tiras-makinesi-tiras-makinesi","8":"first","9":"instock","10":"purchasable","11":"product-type-simple","12":"entry","13":"content-bg","14":"loop-entry"},"_links":{"self":[{"href":"https:\/\/www.hediyepazar.com\/index.php?rest_route=\/wp\/v2\/product\/131126","targetHints":{"allow":["GET"]}}],"collection":[{"href":"https:\/\/www.hediyepazar.com\/index.php?rest_route=\/wp\/v2\/product"}],"about":[{"href":"https:\/\/www.hediyepazar.com\/index.php?rest_route=\/wp\/v2\/types\/product"}],"replies":[{"embeddable":true,"href":"https:\/\/www.hediyepazar.com\/index.php?rest_route=%2Fwp%2Fv2%2Fcomments&post=131126"}],"wp:featuredmedia":[{"embeddable":true,"href":"https:\/\/www.hediyepazar.com\/index.php?rest_route=\/wp\/v2\/media\/131125"}],"wp:attachment":[{"href":"https:\/\/www.hediyepazar.com\/index.php?rest_route=%2Fwp%2Fv2%2Fmedia&parent=131126"}],"wp:term":[{"taxonomy":"product_brand","embeddable":true,"href":"https:\/\/www.hediyepazar.com\/index.php?rest_route=%2Fwp%2Fv2%2Fproduct_brand&post=131126"},{"taxonomy":"product_cat","embeddable":true,"href":"https:\/\/www.hediyepazar.com\/index.php?rest_route=%2Fwp%2Fv2%2Fproduct_cat&post=131126"},{"taxonomy":"product_tag","embeddable":true,"href":"https:\/\/www.hediyepazar.com\/index.php?rest_route=%2Fwp%2Fv2%2Fproduct_tag&post=131126"}],"curies":[{"name":"wp","href":"https:\/\/api.w.org\/{rel}","templated":true}]}}