{"id":131135,"date":"2026-05-07T09:44:21","date_gmt":"2026-05-07T12:44:21","guid":{"rendered":"https:\/\/www.hediyepazar.com\/?product=5-esans-hediyeli-arac-difuzoru-nemlendirici-led-isikli-buhar-cihazi"},"modified":"2026-05-07T09:44:21","modified_gmt":"2026-05-07T12:44:21","slug":"5-esans-hediyeli-arac-difuzoru-nemlendirici-led-isikli-buhar-cihazi","status":"publish","type":"product","link":"https:\/\/www.hediyepazar.com\/?product=5-esans-hediyeli-arac-difuzoru-nemlendirici-led-isikli-buhar-cihazi","title":{"rendered":"5 Esans Hediyeli Ara\u00e7 Dif\u00fcz\u00f6r\u00fc Nemlendirici LED I\u015f\u0131kl\u0131 Buhar Cihaz\u0131"},"content":{"rendered":"<p>5 esans hediyeli ara\u00e7 dif\u00fcz\u00f6r\u00fc, ara\u00e7 i\u00e7indeki havay\u0131 tazelemek ve kuru ortam\u0131 dengelemek isteyen kullan\u0131c\u0131lar i\u00e7in tasarlanm\u0131\u015ft\u0131r. \u0130nce sis teknolojisi sayesinde ortama hafif nem verir ve ara\u00e7 i\u00e7indeki hava kalitesinin artmas\u0131na yard\u0131mc\u0131 olur. \u00d6zellikle klima \u00e7al\u0131\u015fan ara\u00e7larda kullan\u0131m i\u00e7in olduk\u00e7a uygundur.Hediyeli olarak g\u00f6nderilen 5 farkl\u0131 esans ile ara\u00e7 i\u00e7inde ho\u015f kokular elde edebilirsiniz. \u0130stenmeyen kokular\u0131n bast\u0131r\u0131lmas\u0131na yard\u0131mc\u0131 olur. G\u00fcnl\u00fck kullan\u0131mda daha temiz ve ferah bir his sa\u011flar.LED \u0131\u015f\u0131k \u00f6zelli\u011fi sayesinde gece kullan\u0131mlar\u0131nda ho\u015f bir g\u00f6r\u00fcn\u00fcm sunar. Ara\u00e7 i\u00e7i atmosferini g\u00fczelle\u015ftirir. Modern tasar\u0131m\u0131 ile ara\u00e7 aksesuar\u0131 olarak \u015f\u0131k g\u00f6r\u00fcn\u00fcr.USB ile \u00e7al\u0131\u015fan sistem sayesinde kolay kullan\u0131m sunar. Tak \u00e7al\u0131\u015ft\u0131r \u00f6zelli\u011fi ile an\u0131nda aktif hale gelir. G\u00fc\u00e7 bankas\u0131 ve farkl\u0131 USB kaynaklar\u0131yla da kullan\u0131labilir.Sessiz motor sistemi sayesinde s\u00fcr\u00fc\u015f s\u0131ras\u0131nda dikkat da\u011f\u0131tmaz. Minimal tasar\u0131m\u0131 sayesinde ara\u00e7 i\u00e7inde d\u00fczenli g\u00f6r\u00fcn\u00fcm sa\u011flar.Uzun yolculuk, g\u00fcnl\u00fck kullan\u0131m ve hediye se\u00e7ene\u011fi olarak tercih edilebilir kullan\u0131\u015fl\u0131 bir \u00fcr\u00fcnd\u00fcr.<\/p>\n","protected":false},"excerpt":{"rendered":"<p>5 esans hediyeli ara\u00e7 dif\u00fcz\u00f6r\u00fc, ara\u00e7 i\u00e7indeki havay\u0131 tazelemek ve kuru ortam\u0131 dengelemek isteyen kullan\u0131c\u0131lar i\u00e7in tasarlanm\u0131\u015ft\u0131r. \u0130nce sis teknolojisi sayesinde ortama hafif nem verir ve ara\u00e7 i\u00e7indeki hava kalitesinin artmas\u0131na yard\u0131mc\u0131 olur. \u00d6zellikle klima \u00e7al\u0131\u015fan ara\u00e7larda kullan\u0131m i\u00e7in olduk\u00e7a uygundur.Hediyeli olarak g\u00f6nderilen 5 farkl\u0131 esans ile ara\u00e7 i\u00e7inde ho\u015f kokular elde edebilirsiniz. \u0130stenmeyen kokular\u0131n&#8230;<\/p>\n","protected":false},"featured_media":131134,"comment_status":"open","ping_status":"closed","template":"","meta":{"_kad_post_transparent":"","_kad_post_title":"","_kad_post_layout":"","_kad_post_sidebar_id":"","_kad_post_content_style":"","_kad_post_vertical_padding":"","_kad_post_feature":"","_kad_post_feature_position":"","_kad_post_header":false,"_kad_post_footer":false,"_kad_post_classname":""},"product_brand":[],"product_cat":[14965],"product_tag":[],"class_list":{"0":"post-131135","1":"product","2":"type-product","3":"status-publish","4":"has-post-thumbnail","6":"product_cat-hava-nemlendirici-hava-nemlendirici","8":"first","9":"instock","10":"purchasable","11":"product-type-simple","12":"entry","13":"content-bg","14":"loop-entry"},"_links":{"self":[{"href":"https:\/\/www.hediyepazar.com\/index.php?rest_route=\/wp\/v2\/product\/131135","targetHints":{"allow":["GET"]}}],"collection":[{"href":"https:\/\/www.hediyepazar.com\/index.php?rest_route=\/wp\/v2\/product"}],"about":[{"href":"https:\/\/www.hediyepazar.com\/index.php?rest_route=\/wp\/v2\/types\/product"}],"replies":[{"embeddable":true,"href":"https:\/\/www.hediyepazar.com\/index.php?rest_route=%2Fwp%2Fv2%2Fcomments&post=131135"}],"wp:featuredmedia":[{"embeddable":true,"href":"https:\/\/www.hediyepazar.com\/index.php?rest_route=\/wp\/v2\/media\/131134"}],"wp:attachment":[{"href":"https:\/\/www.hediyepazar.com\/index.php?rest_route=%2Fwp%2Fv2%2Fmedia&parent=131135"}],"wp:term":[{"taxonomy":"product_brand","embeddable":true,"href":"https:\/\/www.hediyepazar.com\/index.php?rest_route=%2Fwp%2Fv2%2Fproduct_brand&post=131135"},{"taxonomy":"product_cat","embeddable":true,"href":"https:\/\/www.hediyepazar.com\/index.php?rest_route=%2Fwp%2Fv2%2Fproduct_cat&post=131135"},{"taxonomy":"product_tag","embeddable":true,"href":"https:\/\/www.hediyepazar.com\/index.php?rest_route=%2Fwp%2Fv2%2Fproduct_tag&post=131135"}],"curies":[{"name":"wp","href":"https:\/\/api.w.org\/{rel}","templated":true}]}}