{"id":131161,"date":"2026-05-07T09:49:15","date_gmt":"2026-05-07T12:49:15","guid":{"rendered":"https:\/\/www.hediyepazar.com\/?product=ust-vucut-sikilastirma-egzersiz-aleti-direnc-bantli-spor-seti"},"modified":"2026-05-07T09:49:15","modified_gmt":"2026-05-07T12:49:15","slug":"ust-vucut-sikilastirma-egzersiz-aleti-direnc-bantli-spor-seti","status":"publish","type":"product","link":"https:\/\/www.hediyepazar.com\/?product=ust-vucut-sikilastirma-egzersiz-aleti-direnc-bantli-spor-seti","title":{"rendered":"\u00dcst V\u00fccut S\u0131k\u0131la\u015ft\u0131rma Egzersiz Aleti Diren\u00e7 Bantl\u0131 Spor Seti"},"content":{"rendered":"<p>\u00dcst v\u00fccut s\u0131k\u0131la\u015ft\u0131rma egzersiz aleti, d\u00fczenli spor yapmak isteyenler i\u00e7in pratik kullan\u0131m sunar. Kol, omuz, s\u0131rt ve g\u00f6\u011f\u00fcs b\u00f6lgesini \u00e7al\u0131\u015ft\u0131rmaya yard\u0131mc\u0131 olur.Diren\u00e7 sistemi ile kas dayan\u0131kl\u0131l\u0131\u011f\u0131n\u0131 destekler. G\u00fcnl\u00fck k\u0131sa egzersizlerde rahatl\u0131kla kullan\u0131labilir.Ev han\u0131mlar\u0131, \u00f6\u011frenciler ve yo\u011fun \u00e7al\u0131\u015fan ki\u015filer i\u00e7in uygundur. Evde zaman kaybetmeden spor yapma imkan\u0131 sunar.Tutma kollar\u0131 ergonomik yap\u0131dad\u0131r.Kompakt tasar\u0131m\u0131 sayesinde kolay ta\u015f\u0131n\u0131r ve saklan\u0131r.Sa\u011fl\u0131kl\u0131 ya\u015fam rutinine destek sa\u011flayan kullan\u0131\u015fl\u0131 \u00fcr\u00fcnd\u00fcr.<\/p>\n","protected":false},"excerpt":{"rendered":"<p>\u00dcst v\u00fccut s\u0131k\u0131la\u015ft\u0131rma egzersiz aleti, d\u00fczenli spor yapmak isteyenler i\u00e7in pratik kullan\u0131m sunar. Kol, omuz, s\u0131rt ve g\u00f6\u011f\u00fcs b\u00f6lgesini \u00e7al\u0131\u015ft\u0131rmaya yard\u0131mc\u0131 olur.Diren\u00e7 sistemi ile kas dayan\u0131kl\u0131l\u0131\u011f\u0131n\u0131 destekler. G\u00fcnl\u00fck k\u0131sa egzersizlerde rahatl\u0131kla kullan\u0131labilir.Ev han\u0131mlar\u0131, \u00f6\u011frenciler ve yo\u011fun \u00e7al\u0131\u015fan ki\u015filer i\u00e7in uygundur. Evde zaman kaybetmeden spor yapma imkan\u0131 sunar.Tutma kollar\u0131 ergonomik yap\u0131dad\u0131r.Kompakt tasar\u0131m\u0131 sayesinde kolay ta\u015f\u0131n\u0131r ve&#8230;<\/p>\n","protected":false},"featured_media":131160,"comment_status":"open","ping_status":"closed","template":"","meta":{"_kad_post_transparent":"","_kad_post_title":"","_kad_post_layout":"","_kad_post_sidebar_id":"","_kad_post_content_style":"","_kad_post_vertical_padding":"","_kad_post_feature":"","_kad_post_feature_position":"","_kad_post_header":false,"_kad_post_footer":false,"_kad_post_classname":""},"product_brand":[],"product_cat":[15095],"product_tag":[],"class_list":{"0":"post-131161","1":"product","2":"type-product","3":"status-publish","4":"has-post-thumbnail","6":"product_cat-egzersiz-aletleri-egzersiz-aletleri","8":"first","9":"instock","10":"purchasable","11":"product-type-simple","12":"entry","13":"content-bg","14":"loop-entry"},"_links":{"self":[{"href":"https:\/\/www.hediyepazar.com\/index.php?rest_route=\/wp\/v2\/product\/131161","targetHints":{"allow":["GET"]}}],"collection":[{"href":"https:\/\/www.hediyepazar.com\/index.php?rest_route=\/wp\/v2\/product"}],"about":[{"href":"https:\/\/www.hediyepazar.com\/index.php?rest_route=\/wp\/v2\/types\/product"}],"replies":[{"embeddable":true,"href":"https:\/\/www.hediyepazar.com\/index.php?rest_route=%2Fwp%2Fv2%2Fcomments&post=131161"}],"wp:featuredmedia":[{"embeddable":true,"href":"https:\/\/www.hediyepazar.com\/index.php?rest_route=\/wp\/v2\/media\/131160"}],"wp:attachment":[{"href":"https:\/\/www.hediyepazar.com\/index.php?rest_route=%2Fwp%2Fv2%2Fmedia&parent=131161"}],"wp:term":[{"taxonomy":"product_brand","embeddable":true,"href":"https:\/\/www.hediyepazar.com\/index.php?rest_route=%2Fwp%2Fv2%2Fproduct_brand&post=131161"},{"taxonomy":"product_cat","embeddable":true,"href":"https:\/\/www.hediyepazar.com\/index.php?rest_route=%2Fwp%2Fv2%2Fproduct_cat&post=131161"},{"taxonomy":"product_tag","embeddable":true,"href":"https:\/\/www.hediyepazar.com\/index.php?rest_route=%2Fwp%2Fv2%2Fproduct_tag&post=131161"}],"curies":[{"name":"wp","href":"https:\/\/api.w.org\/{rel}","templated":true}]}}