{"id":131252,"date":"2026-05-07T10:08:19","date_gmt":"2026-05-07T13:08:19","guid":{"rendered":"https:\/\/www.hediyepazar.com\/?product=sarjli-dis-fircasi-su-gecirmez-guclu-motor-ve-ergonomik-tasarim"},"modified":"2026-05-07T10:08:19","modified_gmt":"2026-05-07T13:08:19","slug":"sarjli-dis-fircasi-su-gecirmez-guclu-motor-ve-ergonomik-tasarim","status":"publish","type":"product","link":"https:\/\/www.hediyepazar.com\/?product=sarjli-dis-fircasi-su-gecirmez-guclu-motor-ve-ergonomik-tasarim","title":{"rendered":"\u015earjl\u0131 Di\u015f F\u0131r\u00e7as\u0131 Su Ge\u00e7irmez G\u00fc\u00e7l\u00fc Motor ve Ergonomik Tasar\u0131m"},"content":{"rendered":"<p>Sonic teknolojisi ile geli\u015ftirilen bu di\u015f f\u0131r\u00e7as\u0131, y\u00fcksek titre\u015fim g\u00fcc\u00fc sayesinde etkili ve derinlemesine temizlik sa\u011flar. Dakikada 21.000 titre\u015fim kapasitesi ile di\u015f y\u00fczeyindeki plaklar\u0131 h\u0131zl\u0131 ve etkili \u015fekilde temizlerken, di\u015f etlerine nazik davran\u0131r. Bu sayede hem sa\u011fl\u0131kl\u0131 di\u015fler hem de g\u00fc\u00e7l\u00fc di\u015f etleri elde etmenize yard\u0131mc\u0131 olur.5 farkl\u0131 \u00e7al\u0131\u015fma modu sayesinde her kullan\u0131c\u0131 kendi ihtiyac\u0131na uygun temizlik modunu se\u00e7ebilir. G\u00fcnl\u00fck temizlik, hassas bak\u0131m, masaj, beyazlatma ve yo\u011fun temizlik gibi modlar sayesinde ki\u015fiselle\u015ftirilmi\u015f bir deneyim sunar. Bu \u00f6zellik \u00f6zellikle farkl\u0131 di\u015f yap\u0131s\u0131na sahip kullan\u0131c\u0131lar i\u00e7in b\u00fcy\u00fck avantaj sa\u011flar.500 mAh batarya kapasitesi ile uzun s\u00fcreli kullan\u0131m sunan \u00fcr\u00fcn, tek \u015farj ile g\u00fcnlerce kullan\u0131labilir. \u015earj s\u00fcresi ortalama 3-4 saat olup, pratik bir kullan\u0131m sunar. LED g\u00f6sterge sistemi sayesinde pil durumu kolayca takip edilebilir.IPX7 su ge\u00e7irmezlik \u00f6zelli\u011fi sayesinde \u00fcr\u00fcn suya dayan\u0131kl\u0131d\u0131r ve g\u00fcvenle y\u0131kanabilir. Bu \u00f6zellik hijyen a\u00e7\u0131s\u0131ndan b\u00fcy\u00fck \u00f6nem ta\u015f\u0131r. Ayr\u0131ca paket i\u00e7erisinde bulunan 4 adet yedek ba\u015fl\u0131k ile uzun s\u00fcre kullan\u0131m imkan\u0131 sunar.Modern tasar\u0131m\u0131, g\u00fc\u00e7l\u00fc performans\u0131 ve kullan\u0131c\u0131 dostu \u00f6zellikleri ile bu di\u015f f\u0131r\u00e7as\u0131, a\u011f\u0131z bak\u0131m\u0131nda \u00fcst d\u00fczey bir deneyim arayanlar i\u00e7in ideal bir tercihtir.<\/p>\n","protected":false},"excerpt":{"rendered":"<p>Sonic teknolojisi ile geli\u015ftirilen bu di\u015f f\u0131r\u00e7as\u0131, y\u00fcksek titre\u015fim g\u00fcc\u00fc sayesinde etkili ve derinlemesine temizlik sa\u011flar. Dakikada 21.000 titre\u015fim kapasitesi ile di\u015f y\u00fczeyindeki plaklar\u0131 h\u0131zl\u0131 ve etkili \u015fekilde temizlerken, di\u015f etlerine nazik davran\u0131r. Bu sayede hem sa\u011fl\u0131kl\u0131 di\u015fler hem de g\u00fc\u00e7l\u00fc di\u015f etleri elde etmenize yard\u0131mc\u0131 olur.5 farkl\u0131 \u00e7al\u0131\u015fma modu sayesinde her kullan\u0131c\u0131 kendi ihtiyac\u0131na&#8230;<\/p>\n","protected":false},"featured_media":131251,"comment_status":"open","ping_status":"closed","template":"","meta":{"_kad_post_transparent":"","_kad_post_title":"","_kad_post_layout":"","_kad_post_sidebar_id":"","_kad_post_content_style":"","_kad_post_vertical_padding":"","_kad_post_feature":"","_kad_post_feature_position":"","_kad_post_header":false,"_kad_post_footer":false,"_kad_post_classname":""},"product_brand":[],"product_cat":[15308],"product_tag":[],"class_list":{"0":"post-131252","1":"product","2":"type-product","3":"status-publish","4":"has-post-thumbnail","6":"product_cat-dis-fircasi-dis-fircasi-2","8":"first","9":"instock","10":"purchasable","11":"product-type-simple","12":"entry","13":"content-bg","14":"loop-entry"},"_links":{"self":[{"href":"https:\/\/www.hediyepazar.com\/index.php?rest_route=\/wp\/v2\/product\/131252","targetHints":{"allow":["GET"]}}],"collection":[{"href":"https:\/\/www.hediyepazar.com\/index.php?rest_route=\/wp\/v2\/product"}],"about":[{"href":"https:\/\/www.hediyepazar.com\/index.php?rest_route=\/wp\/v2\/types\/product"}],"replies":[{"embeddable":true,"href":"https:\/\/www.hediyepazar.com\/index.php?rest_route=%2Fwp%2Fv2%2Fcomments&post=131252"}],"wp:featuredmedia":[{"embeddable":true,"href":"https:\/\/www.hediyepazar.com\/index.php?rest_route=\/wp\/v2\/media\/131251"}],"wp:attachment":[{"href":"https:\/\/www.hediyepazar.com\/index.php?rest_route=%2Fwp%2Fv2%2Fmedia&parent=131252"}],"wp:term":[{"taxonomy":"product_brand","embeddable":true,"href":"https:\/\/www.hediyepazar.com\/index.php?rest_route=%2Fwp%2Fv2%2Fproduct_brand&post=131252"},{"taxonomy":"product_cat","embeddable":true,"href":"https:\/\/www.hediyepazar.com\/index.php?rest_route=%2Fwp%2Fv2%2Fproduct_cat&post=131252"},{"taxonomy":"product_tag","embeddable":true,"href":"https:\/\/www.hediyepazar.com\/index.php?rest_route=%2Fwp%2Fv2%2Fproduct_tag&post=131252"}],"curies":[{"name":"wp","href":"https:\/\/api.w.org\/{rel}","templated":true}]}}