{"id":131264,"date":"2026-05-07T10:11:20","date_gmt":"2026-05-07T13:11:20","guid":{"rendered":"https:\/\/www.hediyepazar.com\/?product=akilli-led-ekran-paneli-uygulama-kontrollu-yazi-ve-animasyon-gosterimi"},"modified":"2026-05-07T10:11:20","modified_gmt":"2026-05-07T13:11:20","slug":"akilli-led-ekran-paneli-uygulama-kontrollu-yazi-ve-animasyon-gosterimi","status":"publish","type":"product","link":"https:\/\/www.hediyepazar.com\/?product=akilli-led-ekran-paneli-uygulama-kontrollu-yazi-ve-animasyon-gosterimi","title":{"rendered":"Ak\u0131ll\u0131 LED Ekran Paneli Uygulama Kontroll\u00fc Yaz\u0131 ve Animasyon G\u00f6sterimi"},"content":{"rendered":"<p>Ak\u0131ll\u0131 LED ekran paneli, kullan\u0131c\u0131lar\u0131n kendi i\u00e7eriklerini olu\u015fturabilece\u011fi modern bir dijital ekran \u00e7\u00f6z\u00fcm\u00fcd\u00fcr.Telefon uygulamas\u0131 ile kolay kontrol edilir.Kayan yaz\u0131 ve animasyon olu\u015fturma \u00f6zelli\u011fi sunar.RGB LED teknolojisi ile canl\u0131 g\u00f6r\u00fcnt\u00fcler sa\u011flar.Teknik \u00d6zellikler:LED Dizilim: 16x96Giri\u015f: 5V \/ 2AKontrol: APP destekliG\u00f6sterim: Yaz\u0131, animasyon, saatEnerji tasarruflu ve uzun \u00f6m\u00fcrl\u00fcd\u00fcr.<\/p>\n","protected":false},"excerpt":{"rendered":"<p>Ak\u0131ll\u0131 LED ekran paneli, kullan\u0131c\u0131lar\u0131n kendi i\u00e7eriklerini olu\u015fturabilece\u011fi modern bir dijital ekran \u00e7\u00f6z\u00fcm\u00fcd\u00fcr.Telefon uygulamas\u0131 ile kolay kontrol edilir.Kayan yaz\u0131 ve animasyon olu\u015fturma \u00f6zelli\u011fi sunar.RGB LED teknolojisi ile canl\u0131 g\u00f6r\u00fcnt\u00fcler sa\u011flar.Teknik \u00d6zellikler:LED Dizilim: 16x96Giri\u015f: 5V \/ 2AKontrol: APP destekliG\u00f6sterim: Yaz\u0131, animasyon, saatEnerji tasarruflu ve uzun \u00f6m\u00fcrl\u00fcd\u00fcr.<\/p>\n","protected":false},"featured_media":131263,"comment_status":"open","ping_status":"closed","template":"","meta":{"_kad_post_transparent":"","_kad_post_title":"","_kad_post_layout":"","_kad_post_sidebar_id":"","_kad_post_content_style":"","_kad_post_vertical_padding":"","_kad_post_feature":"","_kad_post_feature_position":"","_kad_post_header":false,"_kad_post_footer":false,"_kad_post_classname":""},"product_brand":[],"product_cat":[14933],"product_tag":[],"class_list":{"0":"post-131264","1":"product","2":"type-product","3":"status-publish","4":"has-post-thumbnail","6":"product_cat-led-isik-led-isik","8":"first","9":"instock","10":"purchasable","11":"product-type-simple","12":"entry","13":"content-bg","14":"loop-entry"},"_links":{"self":[{"href":"https:\/\/www.hediyepazar.com\/index.php?rest_route=\/wp\/v2\/product\/131264","targetHints":{"allow":["GET"]}}],"collection":[{"href":"https:\/\/www.hediyepazar.com\/index.php?rest_route=\/wp\/v2\/product"}],"about":[{"href":"https:\/\/www.hediyepazar.com\/index.php?rest_route=\/wp\/v2\/types\/product"}],"replies":[{"embeddable":true,"href":"https:\/\/www.hediyepazar.com\/index.php?rest_route=%2Fwp%2Fv2%2Fcomments&post=131264"}],"wp:featuredmedia":[{"embeddable":true,"href":"https:\/\/www.hediyepazar.com\/index.php?rest_route=\/wp\/v2\/media\/131263"}],"wp:attachment":[{"href":"https:\/\/www.hediyepazar.com\/index.php?rest_route=%2Fwp%2Fv2%2Fmedia&parent=131264"}],"wp:term":[{"taxonomy":"product_brand","embeddable":true,"href":"https:\/\/www.hediyepazar.com\/index.php?rest_route=%2Fwp%2Fv2%2Fproduct_brand&post=131264"},{"taxonomy":"product_cat","embeddable":true,"href":"https:\/\/www.hediyepazar.com\/index.php?rest_route=%2Fwp%2Fv2%2Fproduct_cat&post=131264"},{"taxonomy":"product_tag","embeddable":true,"href":"https:\/\/www.hediyepazar.com\/index.php?rest_route=%2Fwp%2Fv2%2Fproduct_tag&post=131264"}],"curies":[{"name":"wp","href":"https:\/\/api.w.org\/{rel}","templated":true}]}}