{"id":14374,"date":"2026-04-26T07:48:43","date_gmt":"2026-04-26T10:48:43","guid":{"rendered":"https:\/\/www.hediyepazar.com\/?product=weko-2000hd-2023-hd-programlanabilir-akilli-kumanda"},"modified":"2026-04-26T07:48:46","modified_gmt":"2026-04-26T10:48:46","slug":"weko-2000hd-2023-hd-programlanabilir-akilli-kumanda","status":"publish","type":"product","link":"https:\/\/www.hediyepazar.com\/?product=weko-2000hd-2023-hd-programlanabilir-akilli-kumanda","title":{"rendered":"Weko 2000hd (2023 Hd) Programlanabilir Ak\u0131ll\u0131 Kumanda"},"content":{"rendered":"<p>Weko 2000hd (2023 Hd) Programlanabilir Ak\u0131ll\u0131 Kumanda<\/p>\n","protected":false},"excerpt":{"rendered":"<p>Weko 2000hd (2023 Hd) Programlanabilir Ak\u0131ll\u0131 Kumanda<\/p>\n","protected":false},"featured_media":14375,"comment_status":"closed","ping_status":"open","template":"","meta":{"_kad_post_transparent":"","_kad_post_title":"","_kad_post_layout":"","_kad_post_sidebar_id":"","_kad_post_content_style":"","_kad_post_vertical_padding":"","_kad_post_feature":"","_kad_post_feature_position":"","_kad_post_header":false,"_kad_post_footer":false,"_kad_post_classname":""},"product_brand":[],"product_cat":[306],"product_tag":[],"class_list":{"0":"post-14374","1":"product","2":"type-product","3":"status-publish","4":"has-post-thumbnail","6":"product_cat-uzaktan-kumanda-televizyon-ve-video-kumandalari","8":"first","9":"instock","10":"purchasable","11":"product-type-simple","12":"entry","13":"content-bg","14":"loop-entry"},"_links":{"self":[{"href":"https:\/\/www.hediyepazar.com\/index.php?rest_route=\/wp\/v2\/product\/14374","targetHints":{"allow":["GET"]}}],"collection":[{"href":"https:\/\/www.hediyepazar.com\/index.php?rest_route=\/wp\/v2\/product"}],"about":[{"href":"https:\/\/www.hediyepazar.com\/index.php?rest_route=\/wp\/v2\/types\/product"}],"replies":[{"embeddable":true,"href":"https:\/\/www.hediyepazar.com\/index.php?rest_route=%2Fwp%2Fv2%2Fcomments&post=14374"}],"wp:featuredmedia":[{"embeddable":true,"href":"https:\/\/www.hediyepazar.com\/index.php?rest_route=\/wp\/v2\/media\/14375"}],"wp:attachment":[{"href":"https:\/\/www.hediyepazar.com\/index.php?rest_route=%2Fwp%2Fv2%2Fmedia&parent=14374"}],"wp:term":[{"taxonomy":"product_brand","embeddable":true,"href":"https:\/\/www.hediyepazar.com\/index.php?rest_route=%2Fwp%2Fv2%2Fproduct_brand&post=14374"},{"taxonomy":"product_cat","embeddable":true,"href":"https:\/\/www.hediyepazar.com\/index.php?rest_route=%2Fwp%2Fv2%2Fproduct_cat&post=14374"},{"taxonomy":"product_tag","embeddable":true,"href":"https:\/\/www.hediyepazar.com\/index.php?rest_route=%2Fwp%2Fv2%2Fproduct_tag&post=14374"}],"curies":[{"name":"wp","href":"https:\/\/api.w.org\/{rel}","templated":true}]}}