{"id":1628,"date":"2026-04-26T06:38:05","date_gmt":"2026-04-26T09:38:05","guid":{"rendered":"https:\/\/www.hediyepazar.com\/?product=powermaster-pm-14612-4lu-ufleme-ucu-zd-952-serisi-uyumlu"},"modified":"2026-04-26T06:38:07","modified_gmt":"2026-04-26T09:38:07","slug":"powermaster-pm-14612-4lu-ufleme-ucu-zd-952-serisi-uyumlu","status":"publish","type":"product","link":"https:\/\/www.hediyepazar.com\/?product=powermaster-pm-14612-4lu-ufleme-ucu-zd-952-serisi-uyumlu","title":{"rendered":"Powermaster Pm-14612 4&#8217;l\u00fc \u00dcfleme Ucu (zd-952 Serisi Uyumlu)"},"content":{"rendered":"<p>Powermaster Pm-14612 4&#8217;l\u00fc \u00dcfleme Ucu (zd-952 Serisi Uyumlu)<\/p>\n","protected":false},"excerpt":{"rendered":"<p>Powermaster Pm-14612 4&#8217;l\u00fc \u00dcfleme Ucu (zd-952 Serisi Uyumlu)<\/p>\n","protected":false},"featured_media":1629,"comment_status":"closed","ping_status":"open","template":"","meta":{"_kad_post_transparent":"","_kad_post_title":"","_kad_post_layout":"","_kad_post_sidebar_id":"","_kad_post_content_style":"","_kad_post_vertical_padding":"","_kad_post_feature":"","_kad_post_feature_position":"","_kad_post_header":false,"_kad_post_footer":false,"_kad_post_classname":""},"product_brand":[],"product_cat":[273],"product_tag":[],"class_list":{"0":"post-1628","1":"product","2":"type-product","3":"status-publish","4":"has-post-thumbnail","6":"product_cat-hirdavat-malzemeleri-hirdavat-tamir-malzemeleri-havya-lehim-havya-uclari","8":"first","9":"instock","10":"purchasable","11":"product-type-simple","12":"entry","13":"content-bg","14":"loop-entry"},"_links":{"self":[{"href":"https:\/\/www.hediyepazar.com\/index.php?rest_route=\/wp\/v2\/product\/1628","targetHints":{"allow":["GET"]}}],"collection":[{"href":"https:\/\/www.hediyepazar.com\/index.php?rest_route=\/wp\/v2\/product"}],"about":[{"href":"https:\/\/www.hediyepazar.com\/index.php?rest_route=\/wp\/v2\/types\/product"}],"replies":[{"embeddable":true,"href":"https:\/\/www.hediyepazar.com\/index.php?rest_route=%2Fwp%2Fv2%2Fcomments&post=1628"}],"wp:featuredmedia":[{"embeddable":true,"href":"https:\/\/www.hediyepazar.com\/index.php?rest_route=\/wp\/v2\/media\/1629"}],"wp:attachment":[{"href":"https:\/\/www.hediyepazar.com\/index.php?rest_route=%2Fwp%2Fv2%2Fmedia&parent=1628"}],"wp:term":[{"taxonomy":"product_brand","embeddable":true,"href":"https:\/\/www.hediyepazar.com\/index.php?rest_route=%2Fwp%2Fv2%2Fproduct_brand&post=1628"},{"taxonomy":"product_cat","embeddable":true,"href":"https:\/\/www.hediyepazar.com\/index.php?rest_route=%2Fwp%2Fv2%2Fproduct_cat&post=1628"},{"taxonomy":"product_tag","embeddable":true,"href":"https:\/\/www.hediyepazar.com\/index.php?rest_route=%2Fwp%2Fv2%2Fproduct_tag&post=1628"}],"curies":[{"name":"wp","href":"https:\/\/api.w.org\/{rel}","templated":true}]}}