{"id":17274,"date":"2026-04-26T08:06:35","date_gmt":"2026-04-26T11:06:35","guid":{"rendered":"https:\/\/www.hediyepazar.com\/?product=demirdokum-18000-btu-inverter-klima-kumandasi"},"modified":"2026-04-26T08:06:38","modified_gmt":"2026-04-26T11:06:38","slug":"demirdokum-18000-btu-inverter-klima-kumandasi","status":"publish","type":"product","link":"https:\/\/www.hediyepazar.com\/?product=demirdokum-18000-btu-inverter-klima-kumandasi","title":{"rendered":"Demird\u00f6k\u00fcm 18000 Btu Inverter Klima Kumandas\u0131"},"content":{"rendered":"<p>Demird\u00f6k\u00fcm 18000 Btu Inverter Klima Kumandas\u0131<\/p>\n","protected":false},"excerpt":{"rendered":"<p>Demird\u00f6k\u00fcm 18000 Btu Inverter Klima Kumandas\u0131<\/p>\n","protected":false},"featured_media":17275,"comment_status":"closed","ping_status":"open","template":"","meta":{"_kad_post_transparent":"","_kad_post_title":"","_kad_post_layout":"","_kad_post_sidebar_id":"","_kad_post_content_style":"","_kad_post_vertical_padding":"","_kad_post_feature":"","_kad_post_feature_position":"","_kad_post_header":false,"_kad_post_footer":false,"_kad_post_classname":""},"product_brand":[],"product_cat":[223],"product_tag":[],"class_list":{"0":"post-17274","1":"product","2":"type-product","3":"status-publish","4":"has-post-thumbnail","6":"product_cat-uzaktan-kumanda-ev-aletleri-kumandalari-klima-kumandalari","8":"first","9":"instock","10":"purchasable","11":"product-type-simple","12":"entry","13":"content-bg","14":"loop-entry"},"_links":{"self":[{"href":"https:\/\/www.hediyepazar.com\/index.php?rest_route=\/wp\/v2\/product\/17274","targetHints":{"allow":["GET"]}}],"collection":[{"href":"https:\/\/www.hediyepazar.com\/index.php?rest_route=\/wp\/v2\/product"}],"about":[{"href":"https:\/\/www.hediyepazar.com\/index.php?rest_route=\/wp\/v2\/types\/product"}],"replies":[{"embeddable":true,"href":"https:\/\/www.hediyepazar.com\/index.php?rest_route=%2Fwp%2Fv2%2Fcomments&post=17274"}],"wp:featuredmedia":[{"embeddable":true,"href":"https:\/\/www.hediyepazar.com\/index.php?rest_route=\/wp\/v2\/media\/17275"}],"wp:attachment":[{"href":"https:\/\/www.hediyepazar.com\/index.php?rest_route=%2Fwp%2Fv2%2Fmedia&parent=17274"}],"wp:term":[{"taxonomy":"product_brand","embeddable":true,"href":"https:\/\/www.hediyepazar.com\/index.php?rest_route=%2Fwp%2Fv2%2Fproduct_brand&post=17274"},{"taxonomy":"product_cat","embeddable":true,"href":"https:\/\/www.hediyepazar.com\/index.php?rest_route=%2Fwp%2Fv2%2Fproduct_cat&post=17274"},{"taxonomy":"product_tag","embeddable":true,"href":"https:\/\/www.hediyepazar.com\/index.php?rest_route=%2Fwp%2Fv2%2Fproduct_tag&post=17274"}],"curies":[{"name":"wp","href":"https:\/\/api.w.org\/{rel}","templated":true}]}}