{"id":17352,"date":"2026-04-26T08:07:02","date_gmt":"2026-04-26T11:07:02","guid":{"rendered":"https:\/\/www.hediyepazar.com\/?product=sunup-sn-29137-beyaz-yapiskanli-10lu-kablo-duzenleyici"},"modified":"2026-04-26T08:07:05","modified_gmt":"2026-04-26T11:07:05","slug":"sunup-sn-29137-beyaz-yapiskanli-10lu-kablo-duzenleyici","status":"publish","type":"product","link":"https:\/\/www.hediyepazar.com\/?product=sunup-sn-29137-beyaz-yapiskanli-10lu-kablo-duzenleyici","title":{"rendered":"Sunup Sn-29137 Beyaz Yap\u0131\u015fkanl\u0131 10&#8217;lu Kablo D\u00fczenleyici"},"content":{"rendered":"<p>Sunup Sn-29137 Beyaz Yap\u0131\u015fkanl\u0131 10&#8217;lu Kablo D\u00fczenleyici<\/p>\n","protected":false},"excerpt":{"rendered":"<p>Sunup Sn-29137 Beyaz Yap\u0131\u015fkanl\u0131 10&#8217;lu Kablo D\u00fczenleyici<\/p>\n","protected":false},"featured_media":17353,"comment_status":"closed","ping_status":"open","template":"","meta":{"_kad_post_transparent":"","_kad_post_title":"","_kad_post_layout":"","_kad_post_sidebar_id":"","_kad_post_content_style":"","_kad_post_vertical_padding":"","_kad_post_feature":"","_kad_post_feature_position":"","_kad_post_header":false,"_kad_post_footer":false,"_kad_post_classname":""},"product_brand":[],"product_cat":[418],"product_tag":[],"class_list":{"0":"post-17352","1":"product","2":"type-product","3":"status-publish","4":"has-post-thumbnail","6":"product_cat-kablo-cesitleri","8":"first","9":"instock","10":"purchasable","11":"product-type-simple","12":"entry","13":"content-bg","14":"loop-entry"},"_links":{"self":[{"href":"https:\/\/www.hediyepazar.com\/index.php?rest_route=\/wp\/v2\/product\/17352","targetHints":{"allow":["GET"]}}],"collection":[{"href":"https:\/\/www.hediyepazar.com\/index.php?rest_route=\/wp\/v2\/product"}],"about":[{"href":"https:\/\/www.hediyepazar.com\/index.php?rest_route=\/wp\/v2\/types\/product"}],"replies":[{"embeddable":true,"href":"https:\/\/www.hediyepazar.com\/index.php?rest_route=%2Fwp%2Fv2%2Fcomments&post=17352"}],"wp:featuredmedia":[{"embeddable":true,"href":"https:\/\/www.hediyepazar.com\/index.php?rest_route=\/wp\/v2\/media\/17353"}],"wp:attachment":[{"href":"https:\/\/www.hediyepazar.com\/index.php?rest_route=%2Fwp%2Fv2%2Fmedia&parent=17352"}],"wp:term":[{"taxonomy":"product_brand","embeddable":true,"href":"https:\/\/www.hediyepazar.com\/index.php?rest_route=%2Fwp%2Fv2%2Fproduct_brand&post=17352"},{"taxonomy":"product_cat","embeddable":true,"href":"https:\/\/www.hediyepazar.com\/index.php?rest_route=%2Fwp%2Fv2%2Fproduct_cat&post=17352"},{"taxonomy":"product_tag","embeddable":true,"href":"https:\/\/www.hediyepazar.com\/index.php?rest_route=%2Fwp%2Fv2%2Fproduct_tag&post=17352"}],"curies":[{"name":"wp","href":"https:\/\/api.w.org\/{rel}","templated":true}]}}