{"id":20098,"date":"2026-04-26T19:37:17","date_gmt":"2026-04-26T22:37:17","guid":{"rendered":"https:\/\/www.hediyepazar.com\/?product=yuksek-ses-kaliteli-kablosuz-hoparlor-led-isikli"},"modified":"2026-04-26T19:37:17","modified_gmt":"2026-04-26T22:37:17","slug":"yuksek-ses-kaliteli-kablosuz-hoparlor-led-isikli","status":"publish","type":"product","link":"https:\/\/www.hediyepazar.com\/?product=yuksek-ses-kaliteli-kablosuz-hoparlor-led-isikli","title":{"rendered":"Y\u00fcksek Ses Kaliteli Kablosuz Hoparl\u00f6r Led I\u015f\u0131kl\u0131"},"content":{"rendered":"","protected":false},"excerpt":{"rendered":"<p>Bu ta\u015f\u0131nabilir hoparl\u00f6r, g\u00fc\u00e7l\u00fc ses performans\u0131n\u0131 g\u00f6z al\u0131c\u0131 LED \u0131\u015f\u0131k efektleriyle birle\u015ftirir. Her ortamda canl\u0131 ve net ses kalitesi sunarak m\u00fczi\u011finizin t\u00fcm detaylar\u0131n\u0131 hissetmenizi sa\u011flar. Modern k\u0131rm\u0131z\u0131 tasar\u0131m\u0131 ve kompakt boyutu sayesinde hem evde hem d\u0131\u015far\u0131da rahatl\u0131kla kullan\u0131labilir. IP67 sertifikas\u0131yla suya ve toza kar\u015f\u0131 dayan\u0131kl\u0131d\u0131r. TF kart, USB ve Type-C ba\u011flant\u0131 se\u00e7enekleri ile m\u00fczik kaynaklar\u0131n\u0131z\u0131 \u00e7e\u015fitlendirebilirsiniz. Bluetooth 5.1 teknolojisi ile d\u00fc\u015f\u00fck enerji t\u00fcketimi ve y\u00fcksek ba\u011flant\u0131 kalitesi sa\u011flar.<\/p>\n","protected":false},"featured_media":20097,"comment_status":"open","ping_status":"closed","template":"","meta":{"_kad_post_transparent":"","_kad_post_title":"","_kad_post_layout":"","_kad_post_sidebar_id":"","_kad_post_content_style":"","_kad_post_vertical_padding":"","_kad_post_feature":"","_kad_post_feature_position":"","_kad_post_header":false,"_kad_post_footer":false,"_kad_post_classname":""},"product_brand":[],"product_cat":[23],"product_tag":[],"class_list":{"0":"post-20098","1":"product","2":"type-product","3":"status-publish","4":"has-post-thumbnail","6":"product_cat-genel","8":"first","9":"instock","10":"purchasable","11":"product-type-simple","12":"entry","13":"content-bg","14":"loop-entry"},"_links":{"self":[{"href":"https:\/\/www.hediyepazar.com\/index.php?rest_route=\/wp\/v2\/product\/20098","targetHints":{"allow":["GET"]}}],"collection":[{"href":"https:\/\/www.hediyepazar.com\/index.php?rest_route=\/wp\/v2\/product"}],"about":[{"href":"https:\/\/www.hediyepazar.com\/index.php?rest_route=\/wp\/v2\/types\/product"}],"replies":[{"embeddable":true,"href":"https:\/\/www.hediyepazar.com\/index.php?rest_route=%2Fwp%2Fv2%2Fcomments&post=20098"}],"wp:featuredmedia":[{"embeddable":true,"href":"https:\/\/www.hediyepazar.com\/index.php?rest_route=\/wp\/v2\/media\/20097"}],"wp:attachment":[{"href":"https:\/\/www.hediyepazar.com\/index.php?rest_route=%2Fwp%2Fv2%2Fmedia&parent=20098"}],"wp:term":[{"taxonomy":"product_brand","embeddable":true,"href":"https:\/\/www.hediyepazar.com\/index.php?rest_route=%2Fwp%2Fv2%2Fproduct_brand&post=20098"},{"taxonomy":"product_cat","embeddable":true,"href":"https:\/\/www.hediyepazar.com\/index.php?rest_route=%2Fwp%2Fv2%2Fproduct_cat&post=20098"},{"taxonomy":"product_tag","embeddable":true,"href":"https:\/\/www.hediyepazar.com\/index.php?rest_route=%2Fwp%2Fv2%2Fproduct_tag&post=20098"}],"curies":[{"name":"wp","href":"https:\/\/api.w.org\/{rel}","templated":true}]}}