{"id":21009,"date":"2026-04-26T19:46:17","date_gmt":"2026-04-26T22:46:17","guid":{"rendered":"https:\/\/www.hediyepazar.com\/?product=100saat-uyumlu-bluetooth-kulaklik-kablolu-anc-ozellikli-kulaklik"},"modified":"2026-04-26T19:46:17","modified_gmt":"2026-04-26T22:46:17","slug":"100saat-uyumlu-bluetooth-kulaklik-kablolu-anc-ozellikli-kulaklik","status":"publish","type":"product","link":"https:\/\/www.hediyepazar.com\/?product=100saat-uyumlu-bluetooth-kulaklik-kablolu-anc-ozellikli-kulaklik","title":{"rendered":"100saat Uyumlu Bluetooth Kulakl\u0131k Kablolu Anc \u00d6zellikli Kulakl\u0131k"},"content":{"rendered":"","protected":false},"excerpt":{"rendered":"<p>Dahili mikrofon, sesinizi kristal netli\u011finde ileterek telefon g\u00f6r\u00fc\u015fmelerini hem kolay hem de anla\u015f\u0131l\u0131r hale getirir. Aramalarda y\u00fcksek performans sunan bu \u00f6zellik, eller serbest konu\u015fma deneyimini bir \u00fcst seviyeye ta\u015f\u0131r.Aktif G\u00fcr\u00fclt\u00fc \u00d6nleme (ANC) teknolojisi, \u00e7evredeki istenmeyen sesleri etkili bir \u015fekilde izole ederek m\u00fczik dinleme ya da g\u00f6r\u00fc\u015fme s\u0131ras\u0131nda odaklanman\u0131z\u0131 sa\u011flar. G\u00fcr\u00fclt\u00fcl\u00fc ortamlarda bile kesintisiz ve kaliteli bir ses deneyimi sunar.Dokunmatik kontrol paneli ile cihaz\u0131n\u0131z\u0131 yaln\u0131zca parmak u\u00e7lar\u0131n\u0131zla kolayca y\u00f6netebilirsiniz. M\u00fczikler aras\u0131nda ge\u00e7i\u015f yapmak, \u00e7a\u011fr\u0131lar\u0131 yan\u0131tlamak veya sonland\u0131rmak hi\u00e7 olmad\u0131\u011f\u0131 kadar pratik. Modern ve kullan\u0131c\u0131 dostu bu tasar\u0131m, konforlu bir kullan\u0131m sunar.<\/p>\n","protected":false},"featured_media":21008,"comment_status":"open","ping_status":"closed","template":"","meta":{"_kad_post_transparent":"","_kad_post_title":"","_kad_post_layout":"","_kad_post_sidebar_id":"","_kad_post_content_style":"","_kad_post_vertical_padding":"","_kad_post_feature":"","_kad_post_feature_position":"","_kad_post_header":false,"_kad_post_footer":false,"_kad_post_classname":""},"product_brand":[],"product_cat":[23],"product_tag":[],"class_list":{"0":"post-21009","1":"product","2":"type-product","3":"status-publish","4":"has-post-thumbnail","6":"product_cat-genel","8":"first","9":"instock","10":"purchasable","11":"product-type-simple","12":"entry","13":"content-bg","14":"loop-entry"},"_links":{"self":[{"href":"https:\/\/www.hediyepazar.com\/index.php?rest_route=\/wp\/v2\/product\/21009","targetHints":{"allow":["GET"]}}],"collection":[{"href":"https:\/\/www.hediyepazar.com\/index.php?rest_route=\/wp\/v2\/product"}],"about":[{"href":"https:\/\/www.hediyepazar.com\/index.php?rest_route=\/wp\/v2\/types\/product"}],"replies":[{"embeddable":true,"href":"https:\/\/www.hediyepazar.com\/index.php?rest_route=%2Fwp%2Fv2%2Fcomments&post=21009"}],"wp:featuredmedia":[{"embeddable":true,"href":"https:\/\/www.hediyepazar.com\/index.php?rest_route=\/wp\/v2\/media\/21008"}],"wp:attachment":[{"href":"https:\/\/www.hediyepazar.com\/index.php?rest_route=%2Fwp%2Fv2%2Fmedia&parent=21009"}],"wp:term":[{"taxonomy":"product_brand","embeddable":true,"href":"https:\/\/www.hediyepazar.com\/index.php?rest_route=%2Fwp%2Fv2%2Fproduct_brand&post=21009"},{"taxonomy":"product_cat","embeddable":true,"href":"https:\/\/www.hediyepazar.com\/index.php?rest_route=%2Fwp%2Fv2%2Fproduct_cat&post=21009"},{"taxonomy":"product_tag","embeddable":true,"href":"https:\/\/www.hediyepazar.com\/index.php?rest_route=%2Fwp%2Fv2%2Fproduct_tag&post=21009"}],"curies":[{"name":"wp","href":"https:\/\/api.w.org\/{rel}","templated":true}]}}