{"id":2604,"date":"2026-04-26T06:43:13","date_gmt":"2026-04-26T09:43:13","guid":{"rendered":"https:\/\/www.hediyepazar.com\/?product=powermaster-pm-21477-2-ledli-3-10-16x-ayarlanabilir-buyutec"},"modified":"2026-04-26T06:43:15","modified_gmt":"2026-04-26T09:43:15","slug":"powermaster-pm-21477-2-ledli-3-10-16x-ayarlanabilir-buyutec","status":"publish","type":"product","link":"https:\/\/www.hediyepazar.com\/?product=powermaster-pm-21477-2-ledli-3-10-16x-ayarlanabilir-buyutec","title":{"rendered":"Powermaster Pm-21477 2 Led&#8217;li 3-10-16x Ayarlanabilir B\u00fcy\u00fcte\u00e7"},"content":{"rendered":"<p>Powermaster Pm-21477 2 Led&#8217;li 3-10-16x Ayarlanabilir B\u00fcy\u00fcte\u00e7<\/p>\n","protected":false},"excerpt":{"rendered":"<p>Powermaster Pm-21477 2 Led&#8217;li 3-10-16x Ayarlanabilir B\u00fcy\u00fcte\u00e7<\/p>\n","protected":false},"featured_media":2605,"comment_status":"closed","ping_status":"open","template":"","meta":{"_kad_post_transparent":"","_kad_post_title":"","_kad_post_layout":"","_kad_post_sidebar_id":"","_kad_post_content_style":"","_kad_post_vertical_padding":"","_kad_post_feature":"","_kad_post_feature_position":"","_kad_post_header":false,"_kad_post_footer":false,"_kad_post_classname":""},"product_brand":[],"product_cat":[336],"product_tag":[],"class_list":{"0":"post-2604","1":"product","2":"type-product","3":"status-publish","4":"has-post-thumbnail","6":"product_cat-hirdavat-malzemeleri-hirdavat-tamir-malzemeleri-el-aletleri-buyutec","8":"first","9":"instock","10":"purchasable","11":"product-type-simple","12":"entry","13":"content-bg","14":"loop-entry"},"_links":{"self":[{"href":"https:\/\/www.hediyepazar.com\/index.php?rest_route=\/wp\/v2\/product\/2604","targetHints":{"allow":["GET"]}}],"collection":[{"href":"https:\/\/www.hediyepazar.com\/index.php?rest_route=\/wp\/v2\/product"}],"about":[{"href":"https:\/\/www.hediyepazar.com\/index.php?rest_route=\/wp\/v2\/types\/product"}],"replies":[{"embeddable":true,"href":"https:\/\/www.hediyepazar.com\/index.php?rest_route=%2Fwp%2Fv2%2Fcomments&post=2604"}],"wp:featuredmedia":[{"embeddable":true,"href":"https:\/\/www.hediyepazar.com\/index.php?rest_route=\/wp\/v2\/media\/2605"}],"wp:attachment":[{"href":"https:\/\/www.hediyepazar.com\/index.php?rest_route=%2Fwp%2Fv2%2Fmedia&parent=2604"}],"wp:term":[{"taxonomy":"product_brand","embeddable":true,"href":"https:\/\/www.hediyepazar.com\/index.php?rest_route=%2Fwp%2Fv2%2Fproduct_brand&post=2604"},{"taxonomy":"product_cat","embeddable":true,"href":"https:\/\/www.hediyepazar.com\/index.php?rest_route=%2Fwp%2Fv2%2Fproduct_cat&post=2604"},{"taxonomy":"product_tag","embeddable":true,"href":"https:\/\/www.hediyepazar.com\/index.php?rest_route=%2Fwp%2Fv2%2Fproduct_tag&post=2604"}],"curies":[{"name":"wp","href":"https:\/\/api.w.org\/{rel}","templated":true}]}}