{"id":2784,"date":"2026-04-26T06:44:11","date_gmt":"2026-04-26T09:44:11","guid":{"rendered":"https:\/\/www.hediyepazar.com\/?product=sunup-ir-sensorlu-ledli-merdiven-isigi-110-265v"},"modified":"2026-04-26T06:44:13","modified_gmt":"2026-04-26T09:44:13","slug":"sunup-ir-sensorlu-ledli-merdiven-isigi-110-265v","status":"publish","type":"product","link":"https:\/\/www.hediyepazar.com\/?product=sunup-ir-sensorlu-ledli-merdiven-isigi-110-265v","title":{"rendered":"Sunup Ir Sens\u00f6rl\u00fc Ledli Merdiven I\u015f\u0131\u011f\u0131 110-265v"},"content":{"rendered":"<p>Sunup Ir Sens\u00f6rl\u00fc Ledli Merdiven I\u015f\u0131\u011f\u0131 110-265v<\/p>\n","protected":false},"excerpt":{"rendered":"<p>Sunup Ir Sens\u00f6rl\u00fc Ledli Merdiven I\u015f\u0131\u011f\u0131 110-265v<\/p>\n","protected":false},"featured_media":2785,"comment_status":"closed","ping_status":"open","template":"","meta":{"_kad_post_transparent":"","_kad_post_title":"","_kad_post_layout":"","_kad_post_sidebar_id":"","_kad_post_content_style":"","_kad_post_vertical_padding":"","_kad_post_feature":"","_kad_post_feature_position":"","_kad_post_header":false,"_kad_post_footer":false,"_kad_post_classname":""},"product_brand":[],"product_cat":[270],"product_tag":[],"class_list":{"0":"post-2784","1":"product","2":"type-product","3":"status-publish","4":"has-post-thumbnail","6":"product_cat-led-ve-aydinlatma-aydinlatma-diger","8":"first","9":"instock","10":"purchasable","11":"product-type-simple","12":"entry","13":"content-bg","14":"loop-entry"},"_links":{"self":[{"href":"https:\/\/www.hediyepazar.com\/index.php?rest_route=\/wp\/v2\/product\/2784","targetHints":{"allow":["GET"]}}],"collection":[{"href":"https:\/\/www.hediyepazar.com\/index.php?rest_route=\/wp\/v2\/product"}],"about":[{"href":"https:\/\/www.hediyepazar.com\/index.php?rest_route=\/wp\/v2\/types\/product"}],"replies":[{"embeddable":true,"href":"https:\/\/www.hediyepazar.com\/index.php?rest_route=%2Fwp%2Fv2%2Fcomments&post=2784"}],"wp:featuredmedia":[{"embeddable":true,"href":"https:\/\/www.hediyepazar.com\/index.php?rest_route=\/wp\/v2\/media\/2785"}],"wp:attachment":[{"href":"https:\/\/www.hediyepazar.com\/index.php?rest_route=%2Fwp%2Fv2%2Fmedia&parent=2784"}],"wp:term":[{"taxonomy":"product_brand","embeddable":true,"href":"https:\/\/www.hediyepazar.com\/index.php?rest_route=%2Fwp%2Fv2%2Fproduct_brand&post=2784"},{"taxonomy":"product_cat","embeddable":true,"href":"https:\/\/www.hediyepazar.com\/index.php?rest_route=%2Fwp%2Fv2%2Fproduct_cat&post=2784"},{"taxonomy":"product_tag","embeddable":true,"href":"https:\/\/www.hediyepazar.com\/index.php?rest_route=%2Fwp%2Fv2%2Fproduct_tag&post=2784"}],"curies":[{"name":"wp","href":"https:\/\/api.w.org\/{rel}","templated":true}]}}