{"id":2822,"date":"2026-04-26T06:44:23","date_gmt":"2026-04-26T09:44:23","guid":{"rendered":"https:\/\/www.hediyepazar.com\/?product=weko-yerli-uretim-1-2-metre-krokodil-uclu-adaptor-kablo"},"modified":"2026-04-26T06:44:24","modified_gmt":"2026-04-26T09:44:24","slug":"weko-yerli-uretim-1-2-metre-krokodil-uclu-adaptor-kablo","status":"publish","type":"product","link":"https:\/\/www.hediyepazar.com\/?product=weko-yerli-uretim-1-2-metre-krokodil-uclu-adaptor-kablo","title":{"rendered":"Weko Yerli \u00dcretim 1.2 Metre Krokodil U\u00e7lu Adapt\u00f6r Kablo"},"content":{"rendered":"<p>Weko Yerli \u00dcretim 1.2 Metre Krokodil U\u00e7lu Adapt\u00f6r Kablo<\/p>\n","protected":false},"excerpt":{"rendered":"<p>Weko Yerli \u00dcretim 1.2 Metre Krokodil U\u00e7lu Adapt\u00f6r Kablo<\/p>\n","protected":false},"featured_media":2823,"comment_status":"closed","ping_status":"open","template":"","meta":{"_kad_post_transparent":"","_kad_post_title":"","_kad_post_layout":"","_kad_post_sidebar_id":"","_kad_post_content_style":"","_kad_post_vertical_padding":"","_kad_post_feature":"","_kad_post_feature_position":"","_kad_post_header":false,"_kad_post_footer":false,"_kad_post_classname":""},"product_brand":[],"product_cat":[344],"product_tag":[],"class_list":{"0":"post-2822","1":"product","2":"type-product","3":"status-publish","4":"has-post-thumbnail","6":"product_cat-kablo-cesitleri-power-guc-kablolari","8":"first","9":"instock","10":"purchasable","11":"product-type-simple","12":"entry","13":"content-bg","14":"loop-entry"},"_links":{"self":[{"href":"https:\/\/www.hediyepazar.com\/index.php?rest_route=\/wp\/v2\/product\/2822","targetHints":{"allow":["GET"]}}],"collection":[{"href":"https:\/\/www.hediyepazar.com\/index.php?rest_route=\/wp\/v2\/product"}],"about":[{"href":"https:\/\/www.hediyepazar.com\/index.php?rest_route=\/wp\/v2\/types\/product"}],"replies":[{"embeddable":true,"href":"https:\/\/www.hediyepazar.com\/index.php?rest_route=%2Fwp%2Fv2%2Fcomments&post=2822"}],"wp:featuredmedia":[{"embeddable":true,"href":"https:\/\/www.hediyepazar.com\/index.php?rest_route=\/wp\/v2\/media\/2823"}],"wp:attachment":[{"href":"https:\/\/www.hediyepazar.com\/index.php?rest_route=%2Fwp%2Fv2%2Fmedia&parent=2822"}],"wp:term":[{"taxonomy":"product_brand","embeddable":true,"href":"https:\/\/www.hediyepazar.com\/index.php?rest_route=%2Fwp%2Fv2%2Fproduct_brand&post=2822"},{"taxonomy":"product_cat","embeddable":true,"href":"https:\/\/www.hediyepazar.com\/index.php?rest_route=%2Fwp%2Fv2%2Fproduct_cat&post=2822"},{"taxonomy":"product_tag","embeddable":true,"href":"https:\/\/www.hediyepazar.com\/index.php?rest_route=%2Fwp%2Fv2%2Fproduct_tag&post=2822"}],"curies":[{"name":"wp","href":"https:\/\/api.w.org\/{rel}","templated":true}]}}