{"id":2952,"date":"2026-04-26T06:44:59","date_gmt":"2026-04-26T09:44:59","guid":{"rendered":"https:\/\/www.hediyepazar.com\/?product=powermaster-jy-258c-3-kademeli%cc%87-sarjli-cok-fonksiyonlu-solar-isildak"},"modified":"2026-04-26T06:45:01","modified_gmt":"2026-04-26T09:45:01","slug":"powermaster-jy-258c-3-kademeli%cc%87-sarjli-cok-fonksiyonlu-solar-isildak","status":"publish","type":"product","link":"https:\/\/www.hediyepazar.com\/?product=powermaster-jy-258c-3-kademeli%cc%87-sarjli-cok-fonksiyonlu-solar-isildak","title":{"rendered":"Powermaster Jy-258c 3 Kademeli\u0307 \u015earjl\u0131 \u00c7ok Fonksiyonlu Solar I\u015f\u0131ldak"},"content":{"rendered":"<p>Powermaster Jy-258c 3 Kademeli\u0307 \u015earjl\u0131 \u00c7ok Fonksiyonlu Solar I\u015f\u0131ldak<\/p>\n","protected":false},"excerpt":{"rendered":"<p>Powermaster Jy-258c 3 Kademeli\u0307 \u015earjl\u0131 \u00c7ok Fonksiyonlu Solar I\u015f\u0131ldak<\/p>\n","protected":false},"featured_media":2953,"comment_status":"closed","ping_status":"open","template":"","meta":{"_kad_post_transparent":"","_kad_post_title":"","_kad_post_layout":"","_kad_post_sidebar_id":"","_kad_post_content_style":"","_kad_post_vertical_padding":"","_kad_post_feature":"","_kad_post_feature_position":"","_kad_post_header":false,"_kad_post_footer":false,"_kad_post_classname":""},"product_brand":[],"product_cat":[206],"product_tag":[],"class_list":{"0":"post-2952","1":"product","2":"type-product","3":"status-publish","4":"has-post-thumbnail","6":"product_cat-led-ve-aydinlatma-genel-aydinlatma-urunleri-fener-ve-isildaklar","8":"first","9":"instock","10":"purchasable","11":"product-type-simple","12":"entry","13":"content-bg","14":"loop-entry"},"_links":{"self":[{"href":"https:\/\/www.hediyepazar.com\/index.php?rest_route=\/wp\/v2\/product\/2952","targetHints":{"allow":["GET"]}}],"collection":[{"href":"https:\/\/www.hediyepazar.com\/index.php?rest_route=\/wp\/v2\/product"}],"about":[{"href":"https:\/\/www.hediyepazar.com\/index.php?rest_route=\/wp\/v2\/types\/product"}],"replies":[{"embeddable":true,"href":"https:\/\/www.hediyepazar.com\/index.php?rest_route=%2Fwp%2Fv2%2Fcomments&post=2952"}],"wp:featuredmedia":[{"embeddable":true,"href":"https:\/\/www.hediyepazar.com\/index.php?rest_route=\/wp\/v2\/media\/2953"}],"wp:attachment":[{"href":"https:\/\/www.hediyepazar.com\/index.php?rest_route=%2Fwp%2Fv2%2Fmedia&parent=2952"}],"wp:term":[{"taxonomy":"product_brand","embeddable":true,"href":"https:\/\/www.hediyepazar.com\/index.php?rest_route=%2Fwp%2Fv2%2Fproduct_brand&post=2952"},{"taxonomy":"product_cat","embeddable":true,"href":"https:\/\/www.hediyepazar.com\/index.php?rest_route=%2Fwp%2Fv2%2Fproduct_cat&post=2952"},{"taxonomy":"product_tag","embeddable":true,"href":"https:\/\/www.hediyepazar.com\/index.php?rest_route=%2Fwp%2Fv2%2Fproduct_tag&post=2952"}],"curies":[{"name":"wp","href":"https:\/\/api.w.org\/{rel}","templated":true}]}}