{"id":4116,"date":"2026-04-26T06:51:10","date_gmt":"2026-04-26T09:51:10","guid":{"rendered":"https:\/\/www.hediyepazar.com\/?product=narita-nrt-54c-5v-2a-kalin-uc-arac-tablet-adaptoru"},"modified":"2026-04-26T06:51:10","modified_gmt":"2026-04-26T09:51:10","slug":"narita-nrt-54c-5v-2a-kalin-uc-arac-tablet-adaptoru","status":"publish","type":"product","link":"https:\/\/www.hediyepazar.com\/?product=narita-nrt-54c-5v-2a-kalin-uc-arac-tablet-adaptoru","title":{"rendered":"Narita Nrt-54c 5v 2a Kal\u0131n U\u00e7 Ara\u00e7 Tablet Adapt\u00f6r\u00fc"},"content":{"rendered":"<p>Narita Nrt-54c 5v 2a Kal\u0131n U\u00e7 Ara\u00e7 Tablet Adapt\u00f6r\u00fc<\/p>\n","protected":false},"excerpt":{"rendered":"<p>Narita Nrt-54c 5v 2a Kal\u0131n U\u00e7 Ara\u00e7 Tablet Adapt\u00f6r\u00fc<\/p>\n","protected":false},"featured_media":4117,"comment_status":"closed","ping_status":"open","template":"","meta":{"_kad_post_transparent":"","_kad_post_title":"","_kad_post_layout":"","_kad_post_sidebar_id":"","_kad_post_content_style":"","_kad_post_vertical_padding":"","_kad_post_feature":"","_kad_post_feature_position":"","_kad_post_header":false,"_kad_post_footer":false,"_kad_post_classname":""},"product_brand":[],"product_cat":[266],"product_tag":[],"class_list":{"0":"post-4116","1":"product","2":"type-product","3":"status-publish","4":"has-post-thumbnail","6":"product_cat-adaptor-aku-pil-adaptorler-tablet-pc-adaptorleri","8":"first","9":"instock","10":"purchasable","11":"product-type-simple","12":"entry","13":"content-bg","14":"loop-entry"},"_links":{"self":[{"href":"https:\/\/www.hediyepazar.com\/index.php?rest_route=\/wp\/v2\/product\/4116","targetHints":{"allow":["GET"]}}],"collection":[{"href":"https:\/\/www.hediyepazar.com\/index.php?rest_route=\/wp\/v2\/product"}],"about":[{"href":"https:\/\/www.hediyepazar.com\/index.php?rest_route=\/wp\/v2\/types\/product"}],"replies":[{"embeddable":true,"href":"https:\/\/www.hediyepazar.com\/index.php?rest_route=%2Fwp%2Fv2%2Fcomments&post=4116"}],"wp:featuredmedia":[{"embeddable":true,"href":"https:\/\/www.hediyepazar.com\/index.php?rest_route=\/wp\/v2\/media\/4117"}],"wp:attachment":[{"href":"https:\/\/www.hediyepazar.com\/index.php?rest_route=%2Fwp%2Fv2%2Fmedia&parent=4116"}],"wp:term":[{"taxonomy":"product_brand","embeddable":true,"href":"https:\/\/www.hediyepazar.com\/index.php?rest_route=%2Fwp%2Fv2%2Fproduct_brand&post=4116"},{"taxonomy":"product_cat","embeddable":true,"href":"https:\/\/www.hediyepazar.com\/index.php?rest_route=%2Fwp%2Fv2%2Fproduct_cat&post=4116"},{"taxonomy":"product_tag","embeddable":true,"href":"https:\/\/www.hediyepazar.com\/index.php?rest_route=%2Fwp%2Fv2%2Fproduct_tag&post=4116"}],"curies":[{"name":"wp","href":"https:\/\/api.w.org\/{rel}","templated":true}]}}