{"id":4592,"date":"2026-04-26T06:53:41","date_gmt":"2026-04-26T09:53:41","guid":{"rendered":"https:\/\/www.hediyepazar.com\/?product=cam-sigorta-buyuk-2-5-amper-100-adet-6x30mm"},"modified":"2026-04-26T06:53:44","modified_gmt":"2026-04-26T09:53:44","slug":"cam-sigorta-buyuk-2-5-amper-100-adet-6x30mm","status":"publish","type":"product","link":"https:\/\/www.hediyepazar.com\/?product=cam-sigorta-buyuk-2-5-amper-100-adet-6x30mm","title":{"rendered":"Cam Sigorta B\u00fcy\u00fck 2.5 Amper (100 Adet) 6x30mm"},"content":{"rendered":"<p>Cam Sigorta B\u00fcy\u00fck 2.5 Amper (100 Adet) 6x30mm<\/p>\n","protected":false},"excerpt":{"rendered":"<p>Cam Sigorta B\u00fcy\u00fck 2.5 Amper (100 Adet) 6x30mm<\/p>\n","protected":false},"featured_media":4593,"comment_status":"closed","ping_status":"open","template":"","meta":{"_kad_post_transparent":"","_kad_post_title":"","_kad_post_layout":"","_kad_post_sidebar_id":"","_kad_post_content_style":"","_kad_post_vertical_padding":"","_kad_post_feature":"","_kad_post_feature_position":"","_kad_post_header":false,"_kad_post_footer":false,"_kad_post_classname":""},"product_brand":[],"product_cat":[235],"product_tag":[],"class_list":{"0":"post-4592","1":"product","2":"type-product","3":"status-publish","4":"has-post-thumbnail","6":"product_cat-elektronik-malzemeler-cam-sigorta","8":"first","9":"instock","10":"purchasable","11":"product-type-simple","12":"entry","13":"content-bg","14":"loop-entry"},"_links":{"self":[{"href":"https:\/\/www.hediyepazar.com\/index.php?rest_route=\/wp\/v2\/product\/4592","targetHints":{"allow":["GET"]}}],"collection":[{"href":"https:\/\/www.hediyepazar.com\/index.php?rest_route=\/wp\/v2\/product"}],"about":[{"href":"https:\/\/www.hediyepazar.com\/index.php?rest_route=\/wp\/v2\/types\/product"}],"replies":[{"embeddable":true,"href":"https:\/\/www.hediyepazar.com\/index.php?rest_route=%2Fwp%2Fv2%2Fcomments&post=4592"}],"wp:featuredmedia":[{"embeddable":true,"href":"https:\/\/www.hediyepazar.com\/index.php?rest_route=\/wp\/v2\/media\/4593"}],"wp:attachment":[{"href":"https:\/\/www.hediyepazar.com\/index.php?rest_route=%2Fwp%2Fv2%2Fmedia&parent=4592"}],"wp:term":[{"taxonomy":"product_brand","embeddable":true,"href":"https:\/\/www.hediyepazar.com\/index.php?rest_route=%2Fwp%2Fv2%2Fproduct_brand&post=4592"},{"taxonomy":"product_cat","embeddable":true,"href":"https:\/\/www.hediyepazar.com\/index.php?rest_route=%2Fwp%2Fv2%2Fproduct_cat&post=4592"},{"taxonomy":"product_tag","embeddable":true,"href":"https:\/\/www.hediyepazar.com\/index.php?rest_route=%2Fwp%2Fv2%2Fproduct_tag&post=4592"}],"curies":[{"name":"wp","href":"https:\/\/api.w.org\/{rel}","templated":true}]}}