{"id":47249,"date":"2026-04-27T01:07:55","date_gmt":"2026-04-27T04:07:55","guid":{"rendered":"https:\/\/www.hediyepazar.com\/?product=kablosuz-ve-kablolu-kullanim-sunan-tasinabilir-powerbank"},"modified":"2026-04-27T01:07:55","modified_gmt":"2026-04-27T04:07:55","slug":"kablosuz-ve-kablolu-kullanim-sunan-tasinabilir-powerbank","status":"publish","type":"product","link":"https:\/\/www.hediyepazar.com\/?product=kablosuz-ve-kablolu-kullanim-sunan-tasinabilir-powerbank","title":{"rendered":"Kablosuz Ve Kablolu Kullan\u0131m Sunan Ta\u015f\u0131nabilir Powerbank"},"content":{"rendered":"","protected":false},"excerpt":{"rendered":"<p>Bu \u00e7ok y\u00f6nl\u00fc powerbank, kablosuz \u015farj rahatl\u0131\u011f\u0131n\u0131 kablolu \u015farj g\u00fcc\u00fcyle birle\u015ftirir. Manyetik yap\u0131s\u0131, uyumlu cihazlarla g\u00fc\u00e7l\u00fc ba\u011flant\u0131 kurarak stabil bir \u015farj deneyimi sunar. Type-C ve USB ba\u011flant\u0131lar\u0131 sayesinde farkl\u0131 cihazlarla uyumlu \u00e7al\u0131\u015f\u0131r. Dijital ekran\u0131 sayesinde pil durumu her an kontrol alt\u0131ndad\u0131r. G\u00fcnl\u00fck kullan\u0131mda pratiklik arayanlar i\u00e7in ideal bir \u00e7\u00f6z\u00fcmd\u00fcr.<\/p>\n","protected":false},"featured_media":47248,"comment_status":"open","ping_status":"closed","template":"","meta":{"_kad_post_transparent":"","_kad_post_title":"","_kad_post_layout":"","_kad_post_sidebar_id":"","_kad_post_content_style":"","_kad_post_vertical_padding":"","_kad_post_feature":"","_kad_post_feature_position":"","_kad_post_header":false,"_kad_post_footer":false,"_kad_post_classname":""},"product_brand":[],"product_cat":[23],"product_tag":[],"class_list":{"0":"post-47249","1":"product","2":"type-product","3":"status-publish","4":"has-post-thumbnail","6":"product_cat-genel","8":"first","9":"instock","10":"purchasable","11":"product-type-simple","12":"entry","13":"content-bg","14":"loop-entry"},"_links":{"self":[{"href":"https:\/\/www.hediyepazar.com\/index.php?rest_route=\/wp\/v2\/product\/47249","targetHints":{"allow":["GET"]}}],"collection":[{"href":"https:\/\/www.hediyepazar.com\/index.php?rest_route=\/wp\/v2\/product"}],"about":[{"href":"https:\/\/www.hediyepazar.com\/index.php?rest_route=\/wp\/v2\/types\/product"}],"replies":[{"embeddable":true,"href":"https:\/\/www.hediyepazar.com\/index.php?rest_route=%2Fwp%2Fv2%2Fcomments&post=47249"}],"wp:featuredmedia":[{"embeddable":true,"href":"https:\/\/www.hediyepazar.com\/index.php?rest_route=\/wp\/v2\/media\/47248"}],"wp:attachment":[{"href":"https:\/\/www.hediyepazar.com\/index.php?rest_route=%2Fwp%2Fv2%2Fmedia&parent=47249"}],"wp:term":[{"taxonomy":"product_brand","embeddable":true,"href":"https:\/\/www.hediyepazar.com\/index.php?rest_route=%2Fwp%2Fv2%2Fproduct_brand&post=47249"},{"taxonomy":"product_cat","embeddable":true,"href":"https:\/\/www.hediyepazar.com\/index.php?rest_route=%2Fwp%2Fv2%2Fproduct_cat&post=47249"},{"taxonomy":"product_tag","embeddable":true,"href":"https:\/\/www.hediyepazar.com\/index.php?rest_route=%2Fwp%2Fv2%2Fproduct_tag&post=47249"}],"curies":[{"name":"wp","href":"https:\/\/api.w.org\/{rel}","templated":true}]}}