{"id":47911,"date":"2026-04-27T01:32:41","date_gmt":"2026-04-27T04:32:41","guid":{"rendered":"https:\/\/www.hediyepazar.com\/?product=hdmi-destekli-kablosuz-oyun-konsolu-10-000-oyun"},"modified":"2026-04-27T01:32:41","modified_gmt":"2026-04-27T04:32:41","slug":"hdmi-destekli-kablosuz-oyun-konsolu-10-000-oyun","status":"publish","type":"product","link":"https:\/\/www.hediyepazar.com\/?product=hdmi-destekli-kablosuz-oyun-konsolu-10-000-oyun","title":{"rendered":"Hdm\u0131 Destekli Kablosuz Oyun Konsolu 10.000 Oyun"},"content":{"rendered":"","protected":false},"excerpt":{"rendered":"<p>HDMI destekli oyun konsolu, ta\u015f\u0131nabilirlik ve ev e\u011flencesini bir arada sunar. \u0130\u00e7erisinde yer alan geni\u015f oyun k\u00fct\u00fcphanesi, uzun s\u00fcreli e\u011flence imk\u00e2n\u0131 sa\u011flar. Farkl\u0131 oyun t\u00fcrleri sayesinde her zevke hitap eder. Ta\u015f\u0131nabilir ekran\u0131 sayesinde her ortamda oyun oynanabilir. Evde ise televizyona ba\u011flanarak daha geni\u015f bir g\u00f6r\u00fcnt\u00fc elde edilebilir. Kablosuz ba\u011flant\u0131 \u00f6zelli\u011fi, kontrolc\u00fclerle rahat bir kullan\u0131m sunar. Dahili batarya, ta\u015f\u0131nabilir kullan\u0131m i\u00e7in idealdir. \u015earj edilebilir yap\u0131s\u0131 sayesinde s\u00fcrekli pil de\u011fi\u015fimi gerektirmez. Pratik kurulumu ve kullan\u0131m kolayl\u0131\u011f\u0131 ile oyun severler i\u00e7in keyifli bir alternatiftir.<\/p>\n","protected":false},"featured_media":47910,"comment_status":"open","ping_status":"closed","template":"","meta":{"_kad_post_transparent":"","_kad_post_title":"","_kad_post_layout":"","_kad_post_sidebar_id":"","_kad_post_content_style":"","_kad_post_vertical_padding":"","_kad_post_feature":"","_kad_post_feature_position":"","_kad_post_header":false,"_kad_post_footer":false,"_kad_post_classname":""},"product_brand":[],"product_cat":[23],"product_tag":[],"class_list":{"0":"post-47911","1":"product","2":"type-product","3":"status-publish","4":"has-post-thumbnail","6":"product_cat-genel","8":"first","9":"instock","10":"purchasable","11":"product-type-simple","12":"entry","13":"content-bg","14":"loop-entry"},"_links":{"self":[{"href":"https:\/\/www.hediyepazar.com\/index.php?rest_route=\/wp\/v2\/product\/47911","targetHints":{"allow":["GET"]}}],"collection":[{"href":"https:\/\/www.hediyepazar.com\/index.php?rest_route=\/wp\/v2\/product"}],"about":[{"href":"https:\/\/www.hediyepazar.com\/index.php?rest_route=\/wp\/v2\/types\/product"}],"replies":[{"embeddable":true,"href":"https:\/\/www.hediyepazar.com\/index.php?rest_route=%2Fwp%2Fv2%2Fcomments&post=47911"}],"wp:featuredmedia":[{"embeddable":true,"href":"https:\/\/www.hediyepazar.com\/index.php?rest_route=\/wp\/v2\/media\/47910"}],"wp:attachment":[{"href":"https:\/\/www.hediyepazar.com\/index.php?rest_route=%2Fwp%2Fv2%2Fmedia&parent=47911"}],"wp:term":[{"taxonomy":"product_brand","embeddable":true,"href":"https:\/\/www.hediyepazar.com\/index.php?rest_route=%2Fwp%2Fv2%2Fproduct_brand&post=47911"},{"taxonomy":"product_cat","embeddable":true,"href":"https:\/\/www.hediyepazar.com\/index.php?rest_route=%2Fwp%2Fv2%2Fproduct_cat&post=47911"},{"taxonomy":"product_tag","embeddable":true,"href":"https:\/\/www.hediyepazar.com\/index.php?rest_route=%2Fwp%2Fv2%2Fproduct_tag&post=47911"}],"curies":[{"name":"wp","href":"https:\/\/api.w.org\/{rel}","templated":true}]}}