{"id":48228,"date":"2026-04-27T01:40:34","date_gmt":"2026-04-27T04:40:34","guid":{"rendered":"https:\/\/www.hediyepazar.com\/?product=pratik-kullanimli-400-ml-tasinabilir-blender"},"modified":"2026-04-27T01:40:34","modified_gmt":"2026-04-27T04:40:34","slug":"pratik-kullanimli-400-ml-tasinabilir-blender","status":"publish","type":"product","link":"https:\/\/www.hediyepazar.com\/?product=pratik-kullanimli-400-ml-tasinabilir-blender","title":{"rendered":"Pratik Kullan\u0131ml\u0131 400 Ml Ta\u015f\u0131nabilir Blender"},"content":{"rendered":"","protected":false},"excerpt":{"rendered":"<p>400 ml haznesi ile tek ki\u015filik i\u00e7ecek haz\u0131rlamak i\u00e7in ideal olan bu smoothie blender, sade ve ergonomik tasar\u0131m\u0131yla \u00f6ne \u00e7\u0131kar. Ta\u015f\u0131nabilir yap\u0131s\u0131 sayesinde spor sonras\u0131, i\u015fte veya seyahatte sa\u011fl\u0131kl\u0131 i\u00e7ecekler haz\u0131rlaman\u0131za yard\u0131mc\u0131 olur. G\u00fcnl\u00fck kullan\u0131m i\u00e7in pratik ve fonksiyonel bir \u00fcr\u00fcnd\u00fcr.<\/p>\n","protected":false},"featured_media":48227,"comment_status":"open","ping_status":"closed","template":"","meta":{"_kad_post_transparent":"","_kad_post_title":"","_kad_post_layout":"","_kad_post_sidebar_id":"","_kad_post_content_style":"","_kad_post_vertical_padding":"","_kad_post_feature":"","_kad_post_feature_position":"","_kad_post_header":false,"_kad_post_footer":false,"_kad_post_classname":""},"product_brand":[],"product_cat":[23],"product_tag":[],"class_list":{"0":"post-48228","1":"product","2":"type-product","3":"status-publish","4":"has-post-thumbnail","6":"product_cat-genel","8":"first","9":"instock","10":"purchasable","11":"product-type-simple","12":"entry","13":"content-bg","14":"loop-entry"},"_links":{"self":[{"href":"https:\/\/www.hediyepazar.com\/index.php?rest_route=\/wp\/v2\/product\/48228","targetHints":{"allow":["GET"]}}],"collection":[{"href":"https:\/\/www.hediyepazar.com\/index.php?rest_route=\/wp\/v2\/product"}],"about":[{"href":"https:\/\/www.hediyepazar.com\/index.php?rest_route=\/wp\/v2\/types\/product"}],"replies":[{"embeddable":true,"href":"https:\/\/www.hediyepazar.com\/index.php?rest_route=%2Fwp%2Fv2%2Fcomments&post=48228"}],"wp:featuredmedia":[{"embeddable":true,"href":"https:\/\/www.hediyepazar.com\/index.php?rest_route=\/wp\/v2\/media\/48227"}],"wp:attachment":[{"href":"https:\/\/www.hediyepazar.com\/index.php?rest_route=%2Fwp%2Fv2%2Fmedia&parent=48228"}],"wp:term":[{"taxonomy":"product_brand","embeddable":true,"href":"https:\/\/www.hediyepazar.com\/index.php?rest_route=%2Fwp%2Fv2%2Fproduct_brand&post=48228"},{"taxonomy":"product_cat","embeddable":true,"href":"https:\/\/www.hediyepazar.com\/index.php?rest_route=%2Fwp%2Fv2%2Fproduct_cat&post=48228"},{"taxonomy":"product_tag","embeddable":true,"href":"https:\/\/www.hediyepazar.com\/index.php?rest_route=%2Fwp%2Fv2%2Fproduct_tag&post=48228"}],"curies":[{"name":"wp","href":"https:\/\/api.w.org\/{rel}","templated":true}]}}