{"id":48252,"date":"2026-04-27T01:41:11","date_gmt":"2026-04-27T04:41:11","guid":{"rendered":"https:\/\/www.hediyepazar.com\/?product=400-ml-kapasiteli-pratik-tasinabilir-meyve-blender"},"modified":"2026-04-27T01:41:11","modified_gmt":"2026-04-27T04:41:11","slug":"400-ml-kapasiteli-pratik-tasinabilir-meyve-blender","status":"publish","type":"product","link":"https:\/\/www.hediyepazar.com\/?product=400-ml-kapasiteli-pratik-tasinabilir-meyve-blender","title":{"rendered":"400 Ml Kapasiteli Pratik Ta\u015f\u0131nabilir Meyve Blender"},"content":{"rendered":"","protected":false},"excerpt":{"rendered":"<p>Kompakt yap\u0131ya sahip bu smoothie blender, pratik kullan\u0131m sunar. G\u00fcnl\u00fck i\u00e7ecek haz\u0131rlama rutininizi h\u0131zland\u0131rarak zamandan tasarruf etmenize yard\u0131mc\u0131 olur. USB ile \u015farj edilebilmesi, \u00fcr\u00fcn\u00fc farkl\u0131 ortamlarda esnek \u015fekilde kullanma imk\u00e2n\u0131 sa\u011flar. Sade tasar\u0131m\u0131 ile mutfaklarda d\u00fczenli bir g\u00f6r\u00fcn\u00fcm sunar.<\/p>\n","protected":false},"featured_media":48251,"comment_status":"open","ping_status":"closed","template":"","meta":{"_kad_post_transparent":"","_kad_post_title":"","_kad_post_layout":"","_kad_post_sidebar_id":"","_kad_post_content_style":"","_kad_post_vertical_padding":"","_kad_post_feature":"","_kad_post_feature_position":"","_kad_post_header":false,"_kad_post_footer":false,"_kad_post_classname":""},"product_brand":[],"product_cat":[23],"product_tag":[],"class_list":{"0":"post-48252","1":"product","2":"type-product","3":"status-publish","4":"has-post-thumbnail","6":"product_cat-genel","8":"first","9":"instock","10":"purchasable","11":"product-type-simple","12":"entry","13":"content-bg","14":"loop-entry"},"_links":{"self":[{"href":"https:\/\/www.hediyepazar.com\/index.php?rest_route=\/wp\/v2\/product\/48252","targetHints":{"allow":["GET"]}}],"collection":[{"href":"https:\/\/www.hediyepazar.com\/index.php?rest_route=\/wp\/v2\/product"}],"about":[{"href":"https:\/\/www.hediyepazar.com\/index.php?rest_route=\/wp\/v2\/types\/product"}],"replies":[{"embeddable":true,"href":"https:\/\/www.hediyepazar.com\/index.php?rest_route=%2Fwp%2Fv2%2Fcomments&post=48252"}],"wp:featuredmedia":[{"embeddable":true,"href":"https:\/\/www.hediyepazar.com\/index.php?rest_route=\/wp\/v2\/media\/48251"}],"wp:attachment":[{"href":"https:\/\/www.hediyepazar.com\/index.php?rest_route=%2Fwp%2Fv2%2Fmedia&parent=48252"}],"wp:term":[{"taxonomy":"product_brand","embeddable":true,"href":"https:\/\/www.hediyepazar.com\/index.php?rest_route=%2Fwp%2Fv2%2Fproduct_brand&post=48252"},{"taxonomy":"product_cat","embeddable":true,"href":"https:\/\/www.hediyepazar.com\/index.php?rest_route=%2Fwp%2Fv2%2Fproduct_cat&post=48252"},{"taxonomy":"product_tag","embeddable":true,"href":"https:\/\/www.hediyepazar.com\/index.php?rest_route=%2Fwp%2Fv2%2Fproduct_tag&post=48252"}],"curies":[{"name":"wp","href":"https:\/\/api.w.org\/{rel}","templated":true}]}}