{"id":48608,"date":"2026-04-27T01:50:18","date_gmt":"2026-04-27T04:50:18","guid":{"rendered":"https:\/\/www.hediyepazar.com\/?product=10-gun-sarj-dayanimi-sunan-amoled-ekran-akilli-saat"},"modified":"2026-04-27T01:50:18","modified_gmt":"2026-04-27T04:50:18","slug":"10-gun-sarj-dayanimi-sunan-amoled-ekran-akilli-saat","status":"publish","type":"product","link":"https:\/\/www.hediyepazar.com\/?product=10-gun-sarj-dayanimi-sunan-amoled-ekran-akilli-saat","title":{"rendered":"10 G\u00fcn \u015earj Dayan\u0131m\u0131 Sunan Amoled Ekran Ak\u0131ll\u0131 Saat"},"content":{"rendered":"","protected":false},"excerpt":{"rendered":"<p>Bu ak\u0131ll\u0131 saat, geli\u015fmi\u015f AMOLED ekran yap\u0131s\u0131 sayesinde parlak ve net bir g\u00f6r\u00fcnt\u00fc sunar. Uzun s\u00fcreli pil performans\u0131, \u015farj derdi olmadan g\u00fcnlerce kullan\u0131m sa\u011flar. Entegre torch fonksiyonu, acil durumlarda veya d\u00fc\u015f\u00fck \u0131\u015f\u0131kl\u0131 ortamlarda olduk\u00e7a kullan\u0131\u015fl\u0131d\u0131r. G\u00fcnl\u00fck kullan\u0131mda hem teknolojiyi hem pratikli\u011fi bir arada arayanlar i\u00e7in ideal bir se\u00e7enektir.<\/p>\n","protected":false},"featured_media":48607,"comment_status":"open","ping_status":"closed","template":"","meta":{"_kad_post_transparent":"","_kad_post_title":"","_kad_post_layout":"","_kad_post_sidebar_id":"","_kad_post_content_style":"","_kad_post_vertical_padding":"","_kad_post_feature":"","_kad_post_feature_position":"","_kad_post_header":false,"_kad_post_footer":false,"_kad_post_classname":""},"product_brand":[],"product_cat":[23],"product_tag":[],"class_list":{"0":"post-48608","1":"product","2":"type-product","3":"status-publish","4":"has-post-thumbnail","6":"product_cat-genel","8":"first","9":"instock","10":"purchasable","11":"product-type-simple","12":"entry","13":"content-bg","14":"loop-entry"},"_links":{"self":[{"href":"https:\/\/www.hediyepazar.com\/index.php?rest_route=\/wp\/v2\/product\/48608","targetHints":{"allow":["GET"]}}],"collection":[{"href":"https:\/\/www.hediyepazar.com\/index.php?rest_route=\/wp\/v2\/product"}],"about":[{"href":"https:\/\/www.hediyepazar.com\/index.php?rest_route=\/wp\/v2\/types\/product"}],"replies":[{"embeddable":true,"href":"https:\/\/www.hediyepazar.com\/index.php?rest_route=%2Fwp%2Fv2%2Fcomments&post=48608"}],"wp:featuredmedia":[{"embeddable":true,"href":"https:\/\/www.hediyepazar.com\/index.php?rest_route=\/wp\/v2\/media\/48607"}],"wp:attachment":[{"href":"https:\/\/www.hediyepazar.com\/index.php?rest_route=%2Fwp%2Fv2%2Fmedia&parent=48608"}],"wp:term":[{"taxonomy":"product_brand","embeddable":true,"href":"https:\/\/www.hediyepazar.com\/index.php?rest_route=%2Fwp%2Fv2%2Fproduct_brand&post=48608"},{"taxonomy":"product_cat","embeddable":true,"href":"https:\/\/www.hediyepazar.com\/index.php?rest_route=%2Fwp%2Fv2%2Fproduct_cat&post=48608"},{"taxonomy":"product_tag","embeddable":true,"href":"https:\/\/www.hediyepazar.com\/index.php?rest_route=%2Fwp%2Fv2%2Fproduct_tag&post=48608"}],"curies":[{"name":"wp","href":"https:\/\/api.w.org\/{rel}","templated":true}]}}