{"id":48610,"date":"2026-04-27T01:50:21","date_gmt":"2026-04-27T04:50:21","guid":{"rendered":"https:\/\/www.hediyepazar.com\/?product=uzun-pil-omurlu-amoled-akilli-saat-torch-isikli"},"modified":"2026-04-27T01:50:21","modified_gmt":"2026-04-27T04:50:21","slug":"uzun-pil-omurlu-amoled-akilli-saat-torch-isikli","status":"publish","type":"product","link":"https:\/\/www.hediyepazar.com\/?product=uzun-pil-omurlu-amoled-akilli-saat-torch-isikli","title":{"rendered":"Uzun Pil \u00d6m\u00fcrl\u00fc Amoled Ak\u0131ll\u0131 Saat Torch I\u015f\u0131kl\u0131"},"content":{"rendered":"","protected":false},"excerpt":{"rendered":"<p>Uzun pil performans\u0131 ile \u00f6ne \u00e7\u0131kan bu ak\u0131ll\u0131 saat, tek \u015farjla 10 g\u00fcne kadar kullan\u0131m imk\u00e2n\u0131 sunar. AMOLED ekran\u0131, ekran okunabilirli\u011fini art\u0131r\u0131rken estetik bir g\u00f6r\u00fcn\u00fcm kazand\u0131r\u0131r. Torch \u00f6zelli\u011fi sayesinde gece y\u00fcr\u00fcy\u00fc\u015flerinde veya karanl\u0131k alanlarda h\u0131zl\u0131ca \u0131\u015f\u0131k kayna\u011f\u0131na ula\u015fabilirsiniz. G\u00fcnl\u00fck hayat\u0131n temposuna uyum sa\u011flayan pratik ve i\u015flevsel bir tasar\u0131ma sahiptir.<\/p>\n","protected":false},"featured_media":48609,"comment_status":"open","ping_status":"closed","template":"","meta":{"_kad_post_transparent":"","_kad_post_title":"","_kad_post_layout":"","_kad_post_sidebar_id":"","_kad_post_content_style":"","_kad_post_vertical_padding":"","_kad_post_feature":"","_kad_post_feature_position":"","_kad_post_header":false,"_kad_post_footer":false,"_kad_post_classname":""},"product_brand":[],"product_cat":[23],"product_tag":[],"class_list":{"0":"post-48610","1":"product","2":"type-product","3":"status-publish","4":"has-post-thumbnail","6":"product_cat-genel","8":"first","9":"instock","10":"purchasable","11":"product-type-simple","12":"entry","13":"content-bg","14":"loop-entry"},"_links":{"self":[{"href":"https:\/\/www.hediyepazar.com\/index.php?rest_route=\/wp\/v2\/product\/48610","targetHints":{"allow":["GET"]}}],"collection":[{"href":"https:\/\/www.hediyepazar.com\/index.php?rest_route=\/wp\/v2\/product"}],"about":[{"href":"https:\/\/www.hediyepazar.com\/index.php?rest_route=\/wp\/v2\/types\/product"}],"replies":[{"embeddable":true,"href":"https:\/\/www.hediyepazar.com\/index.php?rest_route=%2Fwp%2Fv2%2Fcomments&post=48610"}],"wp:featuredmedia":[{"embeddable":true,"href":"https:\/\/www.hediyepazar.com\/index.php?rest_route=\/wp\/v2\/media\/48609"}],"wp:attachment":[{"href":"https:\/\/www.hediyepazar.com\/index.php?rest_route=%2Fwp%2Fv2%2Fmedia&parent=48610"}],"wp:term":[{"taxonomy":"product_brand","embeddable":true,"href":"https:\/\/www.hediyepazar.com\/index.php?rest_route=%2Fwp%2Fv2%2Fproduct_brand&post=48610"},{"taxonomy":"product_cat","embeddable":true,"href":"https:\/\/www.hediyepazar.com\/index.php?rest_route=%2Fwp%2Fv2%2Fproduct_cat&post=48610"},{"taxonomy":"product_tag","embeddable":true,"href":"https:\/\/www.hediyepazar.com\/index.php?rest_route=%2Fwp%2Fv2%2Fproduct_tag&post=48610"}],"curies":[{"name":"wp","href":"https:\/\/api.w.org\/{rel}","templated":true}]}}