{"id":48664,"date":"2026-04-27T01:51:16","date_gmt":"2026-04-27T04:51:16","guid":{"rendered":"https:\/\/www.hediyepazar.com\/?product=profesyonel-25-mm-sac-masasi-kalin-bukle-etkili"},"modified":"2026-04-27T01:51:16","modified_gmt":"2026-04-27T04:51:16","slug":"profesyonel-25-mm-sac-masasi-kalin-bukle-etkili","status":"publish","type":"product","link":"https:\/\/www.hediyepazar.com\/?product=profesyonel-25-mm-sac-masasi-kalin-bukle-etkili","title":{"rendered":"Profesyonel 25 Mm Sa\u00e7 Ma\u015fas\u0131 Kal\u0131n Bukle Etkili"},"content":{"rendered":"","protected":false},"excerpt":{"rendered":"<p>Kal\u0131n bukle sevenler i\u00e7in tasarlanan 25 mm sa\u00e7 ma\u015fas\u0131, sa\u00e7lara derin dalgalar kazand\u0131rarak hacimli bir g\u00f6r\u00fcn\u00fcm olu\u015fturur. \u00d6zellikle do\u011fal ve yumu\u015fak bukleler elde etmek isteyenler i\u00e7in ideal bir \u00e7\u00f6z\u00fcmd\u00fcr. Seramik plaka teknolojisi sayesinde sa\u00e7 telleri e\u015fit \u015fekilde \u0131s\u0131n\u0131r. Bu durum, sa\u00e7\u0131n daha parlak ve canl\u0131 g\u00f6r\u00fcnmesine yard\u0131mc\u0131 olurken \u0131s\u0131 hasar\u0131n\u0131 minimum seviyede tutar. 230 dereceye kadar ayarlanabilen maksimum s\u0131cakl\u0131k, farkl\u0131 sa\u00e7 tiplerine uyum sa\u011flar. Kal\u0131c\u0131 ve belirgin \u015fekiller elde edilmesini kolayla\u015ft\u0131r\u0131r. 2 y\u0131l ithalat\u00e7\u0131 garantisi ile sunulmas\u0131, \u00fcr\u00fcn\u00fc g\u00fcvenle kullanman\u0131z\u0131 sa\u011flar. G\u00fcnl\u00fck bak\u0131m rutininin yan\u0131 s\u0131ra \u00f6zel g\u00fcnlerde de rahatl\u0131kla tercih edilebilir.<\/p>\n","protected":false},"featured_media":48663,"comment_status":"open","ping_status":"closed","template":"","meta":{"_kad_post_transparent":"","_kad_post_title":"","_kad_post_layout":"","_kad_post_sidebar_id":"","_kad_post_content_style":"","_kad_post_vertical_padding":"","_kad_post_feature":"","_kad_post_feature_position":"","_kad_post_header":false,"_kad_post_footer":false,"_kad_post_classname":""},"product_brand":[],"product_cat":[23],"product_tag":[],"class_list":{"0":"post-48664","1":"product","2":"type-product","3":"status-publish","4":"has-post-thumbnail","6":"product_cat-genel","8":"first","9":"instock","10":"purchasable","11":"product-type-simple","12":"entry","13":"content-bg","14":"loop-entry"},"_links":{"self":[{"href":"https:\/\/www.hediyepazar.com\/index.php?rest_route=\/wp\/v2\/product\/48664","targetHints":{"allow":["GET"]}}],"collection":[{"href":"https:\/\/www.hediyepazar.com\/index.php?rest_route=\/wp\/v2\/product"}],"about":[{"href":"https:\/\/www.hediyepazar.com\/index.php?rest_route=\/wp\/v2\/types\/product"}],"replies":[{"embeddable":true,"href":"https:\/\/www.hediyepazar.com\/index.php?rest_route=%2Fwp%2Fv2%2Fcomments&post=48664"}],"wp:featuredmedia":[{"embeddable":true,"href":"https:\/\/www.hediyepazar.com\/index.php?rest_route=\/wp\/v2\/media\/48663"}],"wp:attachment":[{"href":"https:\/\/www.hediyepazar.com\/index.php?rest_route=%2Fwp%2Fv2%2Fmedia&parent=48664"}],"wp:term":[{"taxonomy":"product_brand","embeddable":true,"href":"https:\/\/www.hediyepazar.com\/index.php?rest_route=%2Fwp%2Fv2%2Fproduct_brand&post=48664"},{"taxonomy":"product_cat","embeddable":true,"href":"https:\/\/www.hediyepazar.com\/index.php?rest_route=%2Fwp%2Fv2%2Fproduct_cat&post=48664"},{"taxonomy":"product_tag","embeddable":true,"href":"https:\/\/www.hediyepazar.com\/index.php?rest_route=%2Fwp%2Fv2%2Fproduct_tag&post=48664"}],"curies":[{"name":"wp","href":"https:\/\/api.w.org\/{rel}","templated":true}]}}