{"id":48901,"date":"2026-04-27T01:57:34","date_gmt":"2026-04-27T04:57:34","guid":{"rendered":"https:\/\/www.hediyepazar.com\/?product=sq9-mini-akilli-saat"},"modified":"2026-04-27T01:57:34","modified_gmt":"2026-04-27T04:57:34","slug":"sq9-mini-akilli-saat","status":"publish","type":"product","link":"https:\/\/www.hediyepazar.com\/?product=sq9-mini-akilli-saat","title":{"rendered":"SQ9 Mini Ak\u0131ll\u0131 Saat"},"content":{"rendered":"","protected":false},"excerpt":{"rendered":"<p>AMOLED ekranl\u0131 ak\u0131ll\u0131 saat, g\u00fc\u00e7l\u00fc batarya \u00f6mr\u00fc ve \u00e7ok y\u00f6nl\u00fc \u00f6zellikleriyle g\u00fcnl\u00fck ya\u015famda ve sporda en iyi yard\u0131mc\u0131n\u0131z olacak. 1.78\u2033 ekran boyutu sayesinde net ve canl\u0131 bir g\u00f6r\u00fcnt\u00fc deneyimi sunar. Bluetooth arama \u00f6zelli\u011fi ile telefonunuza dokunmadan bile\u011finizden g\u00f6r\u00fc\u015fme yapabilirsiniz. Sa\u011fl\u0131k takibi fonksiyonlar\u0131 aras\u0131nda nab\u0131z sens\u00f6r\u00fc, uyku analizi, ad\u0131m sayar ve kalori hesaplama yer al\u0131r. Spor modlar\u0131 ile antrenman performans\u0131n\u0131z\u0131 \u00f6l\u00e7ebilirsiniz. IP67 suya dayan\u0131kl\u0131l\u0131k \u00f6zelli\u011fi, g\u00fcnl\u00fck hayatta ya\u011fmur, terleme ve el y\u0131kama s\u0131ras\u0131nda g\u00fcvenle kullan\u0131m imk\u00e2n\u0131 verir. 200\u2013270 mAh batarya kapasitesi ile 1\u20134 g\u00fcn aktif kullan\u0131m, 5 g\u00fcn bekleme s\u00fcresi sunar. 3 farkl\u0131 silikon kordon hediyesi ile saat kombinlerinizi her g\u00fcn farkl\u0131 hale getirebilirsiniz. IOS ve Android uyumlu olup, Hyper Watch uygulamas\u0131 \u00fczerinden t\u00fcm verilerinizi takip edebilir, ekran temalar\u0131n\u0131 de\u011fi\u015ftirebilirsiniz.<\/p>\n","protected":false},"featured_media":48900,"comment_status":"open","ping_status":"closed","template":"","meta":{"_kad_post_transparent":"","_kad_post_title":"","_kad_post_layout":"","_kad_post_sidebar_id":"","_kad_post_content_style":"","_kad_post_vertical_padding":"","_kad_post_feature":"","_kad_post_feature_position":"","_kad_post_header":false,"_kad_post_footer":false,"_kad_post_classname":""},"product_brand":[],"product_cat":[23],"product_tag":[],"class_list":{"0":"post-48901","1":"product","2":"type-product","3":"status-publish","4":"has-post-thumbnail","6":"product_cat-genel","8":"first","9":"instock","10":"purchasable","11":"product-type-simple","12":"entry","13":"content-bg","14":"loop-entry"},"_links":{"self":[{"href":"https:\/\/www.hediyepazar.com\/index.php?rest_route=\/wp\/v2\/product\/48901","targetHints":{"allow":["GET"]}}],"collection":[{"href":"https:\/\/www.hediyepazar.com\/index.php?rest_route=\/wp\/v2\/product"}],"about":[{"href":"https:\/\/www.hediyepazar.com\/index.php?rest_route=\/wp\/v2\/types\/product"}],"replies":[{"embeddable":true,"href":"https:\/\/www.hediyepazar.com\/index.php?rest_route=%2Fwp%2Fv2%2Fcomments&post=48901"}],"wp:featuredmedia":[{"embeddable":true,"href":"https:\/\/www.hediyepazar.com\/index.php?rest_route=\/wp\/v2\/media\/48900"}],"wp:attachment":[{"href":"https:\/\/www.hediyepazar.com\/index.php?rest_route=%2Fwp%2Fv2%2Fmedia&parent=48901"}],"wp:term":[{"taxonomy":"product_brand","embeddable":true,"href":"https:\/\/www.hediyepazar.com\/index.php?rest_route=%2Fwp%2Fv2%2Fproduct_brand&post=48901"},{"taxonomy":"product_cat","embeddable":true,"href":"https:\/\/www.hediyepazar.com\/index.php?rest_route=%2Fwp%2Fv2%2Fproduct_cat&post=48901"},{"taxonomy":"product_tag","embeddable":true,"href":"https:\/\/www.hediyepazar.com\/index.php?rest_route=%2Fwp%2Fv2%2Fproduct_tag&post=48901"}],"curies":[{"name":"wp","href":"https:\/\/api.w.org\/{rel}","templated":true}]}}