{"id":48967,"date":"2026-04-27T01:59:34","date_gmt":"2026-04-27T04:59:34","guid":{"rendered":"https:\/\/www.hediyepazar.com\/?product=akilli-saat-g20-mini-siyah"},"modified":"2026-04-27T01:59:34","modified_gmt":"2026-04-27T04:59:34","slug":"akilli-saat-g20-mini-siyah","status":"publish","type":"product","link":"https:\/\/www.hediyepazar.com\/?product=akilli-saat-g20-mini-siyah","title":{"rendered":"Ak\u0131ll\u0131 Saat G20 Mini Siyah"},"content":{"rendered":"","protected":false},"excerpt":{"rendered":"<p>Haino Teko G20 Mini, fiyat\/performans a\u00e7\u0131s\u0131ndan benzersizdir. En yeni teknolojileri sade bir tasar\u0131mla bir araya getirir. Bluetooth ba\u011flant\u0131s\u0131, tam dokunmatik ekran, spor modlar\u0131 ve sa\u011fl\u0131k takibi gibi \u00f6zellikleriyle g\u00fcnl\u00fck ya\u015fam\u0131n\u0131z\u0131 daha konforlu hale getirir. Hafif ve zarif yap\u0131s\u0131yla hem kad\u0131nlar hem erkekler i\u00e7in uygundur. Uygun fiyat\u0131yla ak\u0131ll\u0131 saat d\u00fcnyas\u0131na giri\u015f yapmak isteyen herkes i\u00e7in do\u011fru se\u00e7imdir. Modern teknoloji ile \u015f\u0131kl\u0131\u011f\u0131 bile\u011finizde bulu\u015fturur.<\/p>\n","protected":false},"featured_media":48966,"comment_status":"open","ping_status":"closed","template":"","meta":{"_kad_post_transparent":"","_kad_post_title":"","_kad_post_layout":"","_kad_post_sidebar_id":"","_kad_post_content_style":"","_kad_post_vertical_padding":"","_kad_post_feature":"","_kad_post_feature_position":"","_kad_post_header":false,"_kad_post_footer":false,"_kad_post_classname":""},"product_brand":[],"product_cat":[23],"product_tag":[],"class_list":{"0":"post-48967","1":"product","2":"type-product","3":"status-publish","4":"has-post-thumbnail","6":"product_cat-genel","8":"first","9":"instock","10":"purchasable","11":"product-type-simple","12":"entry","13":"content-bg","14":"loop-entry"},"_links":{"self":[{"href":"https:\/\/www.hediyepazar.com\/index.php?rest_route=\/wp\/v2\/product\/48967","targetHints":{"allow":["GET"]}}],"collection":[{"href":"https:\/\/www.hediyepazar.com\/index.php?rest_route=\/wp\/v2\/product"}],"about":[{"href":"https:\/\/www.hediyepazar.com\/index.php?rest_route=\/wp\/v2\/types\/product"}],"replies":[{"embeddable":true,"href":"https:\/\/www.hediyepazar.com\/index.php?rest_route=%2Fwp%2Fv2%2Fcomments&post=48967"}],"wp:featuredmedia":[{"embeddable":true,"href":"https:\/\/www.hediyepazar.com\/index.php?rest_route=\/wp\/v2\/media\/48966"}],"wp:attachment":[{"href":"https:\/\/www.hediyepazar.com\/index.php?rest_route=%2Fwp%2Fv2%2Fmedia&parent=48967"}],"wp:term":[{"taxonomy":"product_brand","embeddable":true,"href":"https:\/\/www.hediyepazar.com\/index.php?rest_route=%2Fwp%2Fv2%2Fproduct_brand&post=48967"},{"taxonomy":"product_cat","embeddable":true,"href":"https:\/\/www.hediyepazar.com\/index.php?rest_route=%2Fwp%2Fv2%2Fproduct_cat&post=48967"},{"taxonomy":"product_tag","embeddable":true,"href":"https:\/\/www.hediyepazar.com\/index.php?rest_route=%2Fwp%2Fv2%2Fproduct_tag&post=48967"}],"curies":[{"name":"wp","href":"https:\/\/api.w.org\/{rel}","templated":true}]}}