{"id":49098,"date":"2026-04-27T02:02:12","date_gmt":"2026-04-27T05:02:12","guid":{"rendered":"https:\/\/www.hediyepazar.com\/?product=7-kordonlu-unisex-akilli-saat-coklu-kordon-secenegi-amoled-ekran"},"modified":"2026-04-27T02:02:12","modified_gmt":"2026-04-27T05:02:12","slug":"7-kordonlu-unisex-akilli-saat-coklu-kordon-secenegi-amoled-ekran","status":"publish","type":"product","link":"https:\/\/www.hediyepazar.com\/?product=7-kordonlu-unisex-akilli-saat-coklu-kordon-secenegi-amoled-ekran","title":{"rendered":"7 Kordonlu Unisex Ak\u0131ll\u0131 Saat \u00c7oklu Kordon Se\u00e7ene\u011fi Amoled Ekran"},"content":{"rendered":"","protected":false},"excerpt":{"rendered":"<p>Bu \u00f6zel saat modeli, titanyum kasa materyali sayesinde hem dayan\u0131kl\u0131l\u0131\u011f\u0131 hem de zarif bir g\u00f6r\u00fcn\u00fcm\u00fc bir arada sunar. Hafif ancak son derece sa\u011flam olan titanyum, saatin uzun y\u0131llar boyunca yeni gibi kalmas\u0131n\u0131 sa\u011flar. Touch screen cam tipi, kullan\u0131c\u0131lara h\u0131zl\u0131 ve kolay bir kullan\u0131m deneyimi sunarken, d\u00fcz cam tasar\u0131m\u0131 saatin modern ve sofistike bir g\u00f6r\u00fcn\u00fcm kazanmas\u0131n\u0131 sa\u011flar. Saatin analog ve dijital mekanizma \u00f6zelli\u011fi, hem klasik hem de modern zaman \u00f6l\u00e7\u00fcm\u00fcn\u00fc bir araya getirerek farkl\u0131 kullan\u0131m tercihlerine hitap eder.<\/p>\n","protected":false},"featured_media":49097,"comment_status":"open","ping_status":"closed","template":"","meta":{"_kad_post_transparent":"","_kad_post_title":"","_kad_post_layout":"","_kad_post_sidebar_id":"","_kad_post_content_style":"","_kad_post_vertical_padding":"","_kad_post_feature":"","_kad_post_feature_position":"","_kad_post_header":false,"_kad_post_footer":false,"_kad_post_classname":""},"product_brand":[],"product_cat":[23],"product_tag":[],"class_list":{"0":"post-49098","1":"product","2":"type-product","3":"status-publish","4":"has-post-thumbnail","6":"product_cat-genel","8":"first","9":"instock","10":"purchasable","11":"product-type-simple","12":"entry","13":"content-bg","14":"loop-entry"},"_links":{"self":[{"href":"https:\/\/www.hediyepazar.com\/index.php?rest_route=\/wp\/v2\/product\/49098","targetHints":{"allow":["GET"]}}],"collection":[{"href":"https:\/\/www.hediyepazar.com\/index.php?rest_route=\/wp\/v2\/product"}],"about":[{"href":"https:\/\/www.hediyepazar.com\/index.php?rest_route=\/wp\/v2\/types\/product"}],"replies":[{"embeddable":true,"href":"https:\/\/www.hediyepazar.com\/index.php?rest_route=%2Fwp%2Fv2%2Fcomments&post=49098"}],"wp:featuredmedia":[{"embeddable":true,"href":"https:\/\/www.hediyepazar.com\/index.php?rest_route=\/wp\/v2\/media\/49097"}],"wp:attachment":[{"href":"https:\/\/www.hediyepazar.com\/index.php?rest_route=%2Fwp%2Fv2%2Fmedia&parent=49098"}],"wp:term":[{"taxonomy":"product_brand","embeddable":true,"href":"https:\/\/www.hediyepazar.com\/index.php?rest_route=%2Fwp%2Fv2%2Fproduct_brand&post=49098"},{"taxonomy":"product_cat","embeddable":true,"href":"https:\/\/www.hediyepazar.com\/index.php?rest_route=%2Fwp%2Fv2%2Fproduct_cat&post=49098"},{"taxonomy":"product_tag","embeddable":true,"href":"https:\/\/www.hediyepazar.com\/index.php?rest_route=%2Fwp%2Fv2%2Fproduct_tag&post=49098"}],"curies":[{"name":"wp","href":"https:\/\/api.w.org\/{rel}","templated":true}]}}