{"id":49143,"date":"2026-04-27T02:02:39","date_gmt":"2026-04-27T05:02:39","guid":{"rendered":"https:\/\/www.hediyepazar.com\/?product=akilli-saat-7-farkli-kordonlu-arama-cevaplayan-bildirim-gps-ozelligi"},"modified":"2026-04-27T02:02:39","modified_gmt":"2026-04-27T05:02:39","slug":"akilli-saat-7-farkli-kordonlu-arama-cevaplayan-bildirim-gps-ozelligi","status":"publish","type":"product","link":"https:\/\/www.hediyepazar.com\/?product=akilli-saat-7-farkli-kordonlu-arama-cevaplayan-bildirim-gps-ozelligi","title":{"rendered":"Ak\u0131ll\u0131 Saat 7 Farkl\u0131 Kordonlu Arama Cevaplayan Bildirim Gps \u00d6zelli\u011fi"},"content":{"rendered":"","protected":false},"excerpt":{"rendered":"<p>G\u00f6z Al\u0131c\u0131 Ekran: 2,05 in\u00e7 IPS ekran ile y\u00fcksek \u00e7\u00f6z\u00fcn\u00fcrl\u00fckl\u00fc g\u00f6r\u00fcnt\u00fc deneyimi ya\u015fay\u0131n. Ayarlanabilir parlakl\u0131k sayesinde her ortamda net bir g\u00f6r\u00fcn\u00fcm sa\u011flar. \u00c7a\u011fr\u0131 ve Mesaj Y\u00f6netimi: Saat \u00fczerinden sesli \u00e7a\u011fr\u0131 yan\u0131tlama, konu\u015fma, mesaj bildirimlerini anl\u0131k takip etme ve okunmayan mesaj hat\u0131rlatma \u00f6zellikleriyle her zaman ba\u011flant\u0131da kal\u0131n. Spor Modlar\u0131 ve Sa\u011fl\u0131k Takibi: Spor modlar\u0131, ad\u0131msayar, kalp ritmi \u00f6l\u00e7me, oksijen sat\u00fcrasyonu \u00f6l\u00e7me ve enerji tasarruf moduyla aktif bir ya\u015fam tarz\u0131n\u0131 destekler. Ayr\u0131ca, su i\u00e7me, egzersiz ve hareketsizlik hat\u0131rlat\u0131c\u0131lar\u0131 ile sa\u011fl\u0131kl\u0131 bir rutin olu\u015fturman\u0131za yard\u0131mc\u0131 olur. Ekstra \u00d6zellikler: Barometre, hesap makinesi, k\u0131sa video uzaktan kumanda, hava durumu takibi, kronometre ve daha fazlas\u0131, bu ak\u0131ll\u0131 saati benzersiz bir ya\u015fam asistan\u0131 haline getiriyor.Paket i\u00e7erisinde adapt\u00f6r bulunmaz; h\u0131zl\u0131 bir \u015fekilde \u015farj etmek i\u00e7in mevcut USB kablolar\u0131n\u0131z\u0131 kullanabilirsiniz. Hem tasar\u0131m hem de fonksiyon a\u00e7\u0131s\u0131ndan beklentilerinizi kar\u015f\u0131layacak bu ak\u0131ll\u0131 saat, teknoloji severler i\u00e7in vazge\u00e7ilmez bir aksesuar!<\/p>\n","protected":false},"featured_media":49142,"comment_status":"open","ping_status":"closed","template":"","meta":{"_kad_post_transparent":"","_kad_post_title":"","_kad_post_layout":"","_kad_post_sidebar_id":"","_kad_post_content_style":"","_kad_post_vertical_padding":"","_kad_post_feature":"","_kad_post_feature_position":"","_kad_post_header":false,"_kad_post_footer":false,"_kad_post_classname":""},"product_brand":[],"product_cat":[23],"product_tag":[],"class_list":{"0":"post-49143","1":"product","2":"type-product","3":"status-publish","4":"has-post-thumbnail","6":"product_cat-genel","8":"first","9":"instock","10":"purchasable","11":"product-type-simple","12":"entry","13":"content-bg","14":"loop-entry"},"_links":{"self":[{"href":"https:\/\/www.hediyepazar.com\/index.php?rest_route=\/wp\/v2\/product\/49143","targetHints":{"allow":["GET"]}}],"collection":[{"href":"https:\/\/www.hediyepazar.com\/index.php?rest_route=\/wp\/v2\/product"}],"about":[{"href":"https:\/\/www.hediyepazar.com\/index.php?rest_route=\/wp\/v2\/types\/product"}],"replies":[{"embeddable":true,"href":"https:\/\/www.hediyepazar.com\/index.php?rest_route=%2Fwp%2Fv2%2Fcomments&post=49143"}],"wp:featuredmedia":[{"embeddable":true,"href":"https:\/\/www.hediyepazar.com\/index.php?rest_route=\/wp\/v2\/media\/49142"}],"wp:attachment":[{"href":"https:\/\/www.hediyepazar.com\/index.php?rest_route=%2Fwp%2Fv2%2Fmedia&parent=49143"}],"wp:term":[{"taxonomy":"product_brand","embeddable":true,"href":"https:\/\/www.hediyepazar.com\/index.php?rest_route=%2Fwp%2Fv2%2Fproduct_brand&post=49143"},{"taxonomy":"product_cat","embeddable":true,"href":"https:\/\/www.hediyepazar.com\/index.php?rest_route=%2Fwp%2Fv2%2Fproduct_cat&post=49143"},{"taxonomy":"product_tag","embeddable":true,"href":"https:\/\/www.hediyepazar.com\/index.php?rest_route=%2Fwp%2Fv2%2Fproduct_tag&post=49143"}],"curies":[{"name":"wp","href":"https:\/\/api.w.org\/{rel}","templated":true}]}}