{"id":49217,"date":"2026-04-27T02:03:56","date_gmt":"2026-04-27T05:03:56","guid":{"rendered":"https:\/\/www.hediyepazar.com\/?product=temizleme-masaj"},"modified":"2026-04-27T02:10:30","modified_gmt":"2026-04-27T05:10:30","slug":"temizleme-masaj","status":"publish","type":"product","link":"https:\/\/www.hediyepazar.com\/?product=temizleme-masaj","title":{"rendered":"Temizleme Masaj"},"content":{"rendered":"","protected":false},"excerpt":{"rendered":"<p>Her cilt tipine uygun bir temizlik deneyimi ya\u015fatmak i\u00e7in yumu\u015fak silikondan yap\u0131lm\u0131\u015ft\u0131r Ultra hijyenik silikon bakteri birikimini engellemek i\u00e7in g\u00f6zeneksizdir Standart temizlik f\u0131r\u00e7alar\u0131na g\u00f6re daha hijyenik 2 kat g\u00fc\u00e7te daha derin deri alt\u0131 titre\u015fimi \u00d6zelle\u015ftirilebilir temizleme ve y\u00fcz masaj\u0131 T\u0131pal\u0131 olmas\u0131 sayesinde daha uzun \u00f6m\u00fcrl\u00fcd\u00fcr Paket i\u00e7eri\u011fi: Silikon cilt temizleme ve y\u00fcz masaj aleti cihaz\u0131, \u015farj usb kablosu \u00dcr\u00fcn %100 orijinaldir<\/p>\n","protected":false},"featured_media":49529,"comment_status":"open","ping_status":"closed","template":"","meta":{"_kad_post_transparent":"","_kad_post_title":"","_kad_post_layout":"","_kad_post_sidebar_id":"","_kad_post_content_style":"","_kad_post_vertical_padding":"","_kad_post_feature":"","_kad_post_feature_position":"","_kad_post_header":false,"_kad_post_footer":false,"_kad_post_classname":""},"product_brand":[],"product_cat":[23],"product_tag":[],"class_list":{"0":"post-49217","1":"product","2":"type-product","3":"status-publish","4":"has-post-thumbnail","6":"product_cat-genel","8":"first","9":"instock","10":"purchasable","11":"product-type-simple","12":"entry","13":"content-bg","14":"loop-entry"},"_links":{"self":[{"href":"https:\/\/www.hediyepazar.com\/index.php?rest_route=\/wp\/v2\/product\/49217","targetHints":{"allow":["GET"]}}],"collection":[{"href":"https:\/\/www.hediyepazar.com\/index.php?rest_route=\/wp\/v2\/product"}],"about":[{"href":"https:\/\/www.hediyepazar.com\/index.php?rest_route=\/wp\/v2\/types\/product"}],"replies":[{"embeddable":true,"href":"https:\/\/www.hediyepazar.com\/index.php?rest_route=%2Fwp%2Fv2%2Fcomments&post=49217"}],"wp:featuredmedia":[{"embeddable":true,"href":"https:\/\/www.hediyepazar.com\/index.php?rest_route=\/wp\/v2\/media\/49529"}],"wp:attachment":[{"href":"https:\/\/www.hediyepazar.com\/index.php?rest_route=%2Fwp%2Fv2%2Fmedia&parent=49217"}],"wp:term":[{"taxonomy":"product_brand","embeddable":true,"href":"https:\/\/www.hediyepazar.com\/index.php?rest_route=%2Fwp%2Fv2%2Fproduct_brand&post=49217"},{"taxonomy":"product_cat","embeddable":true,"href":"https:\/\/www.hediyepazar.com\/index.php?rest_route=%2Fwp%2Fv2%2Fproduct_cat&post=49217"},{"taxonomy":"product_tag","embeddable":true,"href":"https:\/\/www.hediyepazar.com\/index.php?rest_route=%2Fwp%2Fv2%2Fproduct_tag&post=49217"}],"curies":[{"name":"wp","href":"https:\/\/api.w.org\/{rel}","templated":true}]}}