{"id":49299,"date":"2026-04-27T02:05:40","date_gmt":"2026-04-27T05:05:40","guid":{"rendered":"https:\/\/www.hediyepazar.com\/?product=yeni-nesil-tiras-makinesi-uzun-sarjli-paslanmaz-celik-bicakli"},"modified":"2026-04-27T02:05:40","modified_gmt":"2026-04-27T05:05:40","slug":"yeni-nesil-tiras-makinesi-uzun-sarjli-paslanmaz-celik-bicakli","status":"publish","type":"product","link":"https:\/\/www.hediyepazar.com\/?product=yeni-nesil-tiras-makinesi-uzun-sarjli-paslanmaz-celik-bicakli","title":{"rendered":"Yeni Nesil T\u0131ra\u015f Makinesi Uzun \u015earjl\u0131 Paslanmaz \u00c7elik B\u0131\u00e7akl\u0131"},"content":{"rendered":"","protected":false},"excerpt":{"rendered":"<p>Ergonomik Yap\u0131s\u0131 ve G\u00fc\u00e7l\u00fc Motoru ile Insua HK-700 Profesyonel Sa\u00e7 ve Sakal Kesme Makinesi, Kolay ve H\u0131zl\u0131 Kesim Sa\u011flar Insua HK-700, estetik tasar\u0131m\u0131 ve ergonomik yap\u0131s\u0131yla kullan\u0131m s\u0131ras\u0131nda m\u00fckemmel bir kavrama sa\u011flar. Uzun s\u00fcreli kullan\u0131mlarda bile rahatl\u0131k sunar. 220-240 V 50\/60 Hz g\u00fc\u00e7 kayna\u011f\u0131na sahip g\u00fc\u00e7l\u00fc motoru ile, hem sa\u00e7 hem de sakal kesimlerinde sorunsuz bir performans ortaya koyar. Motor g\u00fcc\u00fc 3.6 Volt olup, t\u00fcm k\u0131llar\u0131 h\u0131zl\u0131 ve etkili bir \u015fekilde kesmek i\u00e7in idealdir. \u00dcr\u00fcn\u00fcn 4 adet k\u0131lavuz tara\u011f\u0131 aksesuar\u0131, her sa\u00e7 ve sakal tipine uygun kesim se\u00e7enekleri sunar. Hem \u0131slak hem de kuru kullan\u0131m imkan\u0131 sunan bu makine, her ortamda ve her kesim tarz\u0131nda m\u00fckemmel sonu\u00e7lar elde etmenizi sa\u011flar.<\/p>\n","protected":false},"featured_media":49298,"comment_status":"open","ping_status":"closed","template":"","meta":{"_kad_post_transparent":"","_kad_post_title":"","_kad_post_layout":"","_kad_post_sidebar_id":"","_kad_post_content_style":"","_kad_post_vertical_padding":"","_kad_post_feature":"","_kad_post_feature_position":"","_kad_post_header":false,"_kad_post_footer":false,"_kad_post_classname":""},"product_brand":[],"product_cat":[23],"product_tag":[],"class_list":{"0":"post-49299","1":"product","2":"type-product","3":"status-publish","4":"has-post-thumbnail","6":"product_cat-genel","8":"first","9":"instock","10":"purchasable","11":"product-type-simple","12":"entry","13":"content-bg","14":"loop-entry"},"_links":{"self":[{"href":"https:\/\/www.hediyepazar.com\/index.php?rest_route=\/wp\/v2\/product\/49299","targetHints":{"allow":["GET"]}}],"collection":[{"href":"https:\/\/www.hediyepazar.com\/index.php?rest_route=\/wp\/v2\/product"}],"about":[{"href":"https:\/\/www.hediyepazar.com\/index.php?rest_route=\/wp\/v2\/types\/product"}],"replies":[{"embeddable":true,"href":"https:\/\/www.hediyepazar.com\/index.php?rest_route=%2Fwp%2Fv2%2Fcomments&post=49299"}],"wp:featuredmedia":[{"embeddable":true,"href":"https:\/\/www.hediyepazar.com\/index.php?rest_route=\/wp\/v2\/media\/49298"}],"wp:attachment":[{"href":"https:\/\/www.hediyepazar.com\/index.php?rest_route=%2Fwp%2Fv2%2Fmedia&parent=49299"}],"wp:term":[{"taxonomy":"product_brand","embeddable":true,"href":"https:\/\/www.hediyepazar.com\/index.php?rest_route=%2Fwp%2Fv2%2Fproduct_brand&post=49299"},{"taxonomy":"product_cat","embeddable":true,"href":"https:\/\/www.hediyepazar.com\/index.php?rest_route=%2Fwp%2Fv2%2Fproduct_cat&post=49299"},{"taxonomy":"product_tag","embeddable":true,"href":"https:\/\/www.hediyepazar.com\/index.php?rest_route=%2Fwp%2Fv2%2Fproduct_tag&post=49299"}],"curies":[{"name":"wp","href":"https:\/\/api.w.org\/{rel}","templated":true}]}}