{"id":49559,"date":"2026-04-27T02:11:19","date_gmt":"2026-04-27T05:11:19","guid":{"rendered":"https:\/\/www.hediyepazar.com\/?product=profesyonel-tirnak-bakim-seti-celik-aletli-sik-deri-cantali"},"modified":"2026-04-27T02:11:19","modified_gmt":"2026-04-27T05:11:19","slug":"profesyonel-tirnak-bakim-seti-celik-aletli-sik-deri-cantali","status":"publish","type":"product","link":"https:\/\/www.hediyepazar.com\/?product=profesyonel-tirnak-bakim-seti-celik-aletli-sik-deri-cantali","title":{"rendered":"Profesyonel T\u0131rnak Bak\u0131m Seti \u00c7elik Aletli \u015e\u0131k Deri \u00c7antal\u0131"},"content":{"rendered":"","protected":false},"excerpt":{"rendered":"<p>Profesyonel manik\u00fcr ve pedik\u00fcr seti, ki\u015fisel bak\u0131m\u0131n\u0131z\u0131 hem evde hem de seyahatlerde kolayca yapabilmeniz i\u00e7in tasarlanm\u0131\u015ft\u0131r. \u00d6zel deri \u00e7antas\u0131 ile birlikte sunulan bu set, kompakt yap\u0131s\u0131 sayesinde \u00e7antan\u0131zda rahat\u00e7a ta\u015f\u0131nabilir. Paslanmaz \u00e7elikten \u00fcretilen aletler uzun \u00f6m\u00fcrl\u00fc kullan\u0131m sa\u011flar ve hijyen a\u00e7\u0131s\u0131ndan kolayca temizlenebilir. Setin i\u00e7erisinde kulak \u00e7ekme aparat\u0131, \u00e7ok ama\u00e7l\u0131 makas, manik\u00fcr makas\u0131, \u00fc\u00e7 farkl\u0131 t\u0131rnak makas\u0131\/d\u00fczeltici, pense, t\u0131rnak t\u00f6rp\u00fcs\u00fc, ka\u015f c\u0131mb\u0131z\u0131, kir temizleme aparat\u0131, manik\u00fcr b\u0131\u00e7a\u011f\u0131 ve akne i\u011fnesi yer al\u0131r. Bu kapsaml\u0131 i\u00e7erik sayesinde hem el ve ayak bak\u0131m\u0131n\u0131z\u0131 yapabilir hem de ka\u015f ve cilt bak\u0131m\u0131n\u0131z\u0131 tamamlayabilirsiniz. \u015e\u0131k deri \u00e7antas\u0131, t\u00fcm aletlerin d\u00fczenli bir \u015fekilde saklanmas\u0131na olanak tan\u0131rken estetik bir g\u00f6r\u00fcn\u00fcm sunar. Uzun s\u00fcreli kullan\u0131m i\u00e7in tasarlanm\u0131\u015f bu set, g\u00fczellik salonlar\u0131na gitmeden ki\u015fisel bak\u0131m\u0131n\u0131z\u0131 profesyonel d\u00fczeyde yapman\u0131za imk\u00e2n tan\u0131r. Ayr\u0131ca \u015f\u0131k tasar\u0131m\u0131 sayesinde sevdiklerinize hediye edebilece\u011finiz de\u011ferli bir alternatiftir. Kendinize zaman ay\u0131r\u0131n ve bak\u0131m\u0131n\u0131z\u0131 diledi\u011finiz her yerde yap\u0131n.<\/p>\n","protected":false},"featured_media":49558,"comment_status":"open","ping_status":"closed","template":"","meta":{"_kad_post_transparent":"","_kad_post_title":"","_kad_post_layout":"","_kad_post_sidebar_id":"","_kad_post_content_style":"","_kad_post_vertical_padding":"","_kad_post_feature":"","_kad_post_feature_position":"","_kad_post_header":false,"_kad_post_footer":false,"_kad_post_classname":""},"product_brand":[],"product_cat":[23],"product_tag":[],"class_list":{"0":"post-49559","1":"product","2":"type-product","3":"status-publish","4":"has-post-thumbnail","6":"product_cat-genel","8":"first","9":"instock","10":"purchasable","11":"product-type-simple","12":"entry","13":"content-bg","14":"loop-entry"},"_links":{"self":[{"href":"https:\/\/www.hediyepazar.com\/index.php?rest_route=\/wp\/v2\/product\/49559","targetHints":{"allow":["GET"]}}],"collection":[{"href":"https:\/\/www.hediyepazar.com\/index.php?rest_route=\/wp\/v2\/product"}],"about":[{"href":"https:\/\/www.hediyepazar.com\/index.php?rest_route=\/wp\/v2\/types\/product"}],"replies":[{"embeddable":true,"href":"https:\/\/www.hediyepazar.com\/index.php?rest_route=%2Fwp%2Fv2%2Fcomments&post=49559"}],"wp:featuredmedia":[{"embeddable":true,"href":"https:\/\/www.hediyepazar.com\/index.php?rest_route=\/wp\/v2\/media\/49558"}],"wp:attachment":[{"href":"https:\/\/www.hediyepazar.com\/index.php?rest_route=%2Fwp%2Fv2%2Fmedia&parent=49559"}],"wp:term":[{"taxonomy":"product_brand","embeddable":true,"href":"https:\/\/www.hediyepazar.com\/index.php?rest_route=%2Fwp%2Fv2%2Fproduct_brand&post=49559"},{"taxonomy":"product_cat","embeddable":true,"href":"https:\/\/www.hediyepazar.com\/index.php?rest_route=%2Fwp%2Fv2%2Fproduct_cat&post=49559"},{"taxonomy":"product_tag","embeddable":true,"href":"https:\/\/www.hediyepazar.com\/index.php?rest_route=%2Fwp%2Fv2%2Fproduct_tag&post=49559"}],"curies":[{"name":"wp","href":"https:\/\/api.w.org\/{rel}","templated":true}]}}