{"id":49615,"date":"2026-04-27T02:12:16","date_gmt":"2026-04-27T05:12:16","guid":{"rendered":"https:\/\/www.hediyepazar.com\/?product=hk-3150-tiras-makinesi"},"modified":"2026-04-27T02:12:16","modified_gmt":"2026-04-27T05:12:16","slug":"hk-3150-tiras-makinesi","status":"publish","type":"product","link":"https:\/\/www.hediyepazar.com\/?product=hk-3150-tiras-makinesi","title":{"rendered":"Hk-3150 T\u0131ra\u015f Makinesi"},"content":{"rendered":"","protected":false},"excerpt":{"rendered":"<p>Kuru kullan\u0131m \u00f6zelli\u011fi sayesinde suya ihtiya\u00e7 duymadan pratik bir t\u0131ra\u015f deneyimi ya\u015fat\u0131r Tek \u015farjla 1 ila 2 saat aras\u0131nda kesintisiz kullan\u0131m imkan\u0131 sa\u011flar, b\u00f6ylece uzun s\u00fcreli t\u0131ra\u015f ihtiyac\u0131n\u0131z\u0131 kar\u015f\u0131lar 2 y\u0131l garanti s\u00fcresi ile sat\u0131n alma sonras\u0131 da g\u00fcven verir ve olas\u0131 sorunlarda yan\u0131n\u0131zda oldu\u011fumuzu hissettirir \u015earjl\u0131 yap\u0131s\u0131 sayesinde kablosuz \u00f6zg\u00fcrl\u00fck sunar ve hareket halindeyken bile t\u0131ra\u015f olman\u0131z\u0131 kolayla\u015ft\u0131r\u0131r Sakal b\u00f6lgesi i\u00e7in \u00f6zel olarak tasarlanm\u0131\u015f kesim ba\u015fl\u0131klar\u0131 ile profesyonel sonu\u00e7lar elde etmenizi sa\u011flar<\/p>\n","protected":false},"featured_media":49614,"comment_status":"open","ping_status":"closed","template":"","meta":{"_kad_post_transparent":"","_kad_post_title":"","_kad_post_layout":"","_kad_post_sidebar_id":"","_kad_post_content_style":"","_kad_post_vertical_padding":"","_kad_post_feature":"","_kad_post_feature_position":"","_kad_post_header":false,"_kad_post_footer":false,"_kad_post_classname":""},"product_brand":[],"product_cat":[23],"product_tag":[],"class_list":{"0":"post-49615","1":"product","2":"type-product","3":"status-publish","4":"has-post-thumbnail","6":"product_cat-genel","8":"first","9":"instock","10":"purchasable","11":"product-type-simple","12":"entry","13":"content-bg","14":"loop-entry"},"_links":{"self":[{"href":"https:\/\/www.hediyepazar.com\/index.php?rest_route=\/wp\/v2\/product\/49615","targetHints":{"allow":["GET"]}}],"collection":[{"href":"https:\/\/www.hediyepazar.com\/index.php?rest_route=\/wp\/v2\/product"}],"about":[{"href":"https:\/\/www.hediyepazar.com\/index.php?rest_route=\/wp\/v2\/types\/product"}],"replies":[{"embeddable":true,"href":"https:\/\/www.hediyepazar.com\/index.php?rest_route=%2Fwp%2Fv2%2Fcomments&post=49615"}],"wp:featuredmedia":[{"embeddable":true,"href":"https:\/\/www.hediyepazar.com\/index.php?rest_route=\/wp\/v2\/media\/49614"}],"wp:attachment":[{"href":"https:\/\/www.hediyepazar.com\/index.php?rest_route=%2Fwp%2Fv2%2Fmedia&parent=49615"}],"wp:term":[{"taxonomy":"product_brand","embeddable":true,"href":"https:\/\/www.hediyepazar.com\/index.php?rest_route=%2Fwp%2Fv2%2Fproduct_brand&post=49615"},{"taxonomy":"product_cat","embeddable":true,"href":"https:\/\/www.hediyepazar.com\/index.php?rest_route=%2Fwp%2Fv2%2Fproduct_cat&post=49615"},{"taxonomy":"product_tag","embeddable":true,"href":"https:\/\/www.hediyepazar.com\/index.php?rest_route=%2Fwp%2Fv2%2Fproduct_tag&post=49615"}],"curies":[{"name":"wp","href":"https:\/\/api.w.org\/{rel}","templated":true}]}}